CRAN Package Check Results for Package aphylo

Last updated on 2024-02-24 07:51:16 CET.

Flavor Version Tinstall Tcheck Ttotal Status Flags
r-devel-linux-x86_64-debian-clang 0.3-3 94.28 211.03 305.31 NOTE
r-devel-linux-x86_64-debian-gcc 0.3-3 67.49 157.83 225.32 NOTE
r-devel-linux-x86_64-fedora-clang 0.3-3 406.18 NOTE
r-devel-linux-x86_64-fedora-gcc 0.3-3 408.41 NOTE
r-devel-windows-x86_64 0.3-3 62.00 183.00 245.00 OK
r-patched-linux-x86_64 0.3-3 82.45 208.26 290.71 OK
r-release-linux-x86_64 0.3-3 79.00 207.78 286.78 OK
r-release-macos-arm64 0.3-3 127.00 OK
r-release-macos-x86_64 0.3-3 190.00 OK
r-release-windows-x86_64 0.3-3 82.00 241.00 323.00 OK
r-oldrel-macos-arm64 0.3-3 104.00 OK
r-oldrel-windows-x86_64 0.3-3 75.00 229.00 304.00 OK

Check Details

Version: 0.3-3
Check: Rd files
Result: NOTE checkRd: (-1) aphylo-class.Rd:28: Lost braces; missing escapes or markup? 28 | \item{tip.type, node.type}{Integer vectors with values {0,1}. 0 denotes duplication node and 1 speciation node. This is used in \link{LogLike}.} | ^ checkRd: (-1) raphylo.Rd:33: Lost braces; missing escapes or markup? 33 | \item{tip.type, node.type}{Integer vectors with values {0,1}. 0 denotes duplication node and 1 speciation node. This is used in \link{LogLike}.} | ^ checkRd: (-1) sim_fun_on_tree.Rd:24: Lost braces; missing escapes or markup? 24 | \item{tip.type, node.type}{Integer vectors with values {0,1}. 0 denotes duplication node and 1 speciation node. This is used in \link{LogLike}.} | ^ Flavors: r-devel-linux-x86_64-debian-clang, r-devel-linux-x86_64-debian-gcc, r-devel-linux-x86_64-fedora-clang, r-devel-linux-x86_64-fedora-gcc