CRAN Package Check Results for Package apisensr

Last updated on 2022-07-04 06:51:17 CEST.

Flavor Version Tinstall Tcheck Ttotal Status Flags
r-devel-linux-x86_64-debian-clang 0.3.0 15.13 113.58 128.71 NOTE
r-devel-linux-x86_64-debian-gcc 0.3.0 11.31 83.34 94.65 NOTE
r-devel-linux-x86_64-fedora-clang 0.3.0 158.24 NOTE
r-devel-linux-x86_64-fedora-gcc 0.3.0 155.40 NOTE
r-devel-windows-x86_64 0.3.0 24.00 127.00 151.00 NOTE
r-patched-linux-x86_64 0.3.0 14.14 105.81 119.95 NOTE
r-release-linux-x86_64 0.3.0 11.03 105.88 116.91 NOTE
r-release-macos-arm64 0.3.0 44.00 NOTE
r-release-macos-x86_64 0.3.0 70.00 NOTE
r-release-windows-x86_64 0.3.0 26.00 129.00 155.00 NOTE
r-oldrel-macos-arm64 0.3.0 52.00 NOTE
r-oldrel-macos-x86_64 0.3.0 81.00 NOTE
r-oldrel-windows-ix86+x86_64 0.3.0 37.00 149.00 186.00 NOTE

Check Details

Version: 0.3.0
Check: LazyData
Result: NOTE
     'LazyData' is specified without a 'data' directory
Flavors: r-devel-linux-x86_64-debian-clang, r-devel-linux-x86_64-debian-gcc, r-devel-linux-x86_64-fedora-clang, r-devel-linux-x86_64-fedora-gcc, r-devel-windows-x86_64, r-patched-linux-x86_64, r-release-linux-x86_64, r-release-macos-arm64, r-release-macos-x86_64, r-release-windows-x86_64, r-oldrel-macos-arm64, r-oldrel-macos-x86_64, r-oldrel-windows-ix86+x86_64