CRAN Package Check Results for Package aplpack

Last updated on 2015-04-28 06:46:27.

Flavor Version Tinstall Tcheck Ttotal Status Flags
r-devel-linux-x86_64-debian-clang 1.3.0 1.18 42.30 43.48 NOTE
r-devel-linux-x86_64-debian-gcc 1.3.0 1.19 42.55 43.74 NOTE
r-devel-linux-x86_64-fedora-clang 1.3.0 88.66 NOTE
r-devel-linux-x86_64-fedora-gcc 1.3.0 82.42 NOTE
r-devel-osx-x86_64-clang 1.3.0 66.20 NOTE
r-devel-windows-ix86+x86_64 1.3.0 6.00 45.00 51.00 NOTE
r-patched-linux-x86_64 1.3.0 1.13 41.98 43.11 NOTE
r-patched-solaris-sparc 1.3.0 390.70 NOTE
r-patched-solaris-x86 1.3.0 80.40 NOTE
r-release-linux-x86_64 1.3.0 1.12 41.86 42.98 NOTE
r-release-osx-x86_64-mavericks 1.3.0 NOTE
r-release-osx-x86_64-snowleopard 1.3.0 NOTE
r-release-windows-ix86+x86_64 1.3.0 3.00 53.00 56.00 NOTE
r-oldrel-windows-ix86+x86_64 1.3.0 8.00 51.00 59.00 NOTE

Check Details

Version: 1.3.0
Check: dependencies in R code
Result: NOTE
    'library' or 'require' call to ‘tkrplot’ in package code.
     Please use :: or requireNamespace() instead.
     See section 'Suggested packages' in the 'Writing R Extensions' manual.
Flavors: r-devel-linux-x86_64-debian-clang, r-devel-linux-x86_64-debian-gcc, r-devel-linux-x86_64-fedora-clang, r-devel-linux-x86_64-fedora-gcc, r-devel-osx-x86_64-clang, r-devel-windows-ix86+x86_64, r-patched-solaris-sparc, r-patched-solaris-x86, r-release-linux-x86_64, r-release-osx-x86_64-mavericks, r-release-osx-x86_64-snowleopard, r-release-windows-ix86+x86_64, r-oldrel-windows-ix86+x86_64

Version: 1.3.0
Check: S3 generic/method consistency
Result: NOTE
    Found the following apparent S3 methods exported but not registered:
     plot.bagplot plot.faces
    See section ‘Registering S3 methods’ in the ‘Writing R Extensions’
    manual.
Flavors: r-devel-linux-x86_64-debian-clang, r-devel-linux-x86_64-debian-gcc, r-devel-linux-x86_64-fedora-clang, r-devel-linux-x86_64-fedora-gcc, r-devel-osx-x86_64-clang, r-patched-solaris-x86, r-release-linux-x86_64