CRAN Package Check Results for Package aplpack

Last updated on 2015-03-27 15:47:07.

Flavor Version Tinstall Tcheck Ttotal Status Flags
r-devel-linux-x86_64-debian-clang 1.3.0 1.18 42.32 43.50 NOTE
r-devel-linux-x86_64-debian-gcc 1.3.0 1.12 41.49 42.61 NOTE
r-devel-linux-x86_64-fedora-clang 1.3.0 87.16 NOTE
r-devel-linux-x86_64-fedora-gcc 1.3.0 82.88 NOTE
r-devel-osx-x86_64-clang 1.3.0 71.52 NOTE
r-prerel-windows-ix86+x86_64 1.3.0 6.00 50.00 56.00 NOTE
r-prerel-linux-x86_64 1.3.0 1.12 42.17 43.28 NOTE
r-prerel-solaris-sparc 1.3.0 390.70 NOTE
r-prerel-solaris-x86 1.3.0 79.00 NOTE
r-release-linux-x86_64 1.3.0 1.21 44.52 45.73 NOTE
r-release-osx-x86_64-mavericks 1.3.0 OK
r-release-osx-x86_64-snowleopard 1.3.0 OK
r-release-windows-ix86+x86_64 1.3.0 8.00 51.00 59.00 NOTE
r-oldrel-windows-ix86+x86_64 1.3.0 5.00 51.00 56.00 OK

Check Details

Version: 1.3.0
Check: dependencies in R code
Result: NOTE
    'library' or 'require' call to ‘tkrplot’ in package code.
     Please use :: or requireNamespace() instead.
     See section 'Suggested packages' in the 'Writing R Extensions' manual.
Flavors: r-devel-linux-x86_64-debian-clang, r-devel-linux-x86_64-debian-gcc, r-devel-linux-x86_64-fedora-clang, r-devel-linux-x86_64-fedora-gcc, r-devel-osx-x86_64-clang, r-prerel-windows-ix86+x86_64, r-prerel-linux-x86_64, r-prerel-solaris-sparc, r-prerel-solaris-x86, r-release-linux-x86_64, r-release-windows-ix86+x86_64

Version: 1.3.0
Check: S3 generic/method consistency
Result: NOTE
    Found the following apparent S3 methods exported but not registered:
     plot.bagplot plot.faces
    See section ‘Registering S3 methods’ in the ‘Writing R Extensions’
    manual.
Flavors: r-devel-linux-x86_64-debian-clang, r-devel-linux-x86_64-debian-gcc, r-devel-linux-x86_64-fedora-clang, r-devel-linux-x86_64-fedora-gcc, r-devel-osx-x86_64-clang, r-prerel-linux-x86_64