CRAN Package Check Results for Package aplpack

Last updated on 2014-09-01 23:46:36.

Flavor Version Tinstall Tcheck Ttotal Status Flags
r-devel-linux-x86_64-debian-clang 1.2.9 1.28 29.77 31.05 NOTE
r-devel-linux-x86_64-debian-gcc 1.2.9 1.22 29.56 30.78 NOTE
r-devel-linux-x86_64-fedora-clang 1.2.9 84.22 NOTE
r-devel-linux-x86_64-fedora-gcc 1.2.9 81.39 NOTE
r-devel-osx-x86_64-clang 1.2.9 61.78 NOTE
r-devel-windows-ix86+x86_64 1.2.9 4.00 41.00 45.00 NOTE
r-patched-linux-x86_64 1.2.9 1.28 31.67 32.94 NOTE
r-patched-solaris-sparc 1.2.9 377.20 NOTE
r-patched-solaris-x86 1.2.9 107.50 NOTE
r-release-linux-ix86 1.2.9 1.88 43.68 45.56 OK
r-release-linux-x86_64 1.2.9 1.29 31.81 33.10 OK
r-release-osx-x86_64-mavericks 1.2.9 OK
r-release-osx-x86_64-snowleopard 1.2.9 OK
r-release-windows-ix86+x86_64 1.2.9 7.00 45.00 52.00 OK
r-oldrel-windows-ix86+x86_64 1.2.9 4.00 47.00 51.00 OK

Check Details

Version: 1.2.9
Check: dependencies in R code
Result: NOTE
    Package in Depends field not imported from: ‘tcltk’
     These packages need to be imported from (in the NAMESPACE file)
     for when this namespace is loaded but not attached.
    See the information on DESCRIPTION files in the chapter ‘Creating R
    packages’ of the ‘Writing R Extensions’ manual.
Flavors: r-devel-linux-x86_64-debian-clang, r-devel-linux-x86_64-debian-gcc, r-devel-linux-x86_64-fedora-clang, r-devel-linux-x86_64-fedora-gcc, r-devel-osx-x86_64-clang, r-devel-windows-ix86+x86_64, r-patched-linux-x86_64, r-patched-solaris-sparc, r-patched-solaris-x86

Version: 1.2.9
Check: R code for possible problems
Result: NOTE
    gslider: no visible global function definition for ‘tclvalue’
    gslider: no visible global function definition for ‘tktoplevel’
    gslider: no visible global function definition for ‘tkwm.title’
    gslider: no visible global function definition for ‘tkwm.geometry’
    gslider: no visible global function definition for ‘tkframe’
    gslider: no visible global function definition for ‘tkpack’
    gslider: no visible global function definition for ‘tklabel’
    gslider: no visible global function definition for ‘tkscale’
    gslider: no visible global function definition for ‘tkconfigure’
    gslider: no visible global function definition for ‘tkbind’
    gslider: no visible global function definition for ‘tkbutton’
    gslider : <anonymous>: no visible global function definition for
     ‘tkdestroy’
    slider: no visible global function definition for ‘tclvalue’
    slider: no visible global function definition for ‘tktoplevel’
    slider: no visible global function definition for ‘tkwm.title’
    slider: no visible global function definition for ‘tkwm.geometry’
    slider: no visible global function definition for ‘tkpack’
    slider: no visible global function definition for ‘tkframe’
    slider: no visible global function definition for ‘tklabel’
    slider: no visible global function definition for ‘tkscale’
    slider: no visible global function definition for ‘tkconfigure’
    slider: no visible global function definition for ‘tkbind’
    slider: no visible global function definition for ‘tkbutton’
    slider : <anonymous>: no visible global function definition for
     ‘tkdestroy’
    slider.stem.leaf : sp: no visible global function definition for
     ‘tkgetSaveFile’
    spin3R: no visible global function definition for ‘tclVar’
    spin3R: no visible global function definition for ‘tktoplevel’
    spin3R: no visible global function definition for ‘tkwm.geometry’
    spin3R: no visible global function definition for ‘tkframe’
    spin3R: no visible global function definition for ‘tkpack’
    spin3R: no visible global function definition for ‘tkbutton’
    spin3R: no visible global function definition for ‘tklabel’
    spin3R: no visible global function definition for ‘tkbind’
    spin3R : <anonymous>: no visible global function definition for
     ‘tclvalue<-’
    spin3R: no visible global function definition for ‘tkconfigure’
    spin3R: no visible global function definition for ‘tclvalue’
    spin3R: no visible global function definition for ‘tclvalue<-’
    spin3R: no visible global function definition for ‘tkdestroy’
Flavors: r-devel-linux-x86_64-debian-clang, r-devel-linux-x86_64-debian-gcc, r-devel-linux-x86_64-fedora-clang, r-devel-linux-x86_64-fedora-gcc, r-devel-osx-x86_64-clang, r-devel-windows-ix86+x86_64