CRAN Package Check Results for Package aplpack

Last updated on 2015-06-30 04:46:24.

Flavor Version Tinstall Tcheck Ttotal Status Flags
r-devel-linux-x86_64-debian-clang 1.3.0 1.12 41.65 42.76 NOTE
r-devel-linux-x86_64-debian-gcc 1.3.0 1.10 41.38 42.48 NOTE
r-devel-linux-x86_64-fedora-clang 1.3.0 84.98 NOTE
r-devel-linux-x86_64-fedora-gcc 1.3.0 81.76 NOTE
r-devel-osx-x86_64-clang 1.3.0 64.41 NOTE
r-devel-windows-ix86+x86_64 1.3.0 8.00 42.00 50.00 NOTE
r-patched-linux-x86_64 1.3.0 1.26 41.65 42.90 NOTE
r-patched-solaris-sparc 1.3.0 381.50 NOTE
r-patched-solaris-x86 1.3.0 78.90 NOTE
r-release-linux-x86_64 1.3.0 1.13 42.42 43.55 NOTE
r-release-osx-x86_64-mavericks 1.3.0 NOTE
r-release-windows-ix86+x86_64 1.3.0 3.00 53.00 56.00 NOTE
r-oldrel-windows-ix86+x86_64 1.3.0 8.00 51.00 59.00 NOTE

Check Details

Version: 1.3.0
Check: dependencies in R code
Result: NOTE
    'library' or 'require' call to ‘tkrplot’ in package code.
     Please use :: or requireNamespace() instead.
     See section 'Suggested packages' in the 'Writing R Extensions' manual.
Flavors: r-devel-linux-x86_64-debian-clang, r-devel-linux-x86_64-debian-gcc, r-devel-linux-x86_64-fedora-clang, r-devel-linux-x86_64-fedora-gcc, r-devel-osx-x86_64-clang, r-devel-windows-ix86+x86_64, r-patched-linux-x86_64, r-patched-solaris-sparc, r-patched-solaris-x86, r-release-linux-x86_64, r-release-osx-x86_64-mavericks, r-release-windows-ix86+x86_64, r-oldrel-windows-ix86+x86_64

Version: 1.3.0
Check: S3 generic/method consistency
Result: NOTE
    Found the following apparent S3 methods exported but not registered:
     plot.bagplot plot.faces
    See section ‘Registering S3 methods’ in the ‘Writing R Extensions’
    manual.
Flavors: r-devel-linux-x86_64-debian-clang, r-devel-linux-x86_64-debian-gcc, r-devel-linux-x86_64-fedora-clang, r-devel-linux-x86_64-fedora-gcc, r-devel-osx-x86_64-clang, r-patched-linux-x86_64, r-patched-solaris-sparc, r-patched-solaris-x86, r-release-linux-x86_64

Version: 1.3.0
Check: R code for possible problems
Result: NOTE
    bagplot: no visible global function definition for ‘plot’
    bagplot.pairs: no visible global function definition for ‘quantile’
    bagplot.pairs: no visible global function definition for ‘par’
    bagplot.pairs: no visible global function definition for ‘pairs’
    bagplot.pairs: no visible global function definition for ‘mtext’
    boxplot2D: no visible global function definition for ‘plot’
    boxplot2D: no visible global function definition for ‘boxplot.stats’
    boxplot2D: no visible global function definition for ‘quantile’
    boxplot2D: no visible global function definition for ‘median’
    boxplot2D: no visible global function definition for ‘par’
    boxplot2D: no visible global function definition for ‘segments’
    boxplot2D: no visible global function definition for ‘points’
    compute.bagplot : cut.z.pg: no visible global function definition for
     ‘segments’
    compute.bagplot : cut.z.pg: no visible global function definition for
     ‘points’
    compute.bagplot : find.cut.z.pg: no visible global function definition
     for ‘plot’
    compute.bagplot : find.cut.z.pg: no visible global function definition
     for ‘points’
    compute.bagplot : find.cut.z.pg: no visible global function definition
     for ‘lines’
    compute.bagplot : expand.hull: no visible global function definition
     for ‘chull’
    compute.bagplot : <anonymous>: no visible global function definition
     for ‘median’
    compute.bagplot: no visible global function definition for ‘prcomp’
    compute.bagplot: no visible binding for global variable ‘sd’
    compute.bagplot: no visible global function definition for ‘plot’
    compute.bagplot: no visible global function definition for ‘segments’
    compute.bagplot: no visible global function definition for ‘text’
    compute.bagplot: no visible global function definition for ‘chull’
    compute.bagplot: no visible global function definition for ‘rnorm’
    compute.bagplot: no visible global function definition for ‘points’
    compute.bagplot: no visible global function definition for ‘lines’
    faces: no visible global function definition for ‘rainbow’
    faces: no visible global function definition for ‘terrain.colors’
    faces: no visible global function definition for ‘heat.colors’
    faces : spline: no visible global function definition for ‘hist’
    faces : spline: no visible global function definition for ‘points’
    faces: no visible global function definition for ‘par’
    faces: no visible global function definition for ‘plot’
    faces: no visible global function definition for ‘title’
    faces: no visible global function definition for ‘lines’
    faces: no visible global function definition for ‘polygon’
    faces: no visible global function definition for ‘rnorm’
    faces: no visible global function definition for ‘runif’
    faces: no visible global function definition for ‘points’
    faces: no visible global function definition for ‘mtext’
    faces: no visible global function definition for ‘text’
    gslider : newpl: no visible global function definition for ‘plot’
    gslider : newpl: no visible global function definition for ‘text’
    plot.bagplot : cut.z.pg: no visible global function definition for
     ‘segments’
    plot.bagplot : cut.z.pg: no visible global function definition for
     ‘points’
    plot.bagplot : find.cut.z.pg: no visible global function definition for
     ‘plot’
    plot.bagplot : find.cut.z.pg: no visible global function definition for
     ‘points’
    plot.bagplot : find.cut.z.pg: no visible global function definition for
     ‘lines’
    plot.bagplot: no visible global function definition for ‘plot’
    plot.bagplot: no visible global function definition for ‘par’
    plot.bagplot: no visible global function definition for ‘boxplot’
    plot.bagplot: no visible global function definition for ‘segments’
    plot.bagplot: no visible global function definition for ‘points’
    plot.bagplot: no visible global function definition for ‘polygon’
    plot.bagplot: no visible global function definition for ‘text’
    plot.bagplot: no visible global function definition for ‘lines’
    plot.faces: no visible global function definition for ‘rainbow’
    plot.faces: no visible global function definition for ‘terrain.colors’
    plot.faces: no visible global function definition for ‘heat.colors’
    plot.faces : spline: no visible global function definition for ‘hist’
    plot.faces : spline: no visible global function definition for ‘points’
    plot.faces: no visible global function definition for ‘plot’
    plot.faces: no visible global function definition for ‘lines’
    plot.faces: no visible global function definition for ‘polygon’
    plot.faces: no visible global function definition for ‘rnorm’
    plot.faces: no visible global function definition for ‘runif’
    plot.faces: no visible global function definition for ‘points’
    plot.faces: no visible global function definition for ‘text’
    plothulls: no visible global function definition for ‘points’
    plothulls: no visible global function definition for ‘plot’
    plothulls: no visible global function definition for ‘chull’
    plothulls: no visible global function definition for ‘title’
    plothulls: no visible global function definition for ‘polygon’
    plotsummary : plot_single_summary: no visible global function
     definition for ‘is.ts’
    plotsummary : plot_single_summary: no visible global function
     definition for ‘quantile’
    plotsummary : plot_single_summary: no visible global function
     definition for ‘par’
    plotsummary : plot_single_summary: no visible global function
     definition for ‘plot’
    plotsummary : plot_single_summary: no visible global function
     definition for ‘title’
    plotsummary : plot_single_summary: no visible global function
     definition for ‘rug’
    plotsummary : plot_single_summary: no visible global function
     definition for ‘fivenum’
    plotsummary : plot_single_summary: no visible global function
     definition for ‘rect’
    plotsummary : plot_single_summary: no visible global function
     definition for ‘grid’
    plotsummary : plot_single_summary: no visible global function
     definition for ‘segments’
    plotsummary : plot_single_summary: no visible global function
     definition for ‘points’
    plotsummary : plot_single_summary: no visible global function
     definition for ‘density’
    plotsummary : plot_single_summary: no visible global function
     definition for ‘lines’
    plotsummary : plot_single_summary: no visible global function
     definition for ‘boxplot’
    plotsummary: no visible global function definition for ‘plot’
    plotsummary: no visible global function definition for ‘par’
    plotsummary: no visible global function definition for ‘mtext’
    skyline.hist: no visible global function definition for ‘hist’
    skyline.hist: no visible global function definition for ‘plot’
    skyline.hist: no visible global function definition for ‘title’
    skyline.hist: no visible global function definition for ‘par’
    skyline.hist: no visible global function definition for ‘rect’
    skyline.hist: no visible global function definition for ‘rainbow’
    skyline.hist: no visible global function definition for ‘segments’
    skyline.hist: no visible global function definition for ‘points’
    slider.bootstrap.lm.plot: no visible global function definition for
     ‘abline’
    slider.bootstrap.lm.plot: no visible global function definition for
     ‘lm’
    slider.bootstrap.lm.plot : refresh: no visible global function
     definition for ‘abline’
    slider.bootstrap.lm.plot : refresh: no visible global function
     definition for ‘lm’
    slider.bootstrap.lm.plot : refresh: no visible global function
     definition for ‘as.formula’
    slider.bootstrap.lm.plot : refresh: no visible global function
     definition for ‘lines’
    slider.brush.pairs: no visible global function definition for ‘dev.new’
    slider.brush.pairs: no visible global function definition for ‘par’
    slider.brush.pairs: no visible global function definition for ‘text’
    slider.brush.pairs: no visible global function definition for ‘rect’
    slider.brush.pairs : refresh: no visible global function definition for
     ‘par’
    slider.brush.pairs : refresh: no visible global function definition for
     ‘points’
    slider.brush.plot.xy : refresh: no visible global function definition
     for ‘par’
    slider.brush.plot.xy : refresh: no visible global function definition
     for ‘rect’
    slider.brush.plot.xy : refresh: no visible global function definition
     for ‘text’
    slider.brush.plot.xy : refresh: no visible global function definition
     for ‘points’
    slider.brush.plot.xy : reset: no visible global function definition for
     ‘par’
    slider.brush.plot.xy : reset: no visible global function definition for
     ‘rect’
    slider.density: no visible binding for global variable ‘rug’
    slider.density : refresh: no visible global function definition for
     ‘density’
    slider.density : refresh: no visible global function definition for
     ‘title’
    slider.density: no visible global function definition for ‘density’
    slider.hist: no visible binding for global variable ‘rug’
    slider.hist: no visible global function definition for ‘hist’
    slider.lowess.plot : refresh: no visible global function definition for
     ‘lowess’
    slider.lowess.plot : refresh: no visible global function definition for
     ‘lines’
    slider.lowess.plot : refresh: no visible global function definition for
     ‘title’
    slider.smooth.plot.ts: no visible global function definition for
     ‘is.ts’
    slider.smooth.plot.ts: no visible global function definition for ‘time’
    slider.smooth.plot.ts : refresh: no visible global function definition
     for ‘smooth’
    slider.smooth.plot.ts : refresh: no visible global function definition
     for ‘title’
    slider.smooth.plot.ts : refresh: no visible global function definition
     for ‘points’
    slider.split.plot.ts: no visible global function definition for ‘is.ts’
    slider.split.plot.ts: no visible global function definition for ‘time’
    slider.split.plot.ts : refresh: no visible global function definition
     for ‘abline’
    slider.split.plot.ts : refresh: no visible global function definition
     for ‘lm’
    slider.split.plot.ts : refresh: no visible global function definition
     for ‘segments’
    slider.split.plot.ts : refresh: no visible global function definition
     for ‘fivenum’
    slider.split.plot.ts : refresh: no visible global function definition
     for ‘points’
    slider.stem.leaf : repl: no visible global function definition for
     ‘par’
    slider.stem.leaf : repl: no visible global function definition for
     ‘plot’
    slider.stem.leaf : repl: no visible global function definition for
     ‘text’
    slider.stem.leaf : repl: no visible global function definition for
     ‘title’
    slider.stem.leaf : sp: no visible global function definition for ‘par’
    slider.stem.leaf : sp: no visible global function definition for
     ‘dev.copy’
    slider.stem.leaf : sp: no visible binding for global variable
     ‘postscript’
    slider.stem.leaf : sp: no visible global function definition for
     ‘dev.off’
    slider.stem.leaf : sp: no visible binding for global variable ‘jpeg’
    slider.zoom.plot.ts: no visible global function definition for ‘is.ts’
    slider.zoom.plot.ts: no visible global function definition for ‘time’
    slider.zoom.plot.ts : refresh: no visible global function definition
     for ‘par’
    slider.zoom.plot.ts : refresh: no visible global function definition
     for ‘abline’
    slider.zoom.plot.ts : refresh: no visible global function definition
     for ‘lines’
    slider.zoom.plot.ts : refresh: no visible global function definition
     for ‘plot’
    spin3R: no visible global function definition for ‘plot’
    spin3R: no visible global function definition for ‘lines’
    spin3R: no visible global function definition for ‘points’
    stem.leaf: no visible global function definition for ‘find’
    stem.leaf: no visible global function definition for ‘boxplot’
    stem.leaf.backback : stem.leaf: no visible global function definition
     for ‘find’
    stem.leaf.backback : stem.leaf: no visible global function definition
     for ‘boxplot’
    stem.leaf.backback: no visible global function definition for ‘find’
    stem.leaf.backback: no visible global function definition for ‘boxplot’
Flavors: r-devel-linux-x86_64-debian-clang, r-devel-linux-x86_64-debian-gcc