CRAN Package Check Results for Package aplpack

Last updated on 2015-05-26 12:47:09.

Flavor Version Tinstall Tcheck Ttotal Status Flags
r-devel-linux-x86_64-debian-clang 1.3.0 1.18 44.92 46.10 NOTE
r-devel-linux-x86_64-debian-gcc 1.3.0 1.20 41.38 42.58 NOTE
r-devel-linux-x86_64-fedora-clang 1.3.0 86.09 NOTE
r-devel-linux-x86_64-fedora-gcc 1.3.0 85.54 NOTE
r-devel-osx-x86_64-clang 1.3.0 66.67 NOTE
r-devel-windows-ix86+x86_64 1.3.0 6.00 45.00 51.00 NOTE
r-patched-linux-x86_64 1.3.0 1.12 41.72 42.84 NOTE
r-patched-solaris-sparc 1.3.0 381.50 NOTE
r-patched-solaris-x86 1.3.0 81.60 NOTE
r-release-linux-x86_64 1.3.0 1.14 42.65 43.79 NOTE
r-release-osx-x86_64-mavericks 1.3.0 NOTE
r-release-osx-x86_64-snowleopard 1.3.0 NOTE
r-release-windows-ix86+x86_64 1.3.0 3.00 53.00 56.00 NOTE
r-oldrel-windows-ix86+x86_64 1.3.0 8.00 51.00 59.00 NOTE

Check Details

Version: 1.3.0
Check: dependencies in R code
Result: NOTE
    'library' or 'require' call to ‘tkrplot’ in package code.
     Please use :: or requireNamespace() instead.
     See section 'Suggested packages' in the 'Writing R Extensions' manual.
Flavors: r-devel-linux-x86_64-debian-clang, r-devel-linux-x86_64-debian-gcc, r-devel-linux-x86_64-fedora-clang, r-devel-linux-x86_64-fedora-gcc, r-devel-osx-x86_64-clang, r-devel-windows-ix86+x86_64, r-patched-linux-x86_64, r-patched-solaris-sparc, r-patched-solaris-x86, r-release-linux-x86_64, r-release-osx-x86_64-mavericks, r-release-osx-x86_64-snowleopard, r-release-windows-ix86+x86_64, r-oldrel-windows-ix86+x86_64

Version: 1.3.0
Check: S3 generic/method consistency
Result: NOTE
    Found the following apparent S3 methods exported but not registered:
     plot.bagplot plot.faces
    See section ‘Registering S3 methods’ in the ‘Writing R Extensions’
    manual.
Flavors: r-devel-linux-x86_64-debian-clang, r-devel-linux-x86_64-debian-gcc, r-devel-linux-x86_64-fedora-clang, r-devel-linux-x86_64-fedora-gcc, r-devel-osx-x86_64-clang, r-patched-linux-x86_64, r-patched-solaris-sparc, r-patched-solaris-x86, r-release-linux-x86_64