CRAN Package Check Results for Package appell

Last updated on 2017-06-23 04:46:53.

Flavor Version Tinstall Tcheck Ttotal Status Flags
r-devel-linux-x86_64-debian-clang 0.0-4 5.39 11.23 16.62 NOTE
r-devel-linux-x86_64-debian-gcc 0.0-4 6.05 10.86 16.91 NOTE
r-devel-linux-x86_64-fedora-clang 0.0-4 24.82 NOTE
r-devel-linux-x86_64-fedora-gcc 0.0-4 23.54 NOTE
r-devel-windows-ix86+x86_64 0.0-4 29.00 33.00 62.00 OK
r-patched-linux-x86_64 0.0-4 4.08 11.93 16.02 NOTE
r-patched-solaris-sparc 0.0-4 146.60 OK
r-patched-solaris-x86 0.0-4 35.70 OK
r-release-linux-x86_64 0.0-4 4.13 11.36 15.49 NOTE
r-release-windows-ix86+x86_64 0.0-4 28.00 30.00 58.00 OK
r-release-osx-x86_64 0.0-4 OK
r-oldrel-windows-ix86+x86_64 0.0-4 20.00 25.00 45.00 OK
r-oldrel-osx-x86_64 0.0-4 WARN

Check Details

Version: 0.0-4
Check: top-level files
Result: NOTE
    Non-standard file/directory found at top level:
     ‘examples’
Flavors: r-devel-linux-x86_64-debian-clang, r-devel-linux-x86_64-debian-gcc, r-devel-linux-x86_64-fedora-clang, r-devel-linux-x86_64-fedora-gcc, r-patched-linux-x86_64, r-release-linux-x86_64

Version: 0.0-4
Check: compiled code
Result: NOTE
    File ‘appell/libs/appell.so’:
     Found no calls to: ‘R_registerRoutines’, ‘R_useDynamicSymbols’
    
    It is good practice to register native routines and to disable symbol
    search.
    
    See ‘Writing portable packages’ in the ‘Writing R Extensions’ manual.
Flavors: r-devel-linux-x86_64-debian-clang, r-devel-linux-x86_64-debian-gcc, r-devel-linux-x86_64-fedora-clang, r-devel-linux-x86_64-fedora-gcc, r-patched-linux-x86_64, r-release-linux-x86_64

Version: 0.0-4
Check: whether package can be installed
Result: WARN
    Found the following significant warnings:
     Warning: Conversion from REAL(8) to default-kind COMPLEX(4) at (1) might loose precision, consider using the KIND argument
Flavor: r-oldrel-osx-x86_64