CRAN Package Check Results for Package appell

Last updated on 2017-08-20 14:46:42.

Flavor Version Tinstall Tcheck Ttotal Status Flags
r-devel-linux-x86_64-debian-clang 0.0-4 4.34 11.09 15.43 NOTE
r-devel-linux-x86_64-debian-gcc 0.0-4 4.11 10.94 15.05 NOTE
r-devel-linux-x86_64-fedora-clang 0.0-4 24.68 NOTE
r-devel-linux-x86_64-fedora-gcc 0.0-4 23.67 NOTE
r-devel-windows-ix86+x86_64 0.0-4 31.00 32.00 63.00 OK
r-patched-linux-x86_64 0.0-4 4.29 10.79 15.08 NOTE
r-patched-solaris-x86 0.0-4 44.10 OK
r-release-linux-x86_64 0.0-4 4.18 11.03 15.21 NOTE
r-release-windows-ix86+x86_64 0.0-4 29.00 30.00 59.00 OK
r-release-osx-x86_64 0.0-4 OK
r-oldrel-windows-ix86+x86_64 0.0-4 20.00 25.00 45.00 OK
r-oldrel-osx-x86_64 0.0-4 WARN

Check Details

Version: 0.0-4
Check: top-level files
Result: NOTE
    Non-standard file/directory found at top level:
     ‘examples’
Flavors: r-devel-linux-x86_64-debian-clang, r-devel-linux-x86_64-debian-gcc, r-devel-linux-x86_64-fedora-clang, r-devel-linux-x86_64-fedora-gcc, r-patched-linux-x86_64, r-release-linux-x86_64

Version: 0.0-4
Check: compiled code
Result: NOTE
    File ‘appell/libs/appell.so’:
     Found no calls to: ‘R_registerRoutines’, ‘R_useDynamicSymbols’
    
    It is good practice to register native routines and to disable symbol
    search.
    
    See ‘Writing portable packages’ in the ‘Writing R Extensions’ manual.
Flavors: r-devel-linux-x86_64-debian-clang, r-devel-linux-x86_64-debian-gcc, r-devel-linux-x86_64-fedora-clang, r-devel-linux-x86_64-fedora-gcc, r-patched-linux-x86_64, r-release-linux-x86_64

Version: 0.0-4
Check: whether package can be installed
Result: WARN
    Found the following significant warnings:
     Warning: Conversion from REAL(8) to default-kind COMPLEX(4) at (1) might loose precision, consider using the KIND argument
Flavor: r-oldrel-osx-x86_64