CRAN Package Check Results for Package appell

Last updated on 2014-08-20 23:46:33.

Flavor Version Tinstall Tcheck Ttotal Status Flags
r-devel-linux-x86_64-debian-clang 0.0-4 3.68 9.08 12.76 OK
r-devel-linux-x86_64-debian-gcc 0.0-4 3.68 8.47 12.15 OK
r-devel-linux-x86_64-fedora-clang 0.0-4 24.86 NOTE
r-devel-linux-x86_64-fedora-gcc 0.0-4 24.59 NOTE
r-devel-osx-x86_64-clang 0.0-4 28.03 OK
r-devel-windows-ix86+x86_64 0.0-4 23.00 19.00 42.00 OK
r-patched-linux-x86_64 0.0-4 3.77 8.43 12.20 OK
r-patched-solaris-sparc 0.0-4 158.20 OK
r-patched-solaris-x86 0.0-4 36.40 OK
r-release-linux-ix86 0.0-4 5.44 14.96 20.40 OK
r-release-linux-x86_64 0.0-4 3.72 8.79 12.51 OK
r-release-osx-x86_64-mavericks 0.0-4 WARN
r-release-windows-ix86+x86_64 0.0-4 28.00 20.00 48.00 OK
r-oldrel-windows-ix86+x86_64 0.0-4 25.00 20.00 45.00 OK

Check Details

Version: 0.0-4
Check: top-level files
Result: NOTE
    Non-standard file/directory found at top level:
     ‘examples’
Flavors: r-devel-linux-x86_64-fedora-clang, r-devel-linux-x86_64-fedora-gcc

Version: 0.0-4
Check: whether package can be installed
Result: WARNING
    Found the following significant warnings:
     Warning: Conversion from REAL(8) to default-kind COMPLEX(4) at (1) might loose precision, consider using the KIND argument
     Warning: Conversion from REAL(8) to default-kind COMPLEX(4) at (1) might loose precision, consider using the KIND argument
     Warning: Conversion from REAL(8) to default-kind COMPLEX(4) at (1) might loose precision, consider using the KIND argument
     Warning: Conversion from REAL(8) to default-kind COMPLEX(4) at (1) might loose precision, consider using the KIND argument
Flavor: r-release-osx-x86_64-mavericks