CRAN Package Check Results for Package appell

Last updated on 2019-05-21 18:56:18 CEST.

Flavor Version Tinstall Tcheck Ttotal Status Flags
r-devel-linux-x86_64-debian-clang 0.0-4 6.03 16.86 22.89 NOTE
r-devel-linux-x86_64-debian-gcc 0.0-4 5.41 13.80 19.21 NOTE
r-devel-linux-x86_64-fedora-clang 0.0-4 29.76 NOTE
r-devel-linux-x86_64-fedora-gcc 0.0-4 28.46 NOTE
r-devel-windows-ix86+x86_64 0.0-4 203.00 46.00 249.00 OK
r-patched-linux-x86_64 0.0-4 6.20 17.00 23.20 NOTE
r-patched-solaris-x86 0.0-4 62.60 OK
r-release-linux-x86_64 0.0-4 6.55 16.98 23.53 NOTE
r-release-windows-ix86+x86_64 0.0-4 41.00 49.00 90.00 OK
r-release-osx-x86_64 0.0-4 OK
r-oldrel-windows-ix86+x86_64 0.0-4 28.00 31.00 59.00 OK
r-oldrel-osx-x86_64 0.0-4 OK

Check Details

Version: 0.0-4
Check: top-level files
Result: NOTE
    Non-standard file/directory found at top level:
     'examples'
Flavors: r-devel-linux-x86_64-debian-clang, r-devel-linux-x86_64-debian-gcc, r-devel-linux-x86_64-fedora-clang, r-devel-linux-x86_64-fedora-gcc, r-patched-linux-x86_64, r-release-linux-x86_64

Version: 0.0-4
Check: compiled code
Result: NOTE
    File ‘appell/libs/appell.so’:
     Found no calls to: ‘R_registerRoutines’, ‘R_useDynamicSymbols’
    
    It is good practice to register native routines and to disable symbol
    search.
    
    See ‘Writing portable packages’ in the ‘Writing R Extensions’ manual.
Flavors: r-devel-linux-x86_64-fedora-clang, r-devel-linux-x86_64-fedora-gcc