CRAN Package Check Results for Package appell

Last updated on 2016-02-09 10:47:47.

Flavor Version Tinstall Tcheck Ttotal Status Flags
r-devel-linux-x86_64-debian-gcc 0.0-4 4.03 8.40 12.43 NOTE
r-devel-linux-x86_64-fedora-clang 0.0-4 21.18 NOTE
r-devel-linux-x86_64-fedora-gcc 0.0-4 20.05 NOTE
r-devel-osx-x86_64-clang 0.0-4 27.23 OK
r-devel-windows-ix86+x86_64 0.0-4 34.00 35.00 69.00 OK
r-patched-linux-x86_64 0.0-4 3.88 9.13 13.01 NOTE
r-patched-solaris-sparc 0.0-4 133.30 OK
r-patched-solaris-x86 0.0-4 31.60 OK
r-release-linux-x86_64 0.0-4 3.90 8.53 12.43 NOTE
r-release-osx-x86_64-mavericks 0.0-4 WARN
r-release-windows-ix86+x86_64 0.0-4 24.00 21.00 45.00 OK
r-oldrel-windows-ix86+x86_64 0.0-4 28.00 23.00 51.00 OK

Check Details

Version: 0.0-4
Check: top-level files
Result: NOTE
    Non-standard file/directory found at top level:
     ‘examples’
Flavors: r-devel-linux-x86_64-debian-gcc, r-devel-linux-x86_64-fedora-clang, r-devel-linux-x86_64-fedora-gcc, r-patched-linux-x86_64, r-release-linux-x86_64

Version: 0.0-4
Check: whether package can be installed
Result: WARN
    Found the following significant warnings:
     Warning: Conversion from REAL(8) to default-kind COMPLEX(4) at (1) might loose precision, consider using the KIND argument
Flavor: r-release-osx-x86_64-mavericks