CRAN Package Check Results for Package appell

Last updated on 2014-11-20 23:48:26.

Flavor Version Tinstall Tcheck Ttotal Status Flags
r-devel-linux-x86_64-debian-clang 0.0-4 3.83 9.19 13.02 NOTE
r-devel-linux-x86_64-debian-gcc 0.0-4 3.81 9.50 13.30 NOTE
r-devel-linux-x86_64-fedora-clang 0.0-4 26.35 NOTE
r-devel-linux-x86_64-fedora-gcc 0.0-4 25.51 NOTE
r-devel-osx-x86_64-clang 0.0-4 30.15 OK
r-devel-windows-ix86+x86_64 0.0-4 22.00 21.00 43.00 OK
r-patched-linux-x86_64 0.0-4 3.98 9.18 13.16 NOTE
r-patched-solaris-sparc 0.0-4 158.20 OK
r-patched-solaris-x86 0.0-4 37.20 OK
r-release-linux-ix86 0.0-4 4.94 15.00 19.93 OK
r-release-linux-x86_64 0.0-4 3.96 9.45 13.40 NOTE
r-release-osx-x86_64-mavericks 0.0-4 WARN
r-release-windows-ix86+x86_64 0.0-4 24.00 21.00 45.00 OK
r-oldrel-windows-ix86+x86_64 0.0-4 25.00 20.00 45.00 OK

Check Details

Version: 0.0-4
Check: top-level files
Result: NOTE
    Non-standard file/directory found at top level:
     ‘examples’
Flavors: r-devel-linux-x86_64-debian-clang, r-devel-linux-x86_64-debian-gcc, r-devel-linux-x86_64-fedora-clang, r-devel-linux-x86_64-fedora-gcc, r-patched-linux-x86_64, r-release-linux-x86_64

Version: 0.0-4
Check: whether package can be installed
Result: WARN
    Found the following significant warnings:
     Warning: Conversion from REAL(8) to default-kind COMPLEX(4) at (1) might loose precision, consider using the KIND argument
     Warning: Conversion from REAL(8) to default-kind COMPLEX(4) at (1) might loose precision, consider using the KIND argument
     Warning: Conversion from REAL(8) to default-kind COMPLEX(4) at (1) might loose precision, consider using the KIND argument
     Warning: Conversion from REAL(8) to default-kind COMPLEX(4) at (1) might loose precision, consider using the KIND argument
Flavor: r-release-osx-x86_64-mavericks