CRAN Package Check Results for Package appell

Last updated on 2017-01-23 23:52:42.

Flavor Version Tinstall Tcheck Ttotal Status Flags
r-devel-linux-x86_64-debian-clang 0.0-4 4.36 10.45 14.81 NOTE
r-devel-linux-x86_64-debian-gcc 0.0-4 4.16 10.35 14.51 NOTE
r-devel-linux-x86_64-fedora-clang 0.0-4 23.92 NOTE --no-stop-on-test-error
r-devel-linux-x86_64-fedora-gcc 0.0-4 23.19 NOTE --no-stop-on-test-error
r-devel-macos-x86_64-clang 0.0-4 22.88 OK --no-stop-on-test-error
r-devel-windows-ix86+x86_64 0.0-4 21.00 28.00 49.00 OK
r-patched-linux-x86_64 0.0-4 3.74 8.48 12.22 NOTE
r-patched-solaris-sparc 0.0-4 135.40 OK
r-patched-solaris-x86 0.0-4 35.30 OK
r-release-linux-x86_64 0.0-4 3.81 8.81 12.61 NOTE
r-release-osx-x86_64-mavericks 0.0-4 WARN
r-release-windows-ix86+x86_64 0.0-4 20.00 25.00 45.00 OK
r-oldrel-windows-ix86+x86_64 0.0-4 25.00 25.00 50.00 OK

Check Details

Version: 0.0-4
Check: top-level files
Result: NOTE
    Non-standard file/directory found at top level:
     ‘examples’
Flavors: r-devel-linux-x86_64-debian-clang, r-devel-linux-x86_64-debian-gcc, r-patched-linux-x86_64, r-release-linux-x86_64

Version: 0.0-4
Flags: --no-stop-on-test-error
Check: top-level files
Result: NOTE
    Non-standard file/directory found at top level:
     ‘examples’
Flavors: r-devel-linux-x86_64-fedora-clang, r-devel-linux-x86_64-fedora-gcc

Version: 0.0-4
Check: whether package can be installed
Result: WARN
    Found the following significant warnings:
     Warning: Conversion from REAL(8) to default-kind COMPLEX(4) at (1) might loose precision, consider using the KIND argument
Flavor: r-release-osx-x86_64-mavericks