CRAN Package Check Results for Package appell

Last updated on 2015-07-03 09:46:45.

Flavor Version Tinstall Tcheck Ttotal Status Flags
r-devel-linux-x86_64-debian-clang 0.0-4 4.31 8.55 12.86 NOTE
r-devel-linux-x86_64-debian-gcc 0.0-4 3.79 8.18 11.98 NOTE
r-devel-linux-x86_64-fedora-clang 0.0-4 22.78 NOTE
r-devel-linux-x86_64-fedora-gcc 0.0-4 22.04 NOTE
r-devel-osx-x86_64-clang 0.0-4 25.70 OK
r-devel-windows-ix86+x86_64 0.0-4 33.00 19.00 52.00 OK
r-patched-linux-x86_64 0.0-4 3.94 9.26 13.19 NOTE
r-patched-solaris-sparc 0.0-4 148.70 OK
r-patched-solaris-x86 0.0-4 38.30 OK
r-release-linux-x86_64 0.0-4 4.08 8.75 12.84 NOTE
r-release-osx-x86_64-mavericks 0.0-4 WARN
r-release-windows-ix86+x86_64 0.0-4 24.00 20.00 44.00 OK
r-oldrel-windows-ix86+x86_64 0.0-4 28.00 23.00 51.00 OK

Check Details

Version: 0.0-4
Check: top-level files
Result: NOTE
    Non-standard file/directory found at top level:
     ‘examples’
Flavors: r-devel-linux-x86_64-debian-clang, r-devel-linux-x86_64-debian-gcc, r-devel-linux-x86_64-fedora-clang, r-devel-linux-x86_64-fedora-gcc, r-patched-linux-x86_64, r-release-linux-x86_64

Version: 0.0-4
Check: whether package can be installed
Result: WARN
    Found the following significant warnings:
     Warning: Conversion from REAL(8) to default-kind COMPLEX(4) at (1) might loose precision, consider using the KIND argument
Flavor: r-release-osx-x86_64-mavericks