CRAN Package Check Results for Package appell

Last updated on 2014-04-24 15:50:33.

Flavor Version Tinstall Tcheck Ttotal Status Flags
r-devel-linux-x86_64-debian-clang 0.0-4 3.56 9.18 12.74 OK
r-devel-linux-x86_64-debian-gcc 0.0-4 3.65 9.29 12.94 OK
r-devel-linux-x86_64-fedora-clang 0.0-4 25.29 NOTE
r-devel-linux-x86_64-fedora-gcc 0.0-4 24.00 NOTE
r-devel-osx-x86_64-clang 0.0-4 25.27 OK
r-devel-osx-x86_64-gcc 0.0-4 OK
r-devel-windows-ix86+x86_64 0.0-4 23.00 19.00 42.00 OK
r-patched-linux-x86_64 0.0-4 3.55 9.53 13.08 OK
r-patched-solaris-sparc 0.0-4 142.00 OK
r-patched-solaris-x86 0.0-4 41.90 OK
r-release-linux-ix86 0.0-4 6.00 21.00 27.00 OK
r-release-linux-x86_64 0.0-4 3.60 9.55 13.15 OK
r-release-osx-x86_64-mavericks 0.0-4 WARN
r-release-windows-ix86+x86_64 0.0-4 36.00 24.00 60.00 OK
r-oldrel-windows-ix86+x86_64 0.0-4 25.00 20.00 45.00 OK

Check Details

Version: 0.0-4
Check: top-level files
Result: NOTE
    Non-standard file/directory found at top level:
     ‘examples’
Flavors: r-devel-linux-x86_64-fedora-clang, r-devel-linux-x86_64-fedora-gcc

Version: 0.0-4
Check: whether package can be installed
Result: WARNING
    Found the following significant warnings:
     Warning: Conversion from REAL(8) to default-kind COMPLEX(4) at (1) might loose precision, consider using the KIND argument
     Warning: Conversion from REAL(8) to default-kind COMPLEX(4) at (1) might loose precision, consider using the KIND argument
     Warning: Conversion from REAL(8) to default-kind COMPLEX(4) at (1) might loose precision, consider using the KIND argument
     Warning: Conversion from REAL(8) to default-kind COMPLEX(4) at (1) might loose precision, consider using the KIND argument
    See ‘/Builds/CRAN-QA-Simon/packages/mavericks-x86_64/results/3.1/appell.Rcheck/00install.out’ for details.
Flavor: r-release-osx-x86_64-mavericks