CRAN Package Check Results for Package appell

Last updated on 2015-04-28 12:47:16.

Flavor Version Tinstall Tcheck Ttotal Status Flags
r-devel-linux-x86_64-debian-clang 0.0-4 3.77 8.80 12.57 NOTE
r-devel-linux-x86_64-debian-gcc 0.0-4 3.74 8.63 12.37 NOTE
r-devel-linux-x86_64-fedora-clang 0.0-4 25.61 NOTE
r-devel-linux-x86_64-fedora-gcc 0.0-4 22.76 NOTE
r-devel-osx-x86_64-clang 0.0-4 28.02 OK
r-devel-windows-ix86+x86_64 0.0-4 24.00 20.00 44.00 OK
r-patched-linux-x86_64 0.0-4 3.72 9.02 12.74 NOTE
r-patched-solaris-sparc 0.0-4 158.10 OK
r-patched-solaris-x86 0.0-4 36.20 OK
r-release-linux-x86_64 0.0-4 3.99 8.95 12.94 NOTE
r-release-osx-x86_64-mavericks 0.0-4 WARN
r-release-osx-x86_64-snowleopard 0.0-4 OK
r-release-windows-ix86+x86_64 0.0-4 21.00 21.00 42.00 OK
r-oldrel-windows-ix86+x86_64 0.0-4 28.00 23.00 51.00 OK

Check Details

Version: 0.0-4
Check: top-level files
Result: NOTE
    Non-standard file/directory found at top level:
     ‘examples’
Flavors: r-devel-linux-x86_64-debian-clang, r-devel-linux-x86_64-debian-gcc, r-devel-linux-x86_64-fedora-clang, r-devel-linux-x86_64-fedora-gcc, r-patched-linux-x86_64, r-release-linux-x86_64

Version: 0.0-4
Check: whether package can be installed
Result: WARN
    Found the following significant warnings:
     Warning: Conversion from REAL(8) to default-kind COMPLEX(4) at (1) might loose precision, consider using the KIND argument
Flavor: r-release-osx-x86_64-mavericks