CRAN Package Check Results for Package appell

Last updated on 2015-09-01 03:48:47.

Flavor Version Tinstall Tcheck Ttotal Status Flags
r-devel-linux-x86_64-debian-clang 0.0-4 3.75 8.06 11.81 NOTE
r-devel-linux-x86_64-debian-gcc 0.0-4 3.86 8.10 11.96 NOTE
r-devel-linux-x86_64-fedora-clang 0.0-4 23.33 NOTE
r-devel-linux-x86_64-fedora-gcc 0.0-4 21.21 NOTE
r-devel-osx-x86_64-clang 0.0-4 21.75 OK
r-devel-windows-ix86+x86_64 0.0-4 23.00 23.00 46.00 OK
r-patched-linux-x86_64 0.0-4 4.10 8.59 12.69 NOTE
r-patched-solaris-sparc 0.0-4 145.30 OK
r-patched-solaris-x86 0.0-4 38.80 OK
r-release-linux-x86_64 0.0-4 4.07 8.66 12.72 NOTE
r-release-osx-x86_64-mavericks 0.0-4 WARN
r-release-windows-ix86+x86_64 0.0-4 25.00 29.00 54.00 OK
r-oldrel-windows-ix86+x86_64 0.0-4 28.00 23.00 51.00 OK

Check Details

Version: 0.0-4
Check: top-level files
Result: NOTE
    Non-standard file/directory found at top level:
     ‘examples’
Flavors: r-devel-linux-x86_64-debian-clang, r-devel-linux-x86_64-debian-gcc, r-devel-linux-x86_64-fedora-clang, r-devel-linux-x86_64-fedora-gcc, r-patched-linux-x86_64, r-release-linux-x86_64

Version: 0.0-4
Check: whether package can be installed
Result: WARN
    Found the following significant warnings:
     Warning: Conversion from REAL(8) to default-kind COMPLEX(4) at (1) might loose precision, consider using the KIND argument
Flavor: r-release-osx-x86_64-mavericks