CRAN Package Check Results for Package appell

Last updated on 2015-03-03 09:49:29.

Flavor Version Tinstall Tcheck Ttotal Status Flags
r-devel-linux-x86_64-debian-clang 0.0-4 3.90 9.70 13.60 NOTE
r-devel-linux-x86_64-debian-gcc 0.0-4 3.73 8.75 12.48 NOTE
r-devel-linux-x86_64-fedora-clang 0.0-4 25.50 NOTE
r-devel-linux-x86_64-fedora-gcc 0.0-4 23.32 NOTE
r-devel-osx-x86_64-clang 0.0-4 28.15 OK
r-devel-windows-ix86+x86_64 0.0-4 24.00 20.00 44.00 OK
r-patched-linux-x86_64 0.0-4 3.81 9.45 13.26 NOTE
r-patched-solaris-sparc 0.0-4 164.70 OK
r-patched-solaris-x86 0.0-4 38.70 OK
r-release-linux-ix86 0.0-4 5.48 20.28 25.76 NOTE
r-release-linux-x86_64 0.0-4 3.86 9.38 13.23 NOTE
r-release-osx-x86_64-mavericks 0.0-4 WARN
r-release-windows-ix86+x86_64 0.0-4 24.00 21.00 45.00 OK
r-oldrel-windows-ix86+x86_64 0.0-4 25.00 20.00 45.00 OK

Check Details

Version: 0.0-4
Check: top-level files
Result: NOTE
    Non-standard file/directory found at top level:
     ‘examples’
Flavors: r-devel-linux-x86_64-debian-clang, r-devel-linux-x86_64-debian-gcc, r-devel-linux-x86_64-fedora-clang, r-devel-linux-x86_64-fedora-gcc, r-patched-linux-x86_64, r-release-linux-ix86, r-release-linux-x86_64

Version: 0.0-4
Check: whether package can be installed
Result: WARN
    Found the following significant warnings:
     Warning: Conversion from REAL(8) to default-kind COMPLEX(4) at (1) might loose precision, consider using the KIND argument
Flavor: r-release-osx-x86_64-mavericks