CRAN Package Check Results for Package appell

Last updated on 2017-02-20 20:47:37.

Flavor Version Tinstall Tcheck Ttotal Status Flags
r-devel-linux-x86_64-debian-clang 0.0-4 4.35 10.46 14.81 NOTE
r-devel-linux-x86_64-debian-gcc 0.0-4 4.26 10.49 14.74 NOTE
r-devel-linux-x86_64-fedora-clang 0.0-4 24.03 NOTE --no-stop-on-test-error
r-devel-linux-x86_64-fedora-gcc 0.0-4 23.07 NOTE --no-stop-on-test-error
r-devel-macos-x86_64-clang 0.0-4 23.67 NOTE --no-stop-on-test-error
r-devel-windows-ix86+x86_64 0.0-4 20.00 41.00 61.00 OK
r-patched-linux-x86_64 0.0-4 3.85 8.79 12.64 NOTE
r-patched-solaris-sparc 0.0-4 135.40 OK
r-patched-solaris-x86 0.0-4 31.90 OK
r-release-linux-x86_64 0.0-4 4.28 8.83 13.11 NOTE
r-release-osx-x86_64-mavericks 0.0-4 WARN
r-release-windows-ix86+x86_64 0.0-4 20.00 25.00 45.00 OK
r-oldrel-windows-ix86+x86_64 0.0-4 25.00 25.00 50.00 OK

Check Details

Version: 0.0-4
Check: top-level files
Result: NOTE
    Non-standard file/directory found at top level:
     ‘examples’
Flavors: r-devel-linux-x86_64-debian-clang, r-devel-linux-x86_64-debian-gcc, r-patched-linux-x86_64, r-release-linux-x86_64

Version: 0.0-4
Check: compiled code
Result: NOTE
    File ‘appell/libs/appell.so’:
     Found no calls to: ‘R_registerRoutines’, ‘R_useDynamicSymbols’
    
    It is good practice to register native routines and to disable symbol
    search.
    
    See ‘Writing portable packages’ in the ‘Writing R Extensions’ manual.
Flavors: r-devel-linux-x86_64-debian-clang, r-devel-linux-x86_64-debian-gcc

Version: 0.0-4
Flags: --no-stop-on-test-error
Check: top-level files
Result: NOTE
    Non-standard file/directory found at top level:
     ‘examples’
Flavors: r-devel-linux-x86_64-fedora-clang, r-devel-linux-x86_64-fedora-gcc

Version: 0.0-4
Flags: --no-stop-on-test-error
Check: compiled code
Result: NOTE
    File ‘appell/libs/appell.so’:
     Found no calls to: ‘R_registerRoutines’, ‘R_useDynamicSymbols’
    
    It is good practice to register native routines and to disable symbol
    search.
    
    See ‘Writing portable packages’ in the ‘Writing R Extensions’ manual.
Flavors: r-devel-linux-x86_64-fedora-clang, r-devel-linux-x86_64-fedora-gcc, r-devel-macos-x86_64-clang

Version: 0.0-4
Check: whether package can be installed
Result: WARN
    Found the following significant warnings:
     Warning: Conversion from REAL(8) to default-kind COMPLEX(4) at (1) might loose precision, consider using the KIND argument
Flavor: r-release-osx-x86_64-mavericks