CRAN Package Check Results for Package appell

Last updated on 2014-09-24 03:48:49.

Flavor Version Tinstall Tcheck Ttotal Status Flags
r-devel-linux-x86_64-debian-clang 0.0-4 3.86 9.12 12.99 NOTE
r-devel-linux-x86_64-debian-gcc 0.0-4 3.70 9.34 13.04 NOTE
r-devel-linux-x86_64-fedora-clang 0.0-4 24.42 NOTE
r-devel-linux-x86_64-fedora-gcc 0.0-4 23.54 NOTE
r-devel-osx-x86_64-clang 0.0-4 30.88 OK
r-devel-windows-ix86+x86_64 0.0-4 23.00 20.00 43.00 OK
r-patched-linux-x86_64 0.0-4 3.75 8.78 12.53 NOTE
r-patched-solaris-sparc 0.0-4 158.20 OK
r-patched-solaris-x86 0.0-4 40.10 OK
r-release-linux-ix86 0.0-4 5.37 15.01 20.38 OK
r-release-linux-x86_64 0.0-4 3.96 9.23 13.19 NOTE
r-release-osx-x86_64-mavericks 0.0-4 WARN
r-release-windows-ix86+x86_64 0.0-4 28.00 20.00 48.00 OK
r-oldrel-windows-ix86+x86_64 0.0-4 25.00 20.00 45.00 OK

Check Details

Version: 0.0-4
Check: top-level files
Result: NOTE
    Non-standard file/directory found at top level:
     ‘examples’
Flavors: r-devel-linux-x86_64-debian-clang, r-devel-linux-x86_64-debian-gcc, r-devel-linux-x86_64-fedora-clang, r-devel-linux-x86_64-fedora-gcc, r-patched-linux-x86_64, r-release-linux-x86_64

Version: 0.0-4
Check: whether package can be installed
Result: WARN
    Found the following significant warnings:
     Warning: Conversion from REAL(8) to default-kind COMPLEX(4) at (1) might loose precision, consider using the KIND argument
     Warning: Conversion from REAL(8) to default-kind COMPLEX(4) at (1) might loose precision, consider using the KIND argument
     Warning: Conversion from REAL(8) to default-kind COMPLEX(4) at (1) might loose precision, consider using the KIND argument
     Warning: Conversion from REAL(8) to default-kind COMPLEX(4) at (1) might loose precision, consider using the KIND argument
Flavor: r-release-osx-x86_64-mavericks