CRAN Package Check Results for Package appell

Last updated on 2014-10-22 10:47:14.

Flavor Version Tinstall Tcheck Ttotal Status Flags
r-devel-linux-x86_64-debian-clang 0.0-4 3.80 9.47 13.26 NOTE
r-devel-linux-x86_64-debian-gcc 0.0-4 4.14 9.79 13.93 NOTE
r-devel-linux-x86_64-fedora-clang 0.0-4 25.03 NOTE
r-devel-linux-x86_64-fedora-gcc 0.0-4 23.61 NOTE
r-devel-osx-x86_64-clang 0.0-4 29.83 OK
r-devel-windows-ix86+x86_64 0.0-4 24.00 19.00 43.00 OK
r-patched-linux-x86_64 0.0-4 4.03 9.41 13.44 NOTE
r-patched-solaris-sparc 0.0-4 158.20 OK
r-patched-solaris-x86 0.0-4 38.50 OK
r-release-linux-ix86 0.0-4 5.35 14.84 20.19 OK
r-release-linux-x86_64 0.0-4 3.85 9.42 13.27 NOTE
r-release-osx-x86_64-mavericks 0.0-4 WARN
r-release-windows-ix86+x86_64 0.0-4 28.00 20.00 48.00 OK
r-oldrel-windows-ix86+x86_64 0.0-4 25.00 20.00 45.00 OK

Check Details

Version: 0.0-4
Check: top-level files
Result: NOTE
    Non-standard file/directory found at top level:
     ‘examples’
Flavors: r-devel-linux-x86_64-debian-clang, r-devel-linux-x86_64-debian-gcc, r-devel-linux-x86_64-fedora-clang, r-devel-linux-x86_64-fedora-gcc, r-patched-linux-x86_64, r-release-linux-x86_64

Version: 0.0-4
Check: whether package can be installed
Result: WARN
    Found the following significant warnings:
     Warning: Conversion from REAL(8) to default-kind COMPLEX(4) at (1) might loose precision, consider using the KIND argument
     Warning: Conversion from REAL(8) to default-kind COMPLEX(4) at (1) might loose precision, consider using the KIND argument
     Warning: Conversion from REAL(8) to default-kind COMPLEX(4) at (1) might loose precision, consider using the KIND argument
     Warning: Conversion from REAL(8) to default-kind COMPLEX(4) at (1) might loose precision, consider using the KIND argument
Flavor: r-release-osx-x86_64-mavericks