CRAN Package Check Results for Package appell

Last updated on 2014-12-18 11:50:00.

Flavor Version Tinstall Tcheck Ttotal Status Flags
r-devel-linux-x86_64-debian-clang 0.0-4 4.01 9.74 13.76 NOTE
r-devel-linux-x86_64-debian-gcc 0.0-4 3.91 9.10 13.01 NOTE
r-devel-linux-x86_64-fedora-clang 0.0-4 26.74 NOTE
r-devel-linux-x86_64-fedora-gcc 0.0-4 24.76 NOTE
r-devel-osx-x86_64-clang 0.0-4 29.32 OK
r-devel-windows-ix86+x86_64 0.0-4 36.00 25.00 61.00 OK
r-patched-linux-x86_64 0.0-4 3.83 9.64 13.47 NOTE
r-patched-solaris-sparc 0.0-4 158.20 OK
r-patched-solaris-x86 0.0-4 38.20 OK
r-release-linux-ix86 0.0-4 4.96 14.89 19.85 OK
r-release-linux-x86_64 0.0-4 3.99 9.13 13.12 NOTE
r-release-osx-x86_64-mavericks 0.0-4 WARN
r-release-windows-ix86+x86_64 0.0-4 24.00 21.00 45.00 OK
r-oldrel-windows-ix86+x86_64 0.0-4 25.00 20.00 45.00 OK

Check Details

Version: 0.0-4
Check: top-level files
Result: NOTE
    Non-standard file/directory found at top level:
     ‘examples’
Flavors: r-devel-linux-x86_64-debian-clang, r-devel-linux-x86_64-debian-gcc, r-devel-linux-x86_64-fedora-clang, r-devel-linux-x86_64-fedora-gcc, r-patched-linux-x86_64, r-release-linux-x86_64

Version: 0.0-4
Check: whether package can be installed
Result: WARN
    Found the following significant warnings:
     Warning: Conversion from REAL(8) to default-kind COMPLEX(4) at (1) might loose precision, consider using the KIND argument
     Warning: Conversion from REAL(8) to default-kind COMPLEX(4) at (1) might loose precision, consider using the KIND argument
     Warning: Conversion from REAL(8) to default-kind COMPLEX(4) at (1) might loose precision, consider using the KIND argument
     Warning: Conversion from REAL(8) to default-kind COMPLEX(4) at (1) might loose precision, consider using the KIND argument
Flavor: r-release-osx-x86_64-mavericks