CRAN Package Check Results for Package appell

Last updated on 2016-09-25 06:53:03.

Flavor Version Tinstall Tcheck Ttotal Status Flags
r-devel-linux-x86_64-debian-clang 0.0-4 4.11 9.45 13.55 NOTE
r-devel-linux-x86_64-debian-gcc 0.0-4 4.38 9.59 13.97 NOTE
r-devel-linux-x86_64-fedora-clang 0.0-4 21.68 NOTE
r-devel-linux-x86_64-fedora-gcc 0.0-4 20.74 NOTE
r-devel-macos-x86_64-clang 0.0-4 21.10 OK
r-devel-windows-ix86+x86_64 0.0-4 33.00 37.00 70.00 OK
r-patched-linux-x86_64 0.0-4 3.94 9.05 13.00 NOTE
r-patched-solaris-sparc 0.0-4 131.40 OK
r-patched-solaris-x86 0.0-4 33.50 OK
r-release-linux-x86_64 0.0-4 3.86 8.99 12.85 NOTE
r-release-osx-x86_64-mavericks 0.0-4 WARN
r-release-windows-ix86+x86_64 0.0-4 20.00 25.00 45.00 OK
r-oldrel-windows-ix86+x86_64 0.0-4 24.00 21.00 45.00 OK

Check Details

Version: 0.0-4
Check: top-level files
Result: NOTE
    Non-standard file/directory found at top level:
     ‘examples’
Flavors: r-devel-linux-x86_64-debian-clang, r-devel-linux-x86_64-debian-gcc, r-devel-linux-x86_64-fedora-clang, r-devel-linux-x86_64-fedora-gcc, r-patched-linux-x86_64, r-release-linux-x86_64

Version: 0.0-4
Check: whether package can be installed
Result: WARN
    Found the following significant warnings:
     Warning: Conversion from REAL(8) to default-kind COMPLEX(4) at (1) might loose precision, consider using the KIND argument
Flavor: r-release-osx-x86_64-mavericks