CRAN Package Check Results for Package apple

Last updated on 2014-04-17 06:46:45.

Flavor Version Tinstall Tcheck Ttotal Status Flags
r-devel-linux-x86_64-debian-clang 0.3 1.04 16.84 17.88 NOTE
r-devel-linux-x86_64-debian-gcc 0.3 0.98 16.89 17.88 NOTE
r-devel-linux-x86_64-fedora-clang 0.3 36.14 NOTE
r-devel-linux-x86_64-fedora-gcc 0.3 33.83 NOTE
r-devel-macosx-x86_64-clang 0.3 34.36 NOTE
r-devel-macosx-x86_64-gcc 0.3 NOTE
r-devel-windows-ix86+x86_64 0.3 6.00 40.00 46.00 NOTE
r-patched-linux-x86_64 0.3 1.05 17.04 18.09 NOTE
r-patched-solaris-sparc 0.3 232.10 NOTE
r-patched-solaris-x86 0.3 49.90 NOTE
r-release-linux-ix86 0.3 2.00 34.00 36.00 NOTE
r-release-linux-x86_64 0.3 0.98 16.92 17.90 NOTE
r-release-windows-ix86+x86_64 0.3 7.00 37.00 44.00 NOTE
r-oldrel-windows-ix86+x86_64 0.3 6.00 43.00 49.00 NOTE

Check Details

Version: 0.3
Check: dependencies in R code
Result: NOTE
    Package in Depends field not imported from: ‘MASS’
     These packages need to be imported from (in the NAMESPACE file)
     for when this namespace is loaded but not attached.
    See the information on DESCRIPTION files in the chapter ‘Creating R
    packages’ of the ‘Writing R Extensions’ manual.
Flavors: r-devel-linux-x86_64-debian-clang, r-devel-linux-x86_64-debian-gcc, r-devel-linux-x86_64-fedora-clang, r-devel-linux-x86_64-fedora-gcc, r-devel-macosx-x86_64-clang, r-devel-macosx-x86_64-gcc, r-devel-windows-ix86+x86_64, r-patched-linux-x86_64, r-patched-solaris-sparc, r-patched-solaris-x86, r-release-linux-ix86, r-release-linux-x86_64, r-release-windows-ix86+x86_64, r-oldrel-windows-ix86+x86_64

Version: 0.3
Check: Rd files
Result: NOTE
    prepare_Rd: plot.apple.Rd:51-53: Dropping empty section \examples
Flavors: r-devel-linux-x86_64-debian-clang, r-devel-linux-x86_64-debian-gcc, r-devel-linux-x86_64-fedora-clang, r-devel-linux-x86_64-fedora-gcc, r-devel-macosx-x86_64-clang, r-devel-macosx-x86_64-gcc, r-devel-windows-ix86+x86_64, r-patched-linux-x86_64, r-patched-solaris-sparc, r-patched-solaris-x86, r-release-linux-ix86, r-release-linux-x86_64, r-release-windows-ix86+x86_64, r-oldrel-windows-ix86+x86_64