CRAN Package Check Results for Package apple

Last updated on 2015-08-28 17:49:11.

Flavor Version Tinstall Tcheck Ttotal Status Flags
r-devel-linux-x86_64-debian-clang 0.3 0.98 15.50 16.48 NOTE
r-devel-linux-x86_64-debian-gcc 0.3 0.93 15.27 16.20 NOTE
r-devel-linux-x86_64-fedora-clang 0.3 32.29 NOTE
r-devel-linux-x86_64-fedora-gcc 0.3 31.42 NOTE
r-devel-osx-x86_64-clang 0.3 29.56 NOTE
r-devel-windows-ix86+x86_64 0.3 10.00 44.00 54.00 NOTE
r-patched-linux-x86_64 0.3 1.03 16.39 17.42 NOTE
r-patched-solaris-sparc 0.3 237.00 NOTE
r-patched-solaris-x86 0.3 50.50 NOTE
r-release-linux-x86_64 0.3 1.06 16.01 17.07 NOTE
r-release-osx-x86_64-mavericks 0.3 NOTE
r-release-windows-ix86+x86_64 0.3 11.00 49.00 60.00 NOTE
r-oldrel-windows-ix86+x86_64 0.3 10.00 57.00 67.00 NOTE

Check Details

Version: 0.3
Check: DESCRIPTION meta-information
Result: NOTE
    Malformed Description field: should contain one or more complete sentences.
Flavors: r-devel-linux-x86_64-debian-clang, r-devel-linux-x86_64-debian-gcc, r-devel-linux-x86_64-fedora-clang, r-devel-linux-x86_64-fedora-gcc, r-devel-osx-x86_64-clang, r-devel-windows-ix86+x86_64, r-patched-linux-x86_64, r-patched-solaris-sparc, r-patched-solaris-x86, r-release-linux-x86_64, r-release-osx-x86_64-mavericks, r-release-windows-ix86+x86_64

Version: 0.3
Check: dependencies in R code
Result: NOTE
    Package in Depends field not imported from: ‘MASS’
     These packages need to be imported from (in the NAMESPACE file)
     for when this namespace is loaded but not attached.
Flavors: r-devel-linux-x86_64-debian-clang, r-devel-linux-x86_64-debian-gcc, r-devel-linux-x86_64-fedora-clang, r-devel-linux-x86_64-fedora-gcc, r-devel-osx-x86_64-clang, r-devel-windows-ix86+x86_64, r-patched-linux-x86_64, r-patched-solaris-sparc, r-patched-solaris-x86, r-release-linux-x86_64, r-release-osx-x86_64-mavericks, r-release-windows-ix86+x86_64, r-oldrel-windows-ix86+x86_64

Version: 0.3
Check: R code for possible problems
Result: NOTE
    apple: no visible global function definition for ‘ginv’
    apple: no visible global function definition for ‘runif’
    deri: no visible global function definition for ‘ginv’
    logit: no visible global function definition for ‘qlogis’
    plot.apple: no visible global function definition for ‘matplot’
    plot.apple: no visible global function definition for ‘lines’
    y.app: no visible global function definition for ‘ginv’
    Undefined global functions or variables:
     ginv lines matplot qlogis runif
    Consider adding
     importFrom("graphics", "lines", "matplot")
     importFrom("stats", "qlogis", "runif")
    to your NAMESPACE.
Flavors: r-devel-linux-x86_64-debian-clang, r-devel-linux-x86_64-debian-gcc, r-devel-linux-x86_64-fedora-clang, r-devel-linux-x86_64-fedora-gcc, r-devel-windows-ix86+x86_64

Version: 0.3
Check: Rd files
Result: NOTE
    prepare_Rd: plot.apple.Rd:51-53: Dropping empty section \examples
Flavors: r-devel-linux-x86_64-debian-clang, r-devel-linux-x86_64-debian-gcc, r-devel-linux-x86_64-fedora-clang, r-devel-linux-x86_64-fedora-gcc, r-devel-osx-x86_64-clang, r-devel-windows-ix86+x86_64, r-patched-linux-x86_64, r-patched-solaris-sparc, r-patched-solaris-x86, r-release-linux-x86_64, r-release-osx-x86_64-mavericks, r-release-windows-ix86+x86_64, r-oldrel-windows-ix86+x86_64

Version: 0.3
Check: R code for possible problems
Result: NOTE
    apple: no visible global function definition for ‘ginv’
    deri: no visible global function definition for ‘ginv’
    y.app: no visible global function definition for ‘ginv’
    Undefined global functions or variables:
     ginv
Flavor: r-devel-osx-x86_64-clang

Version: 0.3
Check: R code for possible problems
Result: NOTE
    apple: no visible global function definition for ‘ginv’
    deri: no visible global function definition for ‘ginv’
    y.app: no visible global function definition for ‘ginv’
Flavors: r-patched-linux-x86_64, r-patched-solaris-sparc, r-patched-solaris-x86, r-release-linux-x86_64, r-release-osx-x86_64-mavericks, r-release-windows-ix86+x86_64, r-oldrel-windows-ix86+x86_64