CRAN Package Check Results for Package apple

Last updated on 2017-01-23 23:52:42.

Flavor Version Tinstall Tcheck Ttotal Status Flags
r-devel-linux-x86_64-debian-clang 0.3 1.16 18.80 19.96 NOTE
r-devel-linux-x86_64-debian-gcc 0.3 1.18 18.08 19.26 NOTE
r-devel-linux-x86_64-fedora-clang 0.3 34.52 NOTE --no-stop-on-test-error
r-devel-linux-x86_64-fedora-gcc 0.3 31.73 NOTE --no-stop-on-test-error
r-devel-macos-x86_64-clang 0.3 28.25 NOTE --no-stop-on-test-error
r-devel-windows-ix86+x86_64 0.3 5.00 53.00 58.00 NOTE
r-patched-linux-x86_64 0.3 1.09 16.51 17.59 NOTE
r-patched-solaris-sparc 0.3 213.80 NOTE
r-patched-solaris-x86 0.3 42.90 NOTE
r-release-linux-x86_64 0.3 1.12 16.25 17.37 NOTE
r-release-osx-x86_64-mavericks 0.3 NOTE
r-release-windows-ix86+x86_64 0.3 17.00 46.00 63.00 NOTE
r-oldrel-windows-ix86+x86_64 0.3 16.00 60.00 76.00 NOTE

Check Details

Version: 0.3
Check: DESCRIPTION meta-information
Result: NOTE
    Malformed Description field: should contain one or more complete sentences.
Flavors: r-devel-linux-x86_64-debian-clang, r-devel-linux-x86_64-debian-gcc, r-devel-windows-ix86+x86_64, r-patched-linux-x86_64, r-patched-solaris-sparc, r-patched-solaris-x86, r-release-linux-x86_64, r-release-osx-x86_64-mavericks, r-release-windows-ix86+x86_64, r-oldrel-windows-ix86+x86_64

Version: 0.3
Check: dependencies in R code
Result: NOTE
    Package in Depends field not imported from: ‘MASS’
     These packages need to be imported from (in the NAMESPACE file)
     for when this namespace is loaded but not attached.
Flavors: r-devel-linux-x86_64-debian-clang, r-devel-linux-x86_64-debian-gcc, r-devel-windows-ix86+x86_64, r-patched-linux-x86_64, r-patched-solaris-sparc, r-patched-solaris-x86, r-release-linux-x86_64, r-release-osx-x86_64-mavericks, r-release-windows-ix86+x86_64, r-oldrel-windows-ix86+x86_64

Version: 0.3
Check: R code for possible problems
Result: NOTE
    apple: no visible global function definition for ‘ginv’
    apple: no visible global function definition for ‘runif’
    deri: no visible global function definition for ‘ginv’
    logit: no visible global function definition for ‘qlogis’
    plot.apple: no visible global function definition for ‘matplot’
    plot.apple: no visible global function definition for ‘lines’
    y.app: no visible global function definition for ‘ginv’
    Undefined global functions or variables:
     ginv lines matplot qlogis runif
    Consider adding
     importFrom("graphics", "lines", "matplot")
     importFrom("stats", "qlogis", "runif")
    to your NAMESPACE file.
Flavors: r-devel-linux-x86_64-debian-clang, r-devel-linux-x86_64-debian-gcc, r-devel-windows-ix86+x86_64, r-patched-linux-x86_64, r-patched-solaris-sparc, r-patched-solaris-x86, r-release-linux-x86_64, r-release-osx-x86_64-mavericks, r-release-windows-ix86+x86_64

Version: 0.3
Check: Rd files
Result: NOTE
    prepare_Rd: plot.apple.Rd:51-53: Dropping empty section \examples
Flavors: r-devel-linux-x86_64-debian-clang, r-devel-linux-x86_64-debian-gcc, r-devel-windows-ix86+x86_64, r-patched-linux-x86_64, r-patched-solaris-sparc, r-patched-solaris-x86, r-release-linux-x86_64, r-release-osx-x86_64-mavericks, r-release-windows-ix86+x86_64, r-oldrel-windows-ix86+x86_64

Version: 0.3
Flags: --no-stop-on-test-error
Check: DESCRIPTION meta-information
Result: NOTE
    Malformed Description field: should contain one or more complete sentences.
Flavors: r-devel-linux-x86_64-fedora-clang, r-devel-linux-x86_64-fedora-gcc, r-devel-macos-x86_64-clang

Version: 0.3
Flags: --no-stop-on-test-error
Check: dependencies in R code
Result: NOTE
    Package in Depends field not imported from: ‘MASS’
     These packages need to be imported from (in the NAMESPACE file)
     for when this namespace is loaded but not attached.
Flavors: r-devel-linux-x86_64-fedora-clang, r-devel-linux-x86_64-fedora-gcc, r-devel-macos-x86_64-clang

Version: 0.3
Flags: --no-stop-on-test-error
Check: R code for possible problems
Result: NOTE
    apple: no visible global function definition for ‘ginv’
    apple: no visible global function definition for ‘runif’
    deri: no visible global function definition for ‘ginv’
    logit: no visible global function definition for ‘qlogis’
    plot.apple: no visible global function definition for ‘matplot’
    plot.apple: no visible global function definition for ‘lines’
    y.app: no visible global function definition for ‘ginv’
    Undefined global functions or variables:
     ginv lines matplot qlogis runif
    Consider adding
     importFrom("graphics", "lines", "matplot")
     importFrom("stats", "qlogis", "runif")
    to your NAMESPACE file.
Flavors: r-devel-linux-x86_64-fedora-clang, r-devel-linux-x86_64-fedora-gcc, r-devel-macos-x86_64-clang

Version: 0.3
Flags: --no-stop-on-test-error
Check: Rd files
Result: NOTE
    prepare_Rd: plot.apple.Rd:51-53: Dropping empty section \examples
Flavors: r-devel-linux-x86_64-fedora-clang, r-devel-linux-x86_64-fedora-gcc, r-devel-macos-x86_64-clang

Version: 0.3
Check: R code for possible problems
Result: NOTE
    apple: no visible global function definition for 'ginv'
    deri: no visible global function definition for 'ginv'
    y.app: no visible global function definition for 'ginv'
Flavor: r-oldrel-windows-ix86+x86_64