CRAN Package Check Results for Package apple

Last updated on 2016-08-25 21:46:36.

Flavor Version Tinstall Tcheck Ttotal Status Flags
r-devel-linux-x86_64-debian-clang 0.3 1.10 17.40 18.50 NOTE
r-devel-linux-x86_64-debian-gcc 0.3 1.02 16.42 17.44 NOTE
r-devel-linux-x86_64-fedora-clang 0.3 31.73 NOTE
r-devel-linux-x86_64-fedora-gcc 0.3 29.13 NOTE
r-devel-osx-x86_64-clang 0.3 26.18 NOTE
r-devel-windows-ix86+x86_64 0.3 12.00 42.00 54.00 NOTE
r-patched-linux-x86_64 0.3 1.15 16.78 17.93 NOTE
r-patched-solaris-sparc 0.3 206.30 NOTE
r-patched-solaris-x86 0.3 40.00 NOTE
r-release-linux-x86_64 0.3 1.08 16.51 17.59 NOTE
r-release-osx-x86_64-mavericks 0.3 NOTE
r-release-windows-ix86+x86_64 0.3 6.00 44.00 50.00 NOTE
r-oldrel-windows-ix86+x86_64 0.3 7.00 63.00 70.00 NOTE

Check Details

Version: 0.3
Check: DESCRIPTION meta-information
Result: NOTE
    Malformed Description field: should contain one or more complete sentences.
Flavors: r-devel-linux-x86_64-debian-clang, r-devel-linux-x86_64-debian-gcc, r-devel-linux-x86_64-fedora-clang, r-devel-linux-x86_64-fedora-gcc, r-devel-osx-x86_64-clang, r-devel-windows-ix86+x86_64, r-patched-linux-x86_64, r-patched-solaris-sparc, r-patched-solaris-x86, r-release-linux-x86_64, r-release-osx-x86_64-mavericks, r-release-windows-ix86+x86_64, r-oldrel-windows-ix86+x86_64

Version: 0.3
Check: dependencies in R code
Result: NOTE
    Package in Depends field not imported from: ‘MASS’
     These packages need to be imported from (in the NAMESPACE file)
     for when this namespace is loaded but not attached.
Flavors: r-devel-linux-x86_64-debian-clang, r-devel-linux-x86_64-debian-gcc, r-devel-linux-x86_64-fedora-clang, r-devel-linux-x86_64-fedora-gcc, r-devel-osx-x86_64-clang, r-devel-windows-ix86+x86_64, r-patched-linux-x86_64, r-patched-solaris-sparc, r-patched-solaris-x86, r-release-linux-x86_64, r-release-osx-x86_64-mavericks, r-release-windows-ix86+x86_64, r-oldrel-windows-ix86+x86_64

Version: 0.3
Check: R code for possible problems
Result: NOTE
    apple: no visible global function definition for ‘ginv’
    apple: no visible global function definition for ‘runif’
    deri: no visible global function definition for ‘ginv’
    logit: no visible global function definition for ‘qlogis’
    plot.apple: no visible global function definition for ‘matplot’
    plot.apple: no visible global function definition for ‘lines’
    y.app: no visible global function definition for ‘ginv’
    Undefined global functions or variables:
     ginv lines matplot qlogis runif
    Consider adding
     importFrom("graphics", "lines", "matplot")
     importFrom("stats", "qlogis", "runif")
    to your NAMESPACE file.
Flavors: r-devel-linux-x86_64-debian-clang, r-devel-linux-x86_64-debian-gcc, r-devel-linux-x86_64-fedora-clang, r-devel-linux-x86_64-fedora-gcc, r-devel-osx-x86_64-clang, r-devel-windows-ix86+x86_64, r-patched-linux-x86_64, r-patched-solaris-sparc, r-patched-solaris-x86, r-release-linux-x86_64, r-release-osx-x86_64-mavericks, r-release-windows-ix86+x86_64

Version: 0.3
Check: Rd files
Result: NOTE
    prepare_Rd: plot.apple.Rd:51-53: Dropping empty section \examples
Flavors: r-devel-linux-x86_64-debian-clang, r-devel-linux-x86_64-debian-gcc, r-devel-linux-x86_64-fedora-clang, r-devel-linux-x86_64-fedora-gcc, r-devel-osx-x86_64-clang, r-devel-windows-ix86+x86_64, r-patched-linux-x86_64, r-patched-solaris-sparc, r-patched-solaris-x86, r-release-linux-x86_64, r-release-osx-x86_64-mavericks, r-release-windows-ix86+x86_64, r-oldrel-windows-ix86+x86_64

Version: 0.3
Check: R code for possible problems
Result: NOTE
    apple: no visible global function definition for 'ginv'
    deri: no visible global function definition for 'ginv'
    y.app: no visible global function definition for 'ginv'
Flavor: r-oldrel-windows-ix86+x86_64