CRAN Package Check Results for Package apple

Last updated on 2014-11-26 11:48:30.

Flavor Version Tinstall Tcheck Ttotal Status Flags
r-devel-linux-x86_64-debian-clang 0.3 1.02 16.94 17.97 NOTE
r-devel-linux-x86_64-debian-gcc 0.3 1.13 16.72 17.85 NOTE
r-devel-linux-x86_64-fedora-clang 0.3 40.29 NOTE
r-devel-linux-x86_64-fedora-gcc 0.3 35.79 NOTE
r-devel-osx-x86_64-clang 0.3 37.34 NOTE
r-devel-windows-ix86+x86_64 0.3 7.00 40.00 47.00 NOTE
r-patched-linux-x86_64 0.3 1.04 17.46 18.50 NOTE
r-patched-solaris-sparc 0.3 233.70 NOTE
r-patched-solaris-x86 0.3 52.30 NOTE
r-release-linux-ix86 0.3 1.48 26.83 28.30 NOTE
r-release-linux-x86_64 0.3 1.01 17.09 18.10 NOTE
r-release-osx-x86_64-mavericks 0.3 NOTE
r-release-windows-ix86+x86_64 0.3 6.00 42.00 48.00 NOTE
r-oldrel-windows-ix86+x86_64 0.3 7.00 40.00 47.00 NOTE

Check Details

Version: 0.3
Check: dependencies in R code
Result: NOTE
    Package in Depends field not imported from: ‘MASS’
     These packages need to be imported from (in the NAMESPACE file)
     for when this namespace is loaded but not attached.
    See the information on DESCRIPTION files in the chapter ‘Creating R
    packages’ of the ‘Writing R Extensions’ manual.
Flavors: r-devel-linux-x86_64-debian-clang, r-devel-linux-x86_64-debian-gcc, r-devel-linux-x86_64-fedora-clang, r-devel-linux-x86_64-fedora-gcc, r-devel-osx-x86_64-clang, r-devel-windows-ix86+x86_64, r-patched-linux-x86_64, r-patched-solaris-sparc, r-patched-solaris-x86, r-release-linux-ix86, r-release-linux-x86_64, r-release-osx-x86_64-mavericks, r-release-windows-ix86+x86_64, r-oldrel-windows-ix86+x86_64

Version: 0.3
Check: R code for possible problems
Result: NOTE
    apple: no visible global function definition for ‘ginv’
    deri: no visible global function definition for ‘ginv’
    y.app: no visible global function definition for ‘ginv’
Flavors: r-devel-linux-x86_64-debian-clang, r-devel-linux-x86_64-debian-gcc, r-devel-linux-x86_64-fedora-clang, r-devel-linux-x86_64-fedora-gcc, r-devel-osx-x86_64-clang, r-devel-windows-ix86+x86_64, r-patched-linux-x86_64, r-patched-solaris-sparc, r-patched-solaris-x86, r-release-linux-ix86, r-release-linux-x86_64, r-release-windows-ix86+x86_64

Version: 0.3
Check: Rd files
Result: NOTE
    prepare_Rd: plot.apple.Rd:51-53: Dropping empty section \examples
Flavors: r-devel-linux-x86_64-debian-clang, r-devel-linux-x86_64-debian-gcc, r-devel-linux-x86_64-fedora-clang, r-devel-linux-x86_64-fedora-gcc, r-devel-osx-x86_64-clang, r-devel-windows-ix86+x86_64, r-patched-linux-x86_64, r-patched-solaris-sparc, r-patched-solaris-x86, r-release-linux-ix86, r-release-linux-x86_64, r-release-osx-x86_64-mavericks, r-release-windows-ix86+x86_64, r-oldrel-windows-ix86+x86_64