CRAN Package Check Results for Package apple

Last updated on 2015-04-26 03:47:27.

Flavor Version Tinstall Tcheck Ttotal Status Flags
r-devel-linux-x86_64-debian-clang 0.3 1.04 16.14 17.18 NOTE
r-devel-linux-x86_64-debian-gcc 0.3 0.96 16.15 17.11 NOTE
r-devel-linux-x86_64-fedora-clang 0.3 34.38 NOTE
r-devel-linux-x86_64-fedora-gcc 0.3 33.89 NOTE
r-devel-osx-x86_64-clang 0.3 34.90 NOTE
r-devel-windows-ix86+x86_64 0.3 6.00 38.00 44.00 NOTE
r-patched-linux-x86_64 0.3 1.01 15.86 16.87 NOTE
r-patched-solaris-sparc 0.3 248.50 NOTE
r-patched-solaris-x86 0.3 47.80 NOTE
r-release-linux-x86_64 0.3 0.95 16.05 17.00 NOTE
r-release-osx-x86_64-mavericks 0.3 NOTE
r-release-osx-x86_64-snowleopard 0.3 NOTE
r-release-windows-ix86+x86_64 0.3 7.00 39.00 46.00 NOTE
r-oldrel-windows-ix86+x86_64 0.3 5.00 42.00 47.00 NOTE

Check Details

Version: 0.3
Check: DESCRIPTION meta-information
Result: NOTE
    Malformed Description field: should contain one or more complete sentences.
Flavors: r-devel-windows-ix86+x86_64, r-release-windows-ix86+x86_64

Version: 0.3
Check: dependencies in R code
Result: NOTE
    Package in Depends field not imported from: 'MASS'
     These packages need to be imported from (in the NAMESPACE file)
     for when this namespace is loaded but not attached.
Flavors: r-devel-windows-ix86+x86_64, r-release-windows-ix86+x86_64, r-oldrel-windows-ix86+x86_64

Version: 0.3
Check: R code for possible problems
Result: NOTE
    apple: no visible global function definition for 'ginv'
    deri: no visible global function definition for 'ginv'
    y.app: no visible global function definition for 'ginv'
Flavors: r-devel-windows-ix86+x86_64, r-release-windows-ix86+x86_64, r-oldrel-windows-ix86+x86_64

Version: 0.3
Check: Rd files
Result: NOTE
    prepare_Rd: plot.apple.Rd:51-53: Dropping empty section \examples
Flavors: r-devel-windows-ix86+x86_64, r-release-windows-ix86+x86_64, r-oldrel-windows-ix86+x86_64