CRAN Package Check Results for Package apple

Last updated on 2014-08-21 15:47:37.

Flavor Version Tinstall Tcheck Ttotal Status Flags
r-devel-linux-x86_64-debian-clang 0.3 0.96 16.14 17.11 NOTE
r-devel-linux-x86_64-debian-gcc 0.3 1.06 15.85 16.91 NOTE
r-devel-linux-x86_64-fedora-clang 0.3 35.45 NOTE
r-devel-linux-x86_64-fedora-gcc 0.3 33.49 NOTE
r-devel-osx-x86_64-clang 0.3 33.34 NOTE
r-devel-windows-ix86+x86_64 0.3 6.00 39.00 45.00 NOTE
r-patched-linux-x86_64 0.3 1.01 16.24 17.24 NOTE
r-patched-solaris-sparc 0.3 242.90 NOTE
r-patched-solaris-x86 0.3 48.70 NOTE
r-release-linux-ix86 0.3 1.58 26.34 27.92 NOTE
r-release-linux-x86_64 0.3 0.96 16.32 17.29 NOTE
r-release-osx-x86_64-mavericks 0.3 NOTE
r-release-windows-ix86+x86_64 0.3 6.00 37.00 43.00 NOTE
r-oldrel-windows-ix86+x86_64 0.3 6.00 43.00 49.00 NOTE

Check Details

Version: 0.3
Check: dependencies in R code
Result: NOTE
    Package in Depends field not imported from: ‘MASS’
     These packages need to be imported from (in the NAMESPACE file)
     for when this namespace is loaded but not attached.
    See the information on DESCRIPTION files in the chapter ‘Creating R
    packages’ of the ‘Writing R Extensions’ manual.
Flavors: r-devel-linux-x86_64-debian-clang, r-devel-linux-x86_64-debian-gcc, r-devel-linux-x86_64-fedora-clang, r-devel-linux-x86_64-fedora-gcc, r-devel-osx-x86_64-clang, r-devel-windows-ix86+x86_64, r-patched-linux-x86_64, r-patched-solaris-sparc, r-patched-solaris-x86, r-release-linux-ix86, r-release-linux-x86_64, r-release-osx-x86_64-mavericks, r-release-windows-ix86+x86_64, r-oldrel-windows-ix86+x86_64

Version: 0.3
Check: Rd files
Result: NOTE
    prepare_Rd: plot.apple.Rd:51-53: Dropping empty section \examples
Flavors: r-devel-linux-x86_64-debian-clang, r-devel-linux-x86_64-debian-gcc, r-devel-linux-x86_64-fedora-clang, r-devel-linux-x86_64-fedora-gcc, r-devel-osx-x86_64-clang, r-devel-windows-ix86+x86_64, r-patched-linux-x86_64, r-patched-solaris-sparc, r-patched-solaris-x86, r-release-linux-ix86, r-release-linux-x86_64, r-release-osx-x86_64-mavericks, r-release-windows-ix86+x86_64, r-oldrel-windows-ix86+x86_64

Version: 0.3
Check: R code for possible problems
Result: NOTE
    apple: no visible global function definition for ‘ginv’
    deri: no visible global function definition for ‘ginv’
    y.app: no visible global function definition for ‘ginv’
Flavors: r-devel-linux-x86_64-fedora-clang, r-devel-linux-x86_64-fedora-gcc, r-devel-osx-x86_64-clang