CRAN Package Check Results for Package aprof

Last updated on 2024-03-04 22:57:55 CET.

Flavor Version Tinstall Tcheck Ttotal Status Flags
r-devel-linux-x86_64-debian-clang 0.4.1 2.89 22.64 25.53 OK
r-devel-linux-x86_64-debian-gcc 0.4.1 1.79 17.99 19.78 OK
r-devel-linux-x86_64-fedora-clang 0.4.1 31.88 NOTE
r-devel-linux-x86_64-fedora-gcc 0.4.1 32.23 NOTE
r-devel-windows-x86_64 0.4.1 4.00 40.00 44.00 OK
r-patched-linux-x86_64 0.4.1 2.52 22.97 25.49 OK
r-release-linux-x86_64 0.4.1 2.16 22.70 24.86 OK
r-release-macos-arm64 0.4.1 17.00 OK
r-release-macos-x86_64 0.4.1 19.00 OK
r-release-windows-x86_64 0.4.1 6.00 40.00 46.00 OK
r-oldrel-macos-arm64 0.4.1 17.00 NOTE
r-oldrel-windows-x86_64 0.4.1 4.00 43.00 47.00 OK

Check Details

Version: 0.4.1
Check: dependencies in R code
Result: NOTE Namespace in Imports field not imported from: ‘testthat’ All declared Imports should be used. Flavors: r-devel-linux-x86_64-fedora-clang, r-devel-linux-x86_64-fedora-gcc, r-oldrel-macos-arm64