CRAN Package Check Results for Package aprof

Last updated on 2018-09-20 18:46:34 CEST.

Flavor Version Tinstall Tcheck Ttotal Status Flags
r-devel-linux-x86_64-debian-clang 0.4.1 1.46 19.03 20.49 OK
r-devel-linux-x86_64-debian-gcc 0.4.1 1.24 15.28 16.52 OK
r-devel-linux-x86_64-fedora-clang 0.4.1 25.13 NOTE
r-devel-linux-x86_64-fedora-gcc 0.4.1 23.25 NOTE
r-devel-windows-ix86+x86_64 0.4.1 4.00 37.00 41.00 OK
r-patched-linux-x86_64 0.4.1 1.43 17.69 19.12 OK
r-patched-solaris-x86 0.4.1 33.80 NOTE
r-release-linux-x86_64 0.4.1 1.54 17.78 19.32 OK
r-release-windows-ix86+x86_64 0.4.1 4.00 28.00 32.00 OK
r-release-osx-x86_64 0.4.1 NOTE
r-oldrel-windows-ix86+x86_64 0.4.1 2.00 42.00 44.00 OK
r-oldrel-osx-x86_64 0.4.1 NOTE

Check Details

Version: 0.4.1
Check: dependencies in R code
Result: NOTE
    Namespace in Imports field not imported from: ‘testthat’
     All declared Imports should be used.
Flavors: r-devel-linux-x86_64-fedora-clang, r-devel-linux-x86_64-fedora-gcc, r-patched-solaris-x86, r-release-osx-x86_64, r-oldrel-osx-x86_64