CRAN Package Check Results for Package apsrtable

Last updated on 2014-09-16 08:49:39.

Flavor Version Tinstall Tcheck Ttotal Status Flags
r-devel-linux-x86_64-debian-clang 0.8-8 0.76 13.56 14.32 NOTE
r-devel-linux-x86_64-debian-gcc 0.8-8 0.77 13.12 13.90 NOTE
r-devel-linux-x86_64-fedora-clang 0.8-8 28.92 NOTE
r-devel-linux-x86_64-fedora-gcc 0.8-8 28.50 NOTE
r-devel-osx-x86_64-clang 0.8-8 27.68 NOTE
r-devel-windows-ix86+x86_64 0.8-8 2.00 20.00 22.00 NOTE
r-patched-linux-x86_64 0.8-8 0.83 12.60 13.43 NOTE
r-patched-solaris-sparc 0.8-8 176.30 NOTE
r-patched-solaris-x86 0.8-8 38.80 NOTE
r-release-linux-ix86 0.8-8 1.17 20.21 21.38 NOTE
r-release-linux-x86_64 0.8-8 0.88 13.76 14.64 NOTE
r-release-osx-x86_64-mavericks 0.8-8 NOTE
r-release-windows-ix86+x86_64 0.8-8 3.00 21.00 24.00 NOTE
r-oldrel-windows-ix86+x86_64 0.8-8 2.00 22.00 24.00 NOTE

Check Details

Version: 0.8-8
Check: top-level files
Result: NOTE
    Non-standard file/directory found at top level:
     ‘apsrtable-Ex.R’
Flavors: r-devel-linux-x86_64-debian-clang, r-devel-linux-x86_64-debian-gcc, r-devel-linux-x86_64-fedora-clang, r-devel-linux-x86_64-fedora-gcc, r-release-linux-x86_64

Version: 0.8-8
Check: dependencies in R code
Result: NOTE
    Package in Depends field not imported from: ‘methods’
     These packages need to be imported from (in the NAMESPACE file)
     for when this namespace is loaded but not attached.
    See the information on DESCRIPTION files in the chapter ‘Creating R
    packages’ of the ‘Writing R Extensions’ manual.
Flavors: r-devel-linux-x86_64-debian-clang, r-devel-linux-x86_64-debian-gcc, r-devel-linux-x86_64-fedora-clang, r-devel-linux-x86_64-fedora-gcc, r-devel-osx-x86_64-clang, r-devel-windows-ix86+x86_64, r-patched-linux-x86_64, r-patched-solaris-sparc, r-patched-solaris-x86, r-release-linux-ix86, r-release-linux-x86_64, r-release-osx-x86_64-mavericks, r-release-windows-ix86+x86_64, r-oldrel-windows-ix86+x86_64

Version: 0.8-8
Check: R code for possible problems
Result: NOTE
    apsrtableSummary.lrm: no visible binding for global variable ‘est.exp’
    pval.note: no visible binding for global variable ‘se’
    se.note: no visible binding for global variable ‘se’
    se.note: no visible binding for global variable ‘nmodels’
    stars.note: no visible binding for global variable ‘lev’
Flavors: r-devel-linux-x86_64-debian-clang, r-devel-linux-x86_64-debian-gcc, r-devel-linux-x86_64-fedora-clang, r-devel-linux-x86_64-fedora-gcc, r-devel-osx-x86_64-clang, r-devel-windows-ix86+x86_64, r-patched-linux-x86_64, r-patched-solaris-sparc, r-patched-solaris-x86, r-release-linux-ix86, r-release-linux-x86_64, r-release-osx-x86_64-mavericks, r-release-windows-ix86+x86_64, r-oldrel-windows-ix86+x86_64