CRAN Package Check Results for Package apsrtable

Last updated on 2014-10-24 08:49:02.

Flavor Version Tinstall Tcheck Ttotal Status Flags
r-devel-linux-x86_64-debian-clang 0.8-8 0.89 13.54 14.43 NOTE
r-devel-linux-x86_64-debian-gcc 0.8-8 0.78 13.45 14.23 NOTE
r-devel-linux-x86_64-fedora-clang 0.8-8 28.88 NOTE
r-devel-linux-x86_64-fedora-gcc 0.8-8 27.34 NOTE
r-devel-osx-x86_64-clang 0.8-8 29.80 NOTE
r-devel-windows-ix86+x86_64 0.8-8 2.00 20.00 22.00 NOTE
r-patched-linux-x86_64 0.8-8 0.78 13.67 14.45 NOTE
r-patched-solaris-sparc 0.8-8 156.00 NOTE
r-patched-solaris-x86 0.8-8 39.20 NOTE
r-release-linux-ix86 0.8-8 1.17 19.80 20.98 NOTE
r-release-linux-x86_64 0.8-8 0.86 13.67 14.54 NOTE
r-release-osx-x86_64-mavericks 0.8-8 NOTE
r-release-windows-ix86+x86_64 0.8-8 3.00 21.00 24.00 NOTE
r-oldrel-windows-ix86+x86_64 0.8-8 2.00 22.00 24.00 NOTE

Check Details

Version: 0.8-8
Check: top-level files
Result: NOTE
    Non-standard file/directory found at top level:
     ‘apsrtable-Ex.R’
Flavors: r-devel-linux-x86_64-debian-clang, r-devel-linux-x86_64-debian-gcc, r-devel-linux-x86_64-fedora-clang, r-devel-linux-x86_64-fedora-gcc, r-patched-linux-x86_64, r-release-linux-x86_64

Version: 0.8-8
Check: dependencies in R code
Result: NOTE
    Package in Depends field not imported from: ‘methods’
     These packages need to be imported from (in the NAMESPACE file)
     for when this namespace is loaded but not attached.
    See the information on DESCRIPTION files in the chapter ‘Creating R
    packages’ of the ‘Writing R Extensions’ manual.
Flavors: r-devel-linux-x86_64-debian-clang, r-devel-linux-x86_64-debian-gcc, r-devel-linux-x86_64-fedora-clang, r-devel-linux-x86_64-fedora-gcc, r-devel-osx-x86_64-clang, r-devel-windows-ix86+x86_64, r-patched-linux-x86_64, r-patched-solaris-sparc, r-patched-solaris-x86, r-release-linux-ix86, r-release-linux-x86_64, r-release-osx-x86_64-mavericks, r-release-windows-ix86+x86_64, r-oldrel-windows-ix86+x86_64

Version: 0.8-8
Check: R code for possible problems
Result: NOTE
    apsrtableSummary.lrm: no visible binding for global variable ‘est.exp’
    pval.note: no visible binding for global variable ‘se’
    se.note: no visible binding for global variable ‘se’
    se.note: no visible binding for global variable ‘nmodels’
    stars.note: no visible binding for global variable ‘lev’
Flavors: r-devel-linux-x86_64-debian-clang, r-devel-linux-x86_64-debian-gcc, r-devel-linux-x86_64-fedora-clang, r-devel-linux-x86_64-fedora-gcc, r-devel-osx-x86_64-clang, r-devel-windows-ix86+x86_64, r-patched-linux-x86_64, r-patched-solaris-sparc, r-patched-solaris-x86, r-release-linux-ix86, r-release-linux-x86_64, r-release-osx-x86_64-mavericks, r-release-windows-ix86+x86_64, r-oldrel-windows-ix86+x86_64