CRAN Package Check Results for Package apsrtable

Last updated on 2016-12-08 02:48:09.

Flavor Version Tinstall Tcheck Ttotal Status Flags
r-devel-linux-x86_64-debian-clang 0.8-8 0.90 15.86 16.76 NOTE
r-devel-linux-x86_64-debian-gcc 0.8-8 0.92 15.80 16.71 NOTE
r-devel-linux-x86_64-fedora-clang 0.8-8 30.11 NOTE --no-stop-on-test-error
r-devel-linux-x86_64-fedora-gcc 0.8-8 28.81 NOTE --no-stop-on-test-error
r-devel-macos-x86_64-clang 0.8-8 24.28 NOTE
r-devel-windows-ix86+x86_64 0.8-8 6.00 44.00 50.00 NOTE
r-patched-linux-x86_64 0.8-8 0.71 13.41 14.11 NOTE
r-patched-solaris-sparc 0.8-8 143.20 NOTE
r-patched-solaris-x86 0.8-8 31.50 NOTE
r-release-linux-x86_64 0.8-8 0.83 14.25 15.09 NOTE
r-release-osx-x86_64-mavericks 0.8-8 NOTE
r-release-windows-ix86+x86_64 0.8-8 2.00 31.00 33.00 NOTE
r-oldrel-windows-ix86+x86_64 0.8-8 2.00 28.00 30.00 NOTE

Check Details

Version: 0.8-8
Check: top-level files
Result: NOTE
    Non-standard file/directory found at top level:
     ‘apsrtable-Ex.R’
Flavors: r-devel-linux-x86_64-debian-clang, r-devel-linux-x86_64-debian-gcc, r-patched-linux-x86_64, r-release-linux-x86_64

Version: 0.8-8
Check: dependencies in R code
Result: NOTE
    Package in Depends field not imported from: ‘methods’
     These packages need to be imported from (in the NAMESPACE file)
     for when this namespace is loaded but not attached.
Flavors: r-devel-linux-x86_64-debian-clang, r-devel-linux-x86_64-debian-gcc, r-devel-macos-x86_64-clang, r-devel-windows-ix86+x86_64, r-patched-linux-x86_64, r-patched-solaris-sparc, r-patched-solaris-x86, r-release-linux-x86_64, r-release-osx-x86_64-mavericks, r-release-windows-ix86+x86_64, r-oldrel-windows-ix86+x86_64

Version: 0.8-8
Check: R code for possible problems
Result: NOTE
    apsrStars: no visible global function definition for ‘symnum’
    apsrtable : <anonymous>: no visible global function definition for
     ‘coef’
    apsrtable : <anonymous>: no visible global function definition for ‘pt’
    apsrtable : <anonymous>: no visible global function definition for
     ‘pnorm’
    apsrtableSummary.clogit: no visible global function definition for
     ‘coef’
    apsrtableSummary.coxph: no visible global function definition for
     ‘coef’
    apsrtableSummary.gee: no visible global function definition for ‘coef’
    apsrtableSummary.gee: no visible global function definition for ‘pnorm’
    apsrtableSummary.lrm: no visible global function definition for
     ‘pchisq’
    apsrtableSummary.lrm: no visible binding for global variable ‘est.exp’
    apsrtableSummary.negbin: no visible global function definition for
     ‘coef’
    apsrtableSummary.negbin: no visible global function definition for
     ‘pnorm’
    coefPosition : <anonymous>: no visible global function definition for
     ‘coef’
    modelInfo.summary.glm: no visible global function definition for ‘coef’
    modelInfo.summary.tobit: no visible global function definition for
     ‘pchisq’
    orderCoef : <anonymous>: no visible global function definition for
     ‘coef’
    orderCoef: no visible global function definition for ‘coef’
    pval.note: no visible binding for global variable ‘se’
    se.note: no visible binding for global variable ‘se’
    se.note: no visible binding for global variable ‘nmodels’
    stars.note: no visible binding for global variable ‘stars’
    stars.note: no visible binding for global variable ‘lev’
    modelInfo,summary.glm: no visible global function definition for ‘coef’
    modelInfo,summary.negbin: no visible global function definition for
     ‘coef’
    modelInfo,summary.svyglm: no visible global function definition for
     ‘coef’
    modelInfo,summary.tobit: no visible global function definition for
     ‘pchisq’
    Undefined global functions or variables:
     coef est.exp lev nmodels pchisq pnorm pt se stars symnum
    Consider adding
     importFrom("graphics", "stars")
     importFrom("stats", "coef", "pchisq", "pnorm", "pt", "symnum")
    to your NAMESPACE file.
Flavors: r-devel-linux-x86_64-debian-clang, r-devel-linux-x86_64-debian-gcc, r-devel-macos-x86_64-clang, r-devel-windows-ix86+x86_64, r-patched-linux-x86_64, r-patched-solaris-sparc, r-patched-solaris-x86, r-release-linux-x86_64, r-release-osx-x86_64-mavericks, r-release-windows-ix86+x86_64

Version: 0.8-8
Flags: --no-stop-on-test-error
Check: top-level files
Result: NOTE
    Non-standard file/directory found at top level:
     ‘apsrtable-Ex.R’
Flavors: r-devel-linux-x86_64-fedora-clang, r-devel-linux-x86_64-fedora-gcc

Version: 0.8-8
Flags: --no-stop-on-test-error
Check: dependencies in R code
Result: NOTE
    Package in Depends field not imported from: ‘methods’
     These packages need to be imported from (in the NAMESPACE file)
     for when this namespace is loaded but not attached.
Flavors: r-devel-linux-x86_64-fedora-clang, r-devel-linux-x86_64-fedora-gcc

Version: 0.8-8
Flags: --no-stop-on-test-error
Check: R code for possible problems
Result: NOTE
    apsrStars: no visible global function definition for ‘symnum’
    apsrtable : <anonymous>: no visible global function definition for
     ‘coef’
    apsrtable : <anonymous>: no visible global function definition for ‘pt’
    apsrtable : <anonymous>: no visible global function definition for
     ‘pnorm’
    apsrtableSummary.clogit: no visible global function definition for
     ‘coef’
    apsrtableSummary.coxph: no visible global function definition for
     ‘coef’
    apsrtableSummary.gee: no visible global function definition for ‘coef’
    apsrtableSummary.gee: no visible global function definition for ‘pnorm’
    apsrtableSummary.lrm: no visible global function definition for
     ‘pchisq’
    apsrtableSummary.lrm: no visible binding for global variable ‘est.exp’
    apsrtableSummary.negbin: no visible global function definition for
     ‘coef’
    apsrtableSummary.negbin: no visible global function definition for
     ‘pnorm’
    coefPosition : <anonymous>: no visible global function definition for
     ‘coef’
    modelInfo.summary.glm: no visible global function definition for ‘coef’
    modelInfo.summary.tobit: no visible global function definition for
     ‘pchisq’
    orderCoef : <anonymous>: no visible global function definition for
     ‘coef’
    orderCoef: no visible global function definition for ‘coef’
    pval.note: no visible binding for global variable ‘se’
    se.note: no visible binding for global variable ‘se’
    se.note: no visible binding for global variable ‘nmodels’
    stars.note: no visible binding for global variable ‘stars’
    stars.note: no visible binding for global variable ‘lev’
    modelInfo,summary.glm: no visible global function definition for ‘coef’
    modelInfo,summary.negbin: no visible global function definition for
     ‘coef’
    modelInfo,summary.svyglm: no visible global function definition for
     ‘coef’
    modelInfo,summary.tobit: no visible global function definition for
     ‘pchisq’
    Undefined global functions or variables:
     coef est.exp lev nmodels pchisq pnorm pt se stars symnum
    Consider adding
     importFrom("graphics", "stars")
     importFrom("stats", "coef", "pchisq", "pnorm", "pt", "symnum")
    to your NAMESPACE file.
Flavors: r-devel-linux-x86_64-fedora-clang, r-devel-linux-x86_64-fedora-gcc

Version: 0.8-8
Check: R code for possible problems
Result: NOTE
    apsrtableSummary.lrm: no visible binding for global variable 'est.exp'
    pval.note: no visible binding for global variable 'se'
    se.note: no visible binding for global variable 'se'
    se.note: no visible binding for global variable 'nmodels'
    stars.note: no visible binding for global variable 'lev'
Flavor: r-oldrel-windows-ix86+x86_64