CRAN Package Check Results for Package apsrtable

Last updated on 2016-05-31 03:49:37.

Flavor Version Tinstall Tcheck Ttotal Status Flags
r-devel-linux-x86_64-debian-gcc 0.8-8 0.71 13.43 14.14 NOTE
r-devel-linux-x86_64-fedora-clang 0.8-8 25.17 NOTE
r-devel-linux-x86_64-fedora-gcc 0.8-8 22.22 NOTE
r-devel-osx-x86_64-clang 0.8-8 25.75 NOTE
r-devel-windows-ix86+x86_64 0.8-8 3.00 28.00 31.00 NOTE
r-patched-linux-x86_64 0.8-8 0.70 13.16 13.86 NOTE
r-patched-solaris-sparc 0.8-8 142.50 NOTE
r-patched-solaris-x86 0.8-8 32.30 NOTE
r-release-linux-x86_64 0.8-8 0.70 13.06 13.77 NOTE
r-release-osx-x86_64-mavericks 0.8-8 NOTE
r-release-windows-ix86+x86_64 0.8-8 3.00 37.00 40.00 NOTE
r-oldrel-windows-ix86+x86_64 0.8-8 2.00 23.00 25.00 NOTE

Check Details

Version: 0.8-8
Check: top-level files
Result: NOTE
    Non-standard file/directory found at top level:
     ‘apsrtable-Ex.R’
Flavors: r-devel-linux-x86_64-debian-gcc, r-devel-linux-x86_64-fedora-clang, r-devel-linux-x86_64-fedora-gcc, r-patched-linux-x86_64, r-release-linux-x86_64

Version: 0.8-8
Check: dependencies in R code
Result: NOTE
    Package in Depends field not imported from: ‘methods’
     These packages need to be imported from (in the NAMESPACE file)
     for when this namespace is loaded but not attached.
Flavors: r-devel-linux-x86_64-debian-gcc, r-devel-linux-x86_64-fedora-clang, r-devel-linux-x86_64-fedora-gcc, r-devel-osx-x86_64-clang, r-devel-windows-ix86+x86_64, r-patched-linux-x86_64, r-patched-solaris-sparc, r-patched-solaris-x86, r-release-linux-x86_64, r-release-osx-x86_64-mavericks, r-release-windows-ix86+x86_64, r-oldrel-windows-ix86+x86_64

Version: 0.8-8
Check: R code for possible problems
Result: NOTE
    apsrStars: no visible global function definition for ‘symnum’
    apsrtable : <anonymous>: no visible global function definition for
     ‘coef’
    apsrtable : <anonymous>: no visible global function definition for ‘pt’
    apsrtable : <anonymous>: no visible global function definition for
     ‘pnorm’
    apsrtableSummary.clogit: no visible global function definition for
     ‘coef’
    apsrtableSummary.coxph: no visible global function definition for
     ‘coef’
    apsrtableSummary.gee: no visible global function definition for ‘coef’
    apsrtableSummary.gee: no visible global function definition for ‘pnorm’
    apsrtableSummary.lrm: no visible global function definition for
     ‘pchisq’
    apsrtableSummary.lrm: no visible binding for global variable ‘est.exp’
    apsrtableSummary.negbin: no visible global function definition for
     ‘coef’
    apsrtableSummary.negbin: no visible global function definition for
     ‘pnorm’
    coefPosition : <anonymous>: no visible global function definition for
     ‘coef’
    modelInfo.summary.glm: no visible global function definition for ‘coef’
    modelInfo.summary.tobit: no visible global function definition for
     ‘pchisq’
    orderCoef : <anonymous>: no visible global function definition for
     ‘coef’
    orderCoef: no visible global function definition for ‘coef’
    pval.note: no visible binding for global variable ‘se’
    se.note: no visible binding for global variable ‘se’
    se.note: no visible binding for global variable ‘nmodels’
    stars.note: no visible binding for global variable ‘stars’
    stars.note: no visible binding for global variable ‘lev’
    modelInfo,summary.glm: no visible global function definition for ‘coef’
    modelInfo,summary.negbin: no visible global function definition for
     ‘coef’
    modelInfo,summary.svyglm: no visible global function definition for
     ‘coef’
    modelInfo,summary.tobit: no visible global function definition for
     ‘pchisq’
    Undefined global functions or variables:
     coef est.exp lev nmodels pchisq pnorm pt se stars symnum
    Consider adding
     importFrom("graphics", "stars")
     importFrom("stats", "coef", "pchisq", "pnorm", "pt", "symnum")
    to your NAMESPACE file.
Flavors: r-devel-linux-x86_64-debian-gcc, r-devel-linux-x86_64-fedora-clang, r-devel-linux-x86_64-fedora-gcc, r-devel-osx-x86_64-clang, r-devel-windows-ix86+x86_64, r-patched-linux-x86_64, r-patched-solaris-sparc, r-patched-solaris-x86, r-release-linux-x86_64, r-release-osx-x86_64-mavericks, r-release-windows-ix86+x86_64

Version: 0.8-8
Check: R code for possible problems
Result: NOTE
    apsrtableSummary.lrm: no visible binding for global variable 'est.exp'
    pval.note: no visible binding for global variable 'se'
    se.note: no visible binding for global variable 'se'
    se.note: no visible binding for global variable 'nmodels'
    stars.note: no visible binding for global variable 'lev'
Flavor: r-oldrel-windows-ix86+x86_64