CRAN Package Check Results for Package apsrtable

Last updated on 2017-09-22 19:46:39.

Flavor Version Tinstall Tcheck Ttotal Status Flags
r-devel-linux-x86_64-debian-clang 0.8-8 0.93 16.35 17.28 NOTE
r-devel-linux-x86_64-debian-gcc 0.8-8 0.86 16.03 16.89 NOTE
r-devel-linux-x86_64-fedora-clang 0.8-8 29.41 NOTE
r-devel-linux-x86_64-fedora-gcc 0.8-8 28.05 NOTE
r-devel-windows-ix86+x86_64 0.8-8 3.00 33.00 36.00 NOTE
r-patched-linux-x86_64 0.8-8 1.02 15.93 16.96 NOTE
r-patched-solaris-x86 0.8-8 38.40 NOTE
r-release-linux-x86_64 0.8-8 0.92 16.25 17.18 NOTE
r-release-windows-ix86+x86_64 0.8-8 3.00 33.00 36.00 NOTE
r-release-osx-x86_64 0.8-8 NOTE
r-oldrel-windows-ix86+x86_64 0.8-8 2.00 31.00 33.00 NOTE
r-oldrel-osx-x86_64 0.8-8 NOTE

Check Details

Version: 0.8-8
Check: top-level files
Result: NOTE
    Non-standard file/directory found at top level:
     ‘apsrtable-Ex.R’
Flavors: r-devel-linux-x86_64-debian-clang, r-devel-linux-x86_64-debian-gcc, r-devel-linux-x86_64-fedora-clang, r-devel-linux-x86_64-fedora-gcc, r-patched-linux-x86_64, r-release-linux-x86_64

Version: 0.8-8
Check: dependencies in R code
Result: NOTE
    Package in Depends field not imported from: ‘methods’
     These packages need to be imported from (in the NAMESPACE file)
     for when this namespace is loaded but not attached.
Flavors: r-devel-linux-x86_64-debian-clang, r-devel-linux-x86_64-debian-gcc, r-devel-linux-x86_64-fedora-clang, r-devel-linux-x86_64-fedora-gcc, r-devel-windows-ix86+x86_64, r-patched-linux-x86_64, r-patched-solaris-x86, r-release-linux-x86_64, r-release-windows-ix86+x86_64, r-release-osx-x86_64, r-oldrel-windows-ix86+x86_64, r-oldrel-osx-x86_64

Version: 0.8-8
Check: R code for possible problems
Result: NOTE
    apsrStars: no visible global function definition for ‘symnum’
    apsrtable : <anonymous>: no visible global function definition for
     ‘coef’
    apsrtable : <anonymous>: no visible global function definition for ‘pt’
    apsrtable : <anonymous>: no visible global function definition for
     ‘pnorm’
    apsrtableSummary.clogit: no visible global function definition for
     ‘coef’
    apsrtableSummary.coxph: no visible global function definition for
     ‘coef’
    apsrtableSummary.gee: no visible global function definition for ‘coef’
    apsrtableSummary.gee: no visible global function definition for ‘pnorm’
    apsrtableSummary.lrm: no visible global function definition for
     ‘pchisq’
    apsrtableSummary.lrm: no visible binding for global variable ‘est.exp’
    apsrtableSummary.negbin: no visible global function definition for
     ‘coef’
    apsrtableSummary.negbin: no visible global function definition for
     ‘pnorm’
    coefPosition : <anonymous>: no visible global function definition for
     ‘coef’
    modelInfo.summary.glm: no visible global function definition for ‘coef’
    modelInfo.summary.tobit: no visible global function definition for
     ‘pchisq’
    orderCoef : <anonymous>: no visible global function definition for
     ‘coef’
    orderCoef: no visible global function definition for ‘coef’
    pval.note: no visible binding for global variable ‘se’
    se.note: no visible binding for global variable ‘se’
    se.note: no visible binding for global variable ‘nmodels’
    stars.note: no visible binding for global variable ‘stars’
    stars.note: no visible binding for global variable ‘lev’
    modelInfo,summary.glm: no visible global function definition for ‘coef’
    modelInfo,summary.negbin: no visible global function definition for
     ‘coef’
    modelInfo,summary.svyglm: no visible global function definition for
     ‘coef’
    modelInfo,summary.tobit: no visible global function definition for
     ‘pchisq’
    Undefined global functions or variables:
     coef est.exp lev nmodels pchisq pnorm pt se stars symnum
    Consider adding
     importFrom("graphics", "stars")
     importFrom("stats", "coef", "pchisq", "pnorm", "pt", "symnum")
    to your NAMESPACE file.
Flavors: r-devel-linux-x86_64-debian-clang, r-devel-linux-x86_64-debian-gcc, r-devel-linux-x86_64-fedora-clang, r-devel-linux-x86_64-fedora-gcc, r-devel-windows-ix86+x86_64, r-patched-linux-x86_64, r-patched-solaris-x86, r-release-linux-x86_64, r-release-windows-ix86+x86_64, r-release-osx-x86_64, r-oldrel-windows-ix86+x86_64, r-oldrel-osx-x86_64