CRAN Package Check Results for Package apsrtable

Last updated on 2015-05-22 11:47:51.

Flavor Version Tinstall Tcheck Ttotal Status Flags
r-devel-linux-x86_64-debian-clang 0.8-8 0.86 13.64 14.51 NOTE
r-devel-linux-x86_64-debian-gcc 0.8-8 0.74 12.80 13.54 NOTE
r-devel-linux-x86_64-fedora-clang 0.8-8 27.43 NOTE
r-devel-linux-x86_64-fedora-gcc 0.8-8 26.67 NOTE
r-devel-osx-x86_64-clang 0.8-8 27.98 NOTE
r-devel-windows-ix86+x86_64 0.8-8 3.00 23.00 26.00 NOTE
r-patched-linux-x86_64 0.8-8 0.70 12.85 13.56 NOTE
r-patched-solaris-sparc 0.8-8 167.40 NOTE
r-patched-solaris-x86 0.8-8 35.40 NOTE
r-release-linux-x86_64 0.8-8 0.71 12.86 13.57 NOTE
r-release-osx-x86_64-mavericks 0.8-8 NOTE
r-release-osx-x86_64-snowleopard 0.8-8 NOTE
r-release-windows-ix86+x86_64 0.8-8 2.00 24.00 26.00 NOTE
r-oldrel-windows-ix86+x86_64 0.8-8 3.00 25.00 28.00 NOTE

Check Details

Version: 0.8-8
Check: top-level files
Result: NOTE
    Non-standard file/directory found at top level:
     ‘apsrtable-Ex.R’
Flavors: r-devel-linux-x86_64-debian-clang, r-devel-linux-x86_64-debian-gcc, r-devel-linux-x86_64-fedora-clang, r-devel-linux-x86_64-fedora-gcc, r-patched-linux-x86_64, r-release-linux-x86_64

Version: 0.8-8
Check: dependencies in R code
Result: NOTE
    Package in Depends field not imported from: ‘methods’
     These packages need to be imported from (in the NAMESPACE file)
     for when this namespace is loaded but not attached.
Flavors: r-devel-linux-x86_64-debian-clang, r-devel-linux-x86_64-debian-gcc, r-devel-linux-x86_64-fedora-clang, r-devel-linux-x86_64-fedora-gcc, r-devel-osx-x86_64-clang, r-devel-windows-ix86+x86_64, r-patched-linux-x86_64, r-patched-solaris-sparc, r-patched-solaris-x86, r-release-linux-x86_64, r-release-osx-x86_64-mavericks, r-release-osx-x86_64-snowleopard, r-release-windows-ix86+x86_64, r-oldrel-windows-ix86+x86_64

Version: 0.8-8
Check: R code for possible problems
Result: NOTE
    apsrtableSummary.lrm: no visible binding for global variable ‘est.exp’
    pval.note: no visible binding for global variable ‘se’
    se.note: no visible binding for global variable ‘se’
    se.note: no visible binding for global variable ‘nmodels’
    stars.note: no visible binding for global variable ‘lev’
Flavors: r-devel-linux-x86_64-debian-clang, r-devel-linux-x86_64-debian-gcc, r-devel-linux-x86_64-fedora-clang, r-devel-linux-x86_64-fedora-gcc, r-devel-osx-x86_64-clang, r-devel-windows-ix86+x86_64, r-patched-linux-x86_64, r-patched-solaris-sparc, r-patched-solaris-x86, r-release-linux-x86_64, r-release-osx-x86_64-mavericks, r-release-osx-x86_64-snowleopard, r-release-windows-ix86+x86_64, r-oldrel-windows-ix86+x86_64

Version: 0.8-8
Check: Rd cross-references
Result: NOTE
    Packages unavailable to check Rd xrefs: ‘AER’, ‘survey’
Flavor: r-release-osx-x86_64-snowleopard