CRAN Package Check Results for Package apsrtable

Last updated on 2015-08-27 22:48:42.

Flavor Version Tinstall Tcheck Ttotal Status Flags
r-devel-linux-x86_64-debian-clang 0.8-8 0.69 12.90 13.58 NOTE
r-devel-linux-x86_64-debian-gcc 0.8-8 0.66 12.54 13.20 NOTE
r-devel-linux-x86_64-fedora-clang 0.8-8 26.01 NOTE
r-devel-linux-x86_64-fedora-gcc 0.8-8 24.16 NOTE
r-devel-osx-x86_64-clang 0.8-8 23.14 NOTE
r-devel-windows-ix86+x86_64 0.8-8 3.00 35.00 38.00 NOTE
r-patched-linux-x86_64 0.8-8 0.71 13.25 13.96 NOTE
r-patched-solaris-sparc 0.8-8 165.50 NOTE
r-patched-solaris-x86 0.8-8 37.10 NOTE
r-release-linux-x86_64 0.8-8 0.76 12.94 13.70 NOTE
r-release-osx-x86_64-mavericks 0.8-8 NOTE
r-release-windows-ix86+x86_64 0.8-8 3.00 30.00 33.00 NOTE
r-oldrel-windows-ix86+x86_64 0.8-8 3.00 25.00 28.00 NOTE

Check Details

Version: 0.8-8
Check: top-level files
Result: NOTE
    Non-standard file/directory found at top level:
     ‘apsrtable-Ex.R’
Flavors: r-devel-linux-x86_64-debian-clang, r-devel-linux-x86_64-debian-gcc, r-devel-linux-x86_64-fedora-clang, r-devel-linux-x86_64-fedora-gcc, r-patched-linux-x86_64, r-release-linux-x86_64

Version: 0.8-8
Check: dependencies in R code
Result: NOTE
    Package in Depends field not imported from: ‘methods’
     These packages need to be imported from (in the NAMESPACE file)
     for when this namespace is loaded but not attached.
Flavors: r-devel-linux-x86_64-debian-clang, r-devel-linux-x86_64-debian-gcc, r-devel-linux-x86_64-fedora-clang, r-devel-linux-x86_64-fedora-gcc, r-devel-osx-x86_64-clang, r-devel-windows-ix86+x86_64, r-patched-linux-x86_64, r-patched-solaris-sparc, r-patched-solaris-x86, r-release-linux-x86_64, r-release-osx-x86_64-mavericks, r-release-windows-ix86+x86_64, r-oldrel-windows-ix86+x86_64

Version: 0.8-8
Check: R code for possible problems
Result: NOTE
    apsrStars: no visible global function definition for ‘symnum’
    apsrtable : <anonymous>: no visible global function definition for
     ‘coef’
    apsrtable : <anonymous>: no visible global function definition for ‘pt’
    apsrtable : <anonymous>: no visible global function definition for
     ‘pnorm’
    apsrtableSummary.clogit: no visible global function definition for
     ‘coef’
    apsrtableSummary.coxph: no visible global function definition for
     ‘coef’
    apsrtableSummary.gee: no visible global function definition for ‘coef’
    apsrtableSummary.gee: no visible global function definition for ‘pnorm’
    apsrtableSummary.lrm: no visible global function definition for
     ‘pchisq’
    apsrtableSummary.lrm: no visible binding for global variable ‘est.exp’
    apsrtableSummary.negbin: no visible global function definition for
     ‘coef’
    apsrtableSummary.negbin: no visible global function definition for
     ‘pnorm’
    coefPosition : <anonymous>: no visible global function definition for
     ‘coef’
    modelInfo.summary.glm: no visible global function definition for ‘coef’
    modelInfo.summary.tobit: no visible global function definition for
     ‘pchisq’
    orderCoef : <anonymous>: no visible global function definition for
     ‘coef’
    orderCoef: no visible global function definition for ‘coef’
    pval.note: no visible binding for global variable ‘se’
    se.note: no visible binding for global variable ‘se’
    se.note: no visible binding for global variable ‘nmodels’
    stars.note: no visible binding for global variable ‘stars’
    stars.note: no visible binding for global variable ‘lev’
    modelInfo,summary.glm: no visible global function definition for ‘coef’
    modelInfo,summary.negbin: no visible global function definition for
     ‘coef’
    modelInfo,summary.svyglm: no visible global function definition for
     ‘coef’
    modelInfo,summary.tobit: no visible global function definition for
     ‘pchisq’
    Undefined global functions or variables:
     coef est.exp lev nmodels pchisq pnorm pt se stars symnum
    Consider adding
     importFrom("graphics", "stars")
     importFrom("stats", "coef", "pchisq", "pnorm", "pt", "symnum")
    to your NAMESPACE.
Flavors: r-devel-linux-x86_64-debian-clang, r-devel-linux-x86_64-debian-gcc, r-devel-linux-x86_64-fedora-clang, r-devel-linux-x86_64-fedora-gcc, r-devel-windows-ix86+x86_64

Version: 0.8-8
Check: R code for possible problems
Result: NOTE
    apsrtableSummary.lrm: no visible binding for global variable ‘est.exp’
    pval.note: no visible binding for global variable ‘se’
    se.note: no visible binding for global variable ‘se’
    se.note: no visible binding for global variable ‘nmodels’
    stars.note: no visible binding for global variable ‘lev’
    Undefined global functions or variables:
     est.exp lev nmodels se
Flavor: r-devel-osx-x86_64-clang

Version: 0.8-8
Check: R code for possible problems
Result: NOTE
    apsrtableSummary.lrm: no visible binding for global variable ‘est.exp’
    pval.note: no visible binding for global variable ‘se’
    se.note: no visible binding for global variable ‘se’
    se.note: no visible binding for global variable ‘nmodels’
    stars.note: no visible binding for global variable ‘lev’
Flavors: r-patched-linux-x86_64, r-patched-solaris-sparc, r-patched-solaris-x86, r-release-linux-x86_64, r-release-osx-x86_64-mavericks, r-release-windows-ix86+x86_64, r-oldrel-windows-ix86+x86_64