CRAN Package Check Results for Package apt

Last updated on 2014-07-23 11:49:35.

Flavor Version Tinstall Tcheck Ttotal Status Flags
r-devel-linux-x86_64-debian-clang 2.1 4.64 61.44 66.08 OK
r-devel-linux-x86_64-debian-gcc 2.1 4.58 58.97 63.55 OK
r-devel-linux-x86_64-fedora-clang 2.1 159.13 OK
r-devel-linux-x86_64-fedora-gcc 2.1 153.94 OK
r-devel-osx-x86_64-clang 2.1 127.76 OK
r-devel-windows-ix86+x86_64 2.1 17.00 91.00 108.00 OK
r-patched-linux-x86_64 2.1 4.79 60.84 65.63 OK
r-patched-solaris-sparc 2.1 765.80 OK
r-patched-solaris-x86 2.1 192.30 OK
r-release-linux-ix86 2.1 5.51 75.12 80.64 OK
r-release-linux-x86_64 2.1 6.02 60.92 66.94 OK
r-release-osx-x86_64-mavericks 2.1 NOTE
r-release-osx-x86_64-snowleopard 2.1 OK
r-release-windows-ix86+x86_64 2.1 14.00 94.00 108.00 OK
r-oldrel-windows-ix86+x86_64 2.1 17.00 90.00 107.00 OK

Check Details

Version: 2.1
Check: re-building of vignette outputs
Result: NOTE
    Error in re-building vignettes:
     ...
    Loading required package: erer
    Loading required package: lmtest
    Loading required package: zoo
    
    Attaching package: ‘zoo’
    
    The following objects are masked from ‘package:base’:
    
     as.Date, as.Date.numeric
    
    Loading required package: urca
    Error in texi2dvi(file = file, pdf = TRUE, clean = clean, quiet = quiet, :
     Running 'texi2dvi' on 'apt.tex' failed.
    LaTeX errors:
    ! LaTeX Error: File `a4wide.sty' not found.
    
    Type X to quit or <RETURN> to proceed,
    or enter new name. (Default extension: sty)
    
    t/apt/vignettes/apt.tex:10: ==> Fatal error occurred, no output PDF file produ
    ced!
    Calls: buildVignettes -> texi2pdf -> texi2dvi
    Execution halted
Flavor: r-release-osx-x86_64-mavericks