CRAN Package Check Results for Package apt

Last updated on 2014-09-18 14:46:48.

Flavor Version Tinstall Tcheck Ttotal Status Flags
r-devel-linux-x86_64-debian-clang 2.2 5.98 76.55 82.53 OK
r-devel-linux-x86_64-debian-gcc 2.2 5.83 74.90 80.73 OK
r-devel-linux-x86_64-fedora-clang 2.2 205.06 OK
r-devel-linux-x86_64-fedora-gcc 2.2 203.38 OK
r-devel-osx-x86_64-clang 2.2 155.14 OK
r-devel-windows-ix86+x86_64 2.2 19.00 115.00 134.00 OK
r-patched-linux-x86_64 2.2 6.42 80.44 86.86 OK
r-patched-solaris-sparc 2.2 981.20 OK
r-patched-solaris-x86 2.2 253.50 OK
r-release-linux-ix86 2.2 7.48 97.89 105.36 OK
r-release-linux-x86_64 2.2 6.74 81.18 87.92 OK
r-release-osx-x86_64-mavericks 2.2 ERROR
r-release-osx-x86_64-snowleopard 2.2 OK
r-release-windows-ix86+x86_64 2.2 20.00 128.00 148.00 OK
r-oldrel-windows-ix86+x86_64 2.2 18.00 115.00 133.00 OK

Check Details

Version: 2.2
Check: package dependencies
Result: ERROR
    Package required but not available: ‘copula’
    
    Packages suggested but not available for checking:
     ‘RGtk2’ ‘gWidgetsRGtk2’ ‘cairoDevice’
    
    See the information on DESCRIPTION files in the chapter ‘Creating R
    packages’ of the ‘Writing R Extensions’ manual.
Flavor: r-release-osx-x86_64-mavericks