CRAN Package Check Results for Package apt

Last updated on 2018-02-23 22:47:46 CET.

Flavor Version Tinstall Tcheck Ttotal Status Flags
r-devel-linux-x86_64-debian-clang 2.5 9.08 97.06 106.14 OK
r-devel-linux-x86_64-debian-gcc 2.5 8.03 79.82 87.85 OK
r-devel-linux-x86_64-fedora-clang 2.5 131.99 OK
r-devel-linux-x86_64-fedora-gcc 2.5 130.32 OK
r-devel-windows-ix86+x86_64 2.5 20.00 141.00 161.00 OK
r-patched-linux-x86_64 2.5 7.24 98.68 105.92 OK
r-patched-solaris-x86 2.5 197.20 OK
r-release-linux-x86_64 2.5 6.99 97.85 104.84 OK
r-release-windows-ix86+x86_64 2.5 21.00 169.00 190.00 OK
r-release-osx-x86_64 2.5 NOTE
r-oldrel-windows-ix86+x86_64 2.5 14.00 118.00 132.00 OK
r-oldrel-osx-x86_64 2.5 OK

Check Details

Version: 2.5
Check: package dependencies
Result: NOTE
    Packages suggested but not available for checking:
     ‘RGtk2’ ‘gWidgetsRGtk2’ ‘cairoDevice’
Flavor: r-release-osx-x86_64

Version: 2.5
Check: re-building of vignette outputs
Result: NOTE
    Error in re-building vignettes:
     ...
    Loading required package: zoo
    
    Attaching package: ‘zoo’
    
    The following objects are masked from ‘package:base’:
    
     as.Date, as.Date.numeric
    
    Loading required package: gWidgets
    Error in texi2dvi(file = file, pdf = TRUE, clean = clean, quiet = quiet, :
     Running 'texi2dvi' on 'apt.tex' failed.
    LaTeX errors:
    ! LaTeX Error: File `a4wide.sty' not found.
    
    Type X to quit or <RETURN> to proceed,
    or enter new name. (Default extension: sty)
    
    ! Emergency stop.
    <read *>
    
    l.10 \usepackage
     [pdftex]{graphicx}^^M
    ! ==> Fatal error occurred, no output PDF file produced!
    Calls: buildVignettes -> texi2pdf -> texi2dvi
    Execution halted
Flavor: r-release-osx-x86_64