CRAN Package Check Results for Package apt

Last updated on 2015-08-31 04:48:33.

Flavor Version Tinstall Tcheck Ttotal Status Flags
r-devel-linux-x86_64-debian-clang 2.3 5.22 63.74 68.96 NOTE
r-devel-linux-x86_64-debian-gcc 2.3 6.15 62.28 68.43 NOTE
r-devel-linux-x86_64-fedora-clang 2.3 145.02 NOTE
r-devel-linux-x86_64-fedora-gcc 2.3 139.22 NOTE
r-devel-osx-x86_64-clang 2.3 109.01 NOTE
r-devel-windows-ix86+x86_64 2.3 25.00 108.00 133.00 NOTE
r-patched-linux-x86_64 2.3 5.31 65.55 70.86 NOTE
r-patched-solaris-sparc 2.3 866.20 NOTE
r-patched-solaris-x86 2.3 198.40 NOTE
r-release-linux-x86_64 2.3 5.33 65.35 70.68 NOTE
r-release-osx-x86_64-mavericks 2.3 NOTE
r-release-windows-ix86+x86_64 2.3 22.00 112.00 134.00 OK
r-oldrel-windows-ix86+x86_64 2.3 8.00 2.00 10.00 ERROR

Check Details

Version: 2.3
Check: S3 generic/method consistency
Result: NOTE
    Found the following apparent S3 methods exported but not registered:
     plot.ciTarLag plot.ciTarThd print.ciTarFit print.ciTarLag
     print.ciTarThd print.ecm print.ecmAsyTest summary.ciTarFit
     summary.ecm
    See section ‘Registering S3 methods’ in the ‘Writing R Extensions’
    manual.
Flavors: r-devel-linux-x86_64-debian-clang, r-devel-linux-x86_64-debian-gcc, r-devel-linux-x86_64-fedora-clang, r-devel-linux-x86_64-fedora-gcc, r-devel-osx-x86_64-clang, r-patched-linux-x86_64, r-patched-solaris-sparc, r-patched-solaris-x86, r-release-linux-x86_64

Version: 2.3
Check: R code for possible problems
Result: NOTE
    ciTarFit: no visible global function definition for ‘is.ts’
    ciTarFit: no visible global function definition for ‘tsp’
    ciTarFit: no visible global function definition for ‘start’
    ciTarFit: no visible global function definition for ‘end’
    ciTarFit: no visible global function definition for ‘as.formula’
    ciTarFit: no visible global function definition for ‘lm’
    ciTarFit: no visible global function definition for ‘ts’
    ciTarFit: no visible global function definition for ‘residuals’
    ciTarFit: no visible global function definition for ‘window’
    ciTarFit: no visible global function definition for ‘time’
    ciTarFit: no visible global function definition for ‘deviance’
    ciTarFit: no visible global function definition for ‘AIC’
    ciTarLag: no visible global function definition for ‘is.ts’
    ciTarLag: no visible global function definition for ‘tsp’
    ciTarLag: no visible global function definition for ‘start’
    ciTarThd: no visible global function definition for ‘is.ts’
    ciTarThd: no visible global function definition for ‘tsp’
    ecmAsyFit: no visible global function definition for ‘is.ts’
    ecmAsyFit: no visible global function definition for ‘tsp’
    ecmAsyFit: no visible global function definition for ‘start’
    ecmAsyFit: no visible global function definition for ‘end’
    ecmAsyFit: no visible global function definition for ‘ts’
    ecmAsyFit: no visible global function definition for ‘residuals’
    ecmAsyFit: no visible global function definition for ‘lm’
    ecmAsyFit: no visible global function definition for ‘ts.union’
    ecmAsyFit: no visible global function definition for ‘window’
    ecmDiag: no visible global function definition for ‘AIC’
    ecmDiag: no visible global function definition for ‘Box.test’
    ecmDiag: no visible global function definition for ‘residuals’
    ecmSymFit: no visible global function definition for ‘is.ts’
    ecmSymFit: no visible global function definition for ‘tsp’
    ecmSymFit: no visible global function definition for ‘ts’
    ecmSymFit: no visible global function definition for ‘residuals’
    ecmSymFit: no visible global function definition for ‘lm’
    ecmSymFit: no visible global function definition for ‘start’
    ecmSymFit: no visible global function definition for ‘end’
    ecmSymFit: no visible global function definition for ‘ts.union’
    ecmSymFit: no visible global function definition for ‘window’
    guiApt : <anonymous>: no visible global function definition for ‘tsp’
    guiApt : <anonymous>: no visible global function definition for
     ‘dev.new’
    guiApt : <anonymous>: no visible global function definition for
     ‘plot.ts’
    guiApt : <anonymous>: no visible global function definition for
     ‘ts.plot’
    guiApt : <anonymous>: no visible global function definition for
     ‘legend’
    guiCor : myplotSta: no visible global function definition for ‘par’
    guiCor : <anonymous>: no visible global function definition for ‘par’
    guiCor : myplotDyn: no visible global function definition for ‘par’
    guiCor : myplotDyn: no visible global function definition for ‘rainbow’
    guiCor : myplotDyn: no visible global function definition for ‘text’
    plot.ciTarLag: no visible global function definition for ‘par’
    plot.ciTarThd: no visible global function definition for ‘par’
    summary.ciTarFit: no visible global function definition for ‘deviance’
    summary.ciTarFit: no visible global function definition for ‘AIC’
    summary.ciTarFit: no visible global function definition for ‘Box.test’
    summary.ciTarFit: no visible global function definition for ‘resid’
    Undefined global functions or variables:
     AIC Box.test as.formula dev.new deviance end is.ts legend lm par
     plot.ts rainbow resid residuals start text time ts ts.plot ts.union
     tsp window
    Consider adding
     importFrom("grDevices", "dev.new", "rainbow")
     importFrom("graphics", "legend", "par", "text")
     importFrom("stats", "AIC", "Box.test", "as.formula", "deviance", "end",
     "is.ts", "lm", "plot.ts", "resid", "residuals", "start",
     "time", "ts", "ts.plot", "ts.union", "tsp", "window")
    to your NAMESPACE.
Flavors: r-devel-linux-x86_64-debian-clang, r-devel-linux-x86_64-debian-gcc, r-devel-linux-x86_64-fedora-clang, r-devel-linux-x86_64-fedora-gcc, r-devel-windows-ix86+x86_64

Version: 2.3
Check: package dependencies
Result: NOTE
    Packages suggested but not available for checking:
     ‘RGtk2’ ‘gWidgetsRGtk2’ ‘cairoDevice’
Flavor: r-release-osx-x86_64-mavericks

Version: 2.3
Check: whether package can be installed
Result: ERROR
    Installation failed.
Flavor: r-oldrel-windows-ix86+x86_64