CRAN Package Check Results for Package apt

Last updated on 2015-01-31 22:47:05.

Flavor Version Tinstall Tcheck Ttotal Status Flags
r-devel-linux-x86_64-debian-clang 2.3 4.22 53.84 58.07 NOTE
r-devel-linux-x86_64-debian-gcc 2.3 4.74 52.25 56.99 NOTE
r-devel-linux-x86_64-fedora-clang 2.3 177.18 NOTE
r-devel-linux-x86_64-fedora-gcc 2.3 169.87 NOTE
r-devel-osx-x86_64-clang 2.3 164.71 NOTE
r-devel-windows-ix86+x86_64 2.3 11.00 83.00 94.00 OK
r-patched-linux-x86_64 2.3 6.28 79.99 86.27 OK
r-patched-solaris-sparc 2.3 1074.90 OK
r-patched-solaris-x86 2.3 252.90 OK
r-release-linux-ix86 2.3 7.13 93.92 101.05 OK
r-release-linux-x86_64 2.3 6.10 81.20 87.30 OK
r-release-osx-x86_64-mavericks 2.3 NOTE
r-release-osx-x86_64-snowleopard 2.3 OK
r-release-windows-ix86+x86_64 2.3 17.00 135.00 152.00 OK
r-oldrel-windows-ix86+x86_64 2.3 21.00 127.00 148.00 OK

Check Details

Version: 2.3
Check: S3 generic/method consistency
Result: NOTE
    Found the following apparent S3 methods exported but not registered:
     print.ciTarFit print.ciTarLag print.ciTarThd print.ecm
     print.ecmAsyTest summary.ciTarFit summary.ecm plot.ciTarLag
     plot.ciTarThd
    See section ‘Registering S3 methods’ in the ‘Writing R Extensions’
    manual.
Flavors: r-devel-linux-x86_64-debian-clang, r-devel-linux-x86_64-debian-gcc, r-devel-linux-x86_64-fedora-clang, r-devel-linux-x86_64-fedora-gcc, r-devel-osx-x86_64-clang

Version: 2.3
Check: package dependencies
Result: NOTE
    Packages suggested but not available for checking:
     ‘RGtk2’ ‘gWidgetsRGtk2’ ‘cairoDevice’
Flavor: r-release-osx-x86_64-mavericks