CRAN Package Check Results for Package apt

Last updated on 2015-05-24 15:46:43.

Flavor Version Tinstall Tcheck Ttotal Status Flags
r-devel-linux-x86_64-debian-clang 2.3 5.30 64.38 69.69 NOTE
r-devel-linux-x86_64-debian-gcc 2.3 5.03 61.32 66.36 NOTE
r-devel-linux-x86_64-fedora-clang 2.3 144.44 NOTE
r-devel-linux-x86_64-fedora-gcc 2.3 142.96 NOTE
r-devel-osx-x86_64-clang 2.3 123.30 NOTE
r-devel-windows-ix86+x86_64 2.3 14.00 97.00 111.00 OK
r-patched-linux-x86_64 2.3 5.05 61.28 66.34 NOTE
r-patched-solaris-sparc 2.3 842.00 NOTE
r-patched-solaris-x86 2.3 191.00 NOTE
r-release-linux-x86_64 2.3 5.13 62.18 67.31 NOTE
r-release-osx-x86_64-mavericks 2.3 NOTE
r-release-osx-x86_64-snowleopard 2.3 ERROR
r-release-windows-ix86+x86_64 2.3 17.00 91.00 108.00 OK
r-oldrel-windows-ix86+x86_64 2.3 27.00 159.00 186.00 OK

Check Details

Version: 2.3
Check: S3 generic/method consistency
Result: NOTE
    Found the following apparent S3 methods exported but not registered:
     plot.ciTarLag plot.ciTarThd print.ciTarFit print.ciTarLag
     print.ciTarThd print.ecm print.ecmAsyTest summary.ciTarFit
     summary.ecm
    See section ‘Registering S3 methods’ in the ‘Writing R Extensions’
    manual.
Flavors: r-devel-linux-x86_64-debian-clang, r-devel-linux-x86_64-debian-gcc, r-devel-linux-x86_64-fedora-clang, r-devel-linux-x86_64-fedora-gcc, r-devel-osx-x86_64-clang, r-patched-linux-x86_64, r-patched-solaris-sparc, r-patched-solaris-x86, r-release-linux-x86_64

Version: 2.3
Check: package dependencies
Result: NOTE
    Packages suggested but not available for checking:
     ‘RGtk2’ ‘gWidgetsRGtk2’ ‘cairoDevice’
Flavor: r-release-osx-x86_64-mavericks

Version: 2.3
Check: package dependencies
Result: ERROR
    Packages required but not available: ‘erer’ ‘car’
    
    See section ‘The DESCRIPTION file’ in the ‘Writing R Extensions’
    manual.
Flavor: r-release-osx-x86_64-snowleopard