CRAN Package Check Results for Package apt

Last updated on 2014-11-24 05:47:26.

Flavor Version Tinstall Tcheck Ttotal Status Flags
r-devel-linux-x86_64-debian-clang 2.2 6.34 79.38 85.72 OK
r-devel-linux-x86_64-debian-gcc 2.2 5.76 75.06 80.82 OK
r-devel-linux-x86_64-fedora-clang 2.2 200.47 OK
r-devel-linux-x86_64-fedora-gcc 2.2 192.66 OK
r-devel-osx-x86_64-clang 2.2 167.82 OK
r-devel-windows-ix86+x86_64 2.2 20.00 115.00 135.00 OK
r-patched-linux-x86_64 2.2 6.06 79.81 85.87 OK
r-patched-solaris-sparc 2.2 981.20 OK
r-patched-solaris-x86 2.2 244.90 OK
r-release-linux-ix86 2.2 7.62 95.94 103.56 OK
r-release-linux-x86_64 2.2 6.15 79.45 85.60 OK
r-release-osx-x86_64-mavericks 2.2 ERROR
r-release-osx-x86_64-snowleopard 2.2 OK
r-release-windows-ix86+x86_64 2.2 20.00 122.00 142.00 OK
r-oldrel-windows-ix86+x86_64 2.2 20.00 128.00 148.00 OK

Check Details

Version: 2.2
Check: package dependencies
Result: ERROR
    Package required but not available: ‘copula’
    
    Packages suggested but not available for checking:
     ‘RGtk2’ ‘gWidgetsRGtk2’ ‘cairoDevice’
    
    See the information on DESCRIPTION files in the chapter ‘Creating R
    packages’ of the ‘Writing R Extensions’ manual.
Flavor: r-release-osx-x86_64-mavericks