CRAN Package Check Results for Package apt

Last updated on 2017-04-24 10:47:06.

Flavor Version Tinstall Tcheck Ttotal Status Flags
r-devel-linux-x86_64-debian-clang 2.5 4.96 61.38 66.34 OK
r-devel-linux-x86_64-debian-gcc 2.5 5.13 60.80 65.93 OK
r-devel-linux-x86_64-fedora-clang 2.5 146.91 OK --no-stop-on-test-error
r-devel-linux-x86_64-fedora-gcc 2.5 142.00 OK --no-stop-on-test-error
r-devel-windows-ix86+x86_64 2.5 22.00 153.00 175.00 OK
r-patched-linux-x86_64 2.5 5.14 60.54 65.67 OK
r-patched-solaris-sparc 2.5 809.70 OK
r-patched-solaris-x86 2.5 190.30 OK
r-release-linux-x86_64 2.5 5.28 60.76 66.04 OK
r-release-windows-ix86+x86_64 2.5 16.00 113.00 129.00 OK
r-release-osx-x86_64 2.5 NOTE
r-oldrel-windows-ix86+x86_64 2.5 13.00 99.00 112.00 OK
r-oldrel-osx-x86_64 2.5 OK

Check Details

Version: 2.5
Check: package dependencies
Result: NOTE
    Packages suggested but not available for checking:
     ‘RGtk2’ ‘gWidgetsRGtk2’ ‘cairoDevice’
Flavor: r-release-osx-x86_64

Version: 2.5
Check: re-building of vignette outputs
Result: NOTE
    Error in re-building vignettes:
     ...
    Loading required package: zoo
    
    Attaching package: ‘zoo’
    
    The following objects are masked from ‘package:base’:
    
     as.Date, as.Date.numeric
    
    Loading required package: gWidgets
    Error in texi2dvi(file = file, pdf = TRUE, clean = clean, quiet = quiet, :
     Running 'texi2dvi' on 'apt.tex' failed.
    LaTeX errors:
    ! LaTeX Error: File `a4wide.sty' not found.
    
    Type X to quit or <RETURN> to proceed,
    or enter new name. (Default extension: sty)
    
    ! Emergency stop.
    <read *>
    
    l.10 \usepackage
     [pdftex]{graphicx}^^M
    ! ==> Fatal error occurred, no output PDF file produced!
    Calls: buildVignettes -> texi2pdf -> texi2dvi
    Execution halted
Flavor: r-release-osx-x86_64