CRAN Package Check Results for Package apt

Last updated on 2015-03-01 19:47:57.

Flavor Version Tinstall Tcheck Ttotal Status Flags
r-devel-linux-x86_64-debian-clang 2.3 4.84 61.80 66.64 NOTE
r-devel-linux-x86_64-debian-gcc 2.3 4.97 58.53 63.50 NOTE
r-devel-linux-x86_64-fedora-clang 2.3 146.48 NOTE
r-devel-linux-x86_64-fedora-gcc 2.3 136.42 NOTE
r-devel-osx-x86_64-clang 2.3 123.28 NOTE
r-devel-windows-ix86+x86_64 2.3 12.00 100.00 112.00 OK
r-patched-linux-x86_64 2.3 9.63 97.92 107.54 OK
r-patched-solaris-sparc 2.3 1074.90 OK
r-patched-solaris-x86 2.3 291.80 OK
r-release-linux-ix86 2.3 11.16 118.47 129.62 OK
r-release-linux-x86_64 2.3 9.28 94.96 104.24 OK
r-release-osx-x86_64-mavericks 2.3 NOTE
r-release-osx-x86_64-snowleopard 2.3 OK
r-release-windows-ix86+x86_64 2.3 28.00 153.00 181.00 OK
r-oldrel-windows-ix86+x86_64 2.3 22.00 154.00 176.00 OK

Check Details

Version: 2.3
Check: S3 generic/method consistency
Result: NOTE
    Found the following apparent S3 methods exported but not registered:
     plot.ciTarLag plot.ciTarThd print.ciTarFit print.ciTarLag
     print.ciTarThd print.ecm print.ecmAsyTest summary.ciTarFit
     summary.ecm
    See section ‘Registering S3 methods’ in the ‘Writing R Extensions’
    manual.
Flavors: r-devel-linux-x86_64-debian-clang, r-devel-linux-x86_64-debian-gcc, r-devel-linux-x86_64-fedora-clang, r-devel-linux-x86_64-fedora-gcc, r-devel-osx-x86_64-clang

Version: 2.3
Check: package dependencies
Result: NOTE
    Packages suggested but not available for checking:
     ‘RGtk2’ ‘gWidgetsRGtk2’ ‘cairoDevice’
Flavor: r-release-osx-x86_64-mavericks