CRAN Package Check Results for Package apt

Last updated on 2014-08-23 13:47:50.

Flavor Version Tinstall Tcheck Ttotal Status Flags
r-devel-linux-x86_64-debian-clang 2.2 6.09 77.89 83.98 OK
r-devel-linux-x86_64-debian-gcc 2.2 5.92 76.02 81.94 OK
r-devel-linux-x86_64-fedora-clang 2.2 212.18 OK
r-devel-linux-x86_64-fedora-gcc 2.2 201.62 OK
r-devel-osx-x86_64-clang 2.2 161.59 OK
r-devel-windows-ix86+x86_64 2.2 17.00 118.00 135.00 OK
r-patched-linux-x86_64 2.2 6.14 79.37 85.51 OK
r-patched-solaris-sparc 2.2 981.20 OK
r-patched-solaris-x86 2.2 257.70 OK
r-release-linux-ix86 2.2 7.40 96.05 103.44 OK
r-release-linux-x86_64 2.2 6.19 81.35 87.54 OK
r-release-osx-x86_64-mavericks 2.2 ERROR
r-release-osx-x86_64-snowleopard 2.2 OK
r-release-windows-ix86+x86_64 2.2 22.00 125.00 147.00 OK
r-oldrel-windows-ix86+x86_64 2.2 22.00 121.00 143.00 OK

Check Details

Version: 2.2
Check: package dependencies
Result: ERROR
    Package required but not available: ‘copula’
    
    Packages suggested but not available for checking:
     ‘RGtk2’ ‘gWidgetsRGtk2’ ‘cairoDevice’
    
    See the information on DESCRIPTION files in the chapter ‘Creating R
    packages’ of the ‘Writing R Extensions’ manual.
Flavor: r-release-osx-x86_64-mavericks