CRAN Package Check Results for Package apt

Last updated on 2014-04-23 17:47:40.

Flavor Version Tinstall Tcheck Ttotal Status Flags
r-devel-linux-x86_64-debian-clang 2.0 5.02 63.60 68.63 OK
r-devel-linux-x86_64-debian-gcc 2.0 4.98 63.36 68.35 OK
r-devel-linux-x86_64-fedora-clang 2.0 160.37 OK
r-devel-linux-x86_64-fedora-gcc 2.0 153.69 OK
r-devel-osx-x86_64-clang 2.0 130.55 OK
r-devel-osx-x86_64-gcc 2.0 ERROR
r-devel-windows-ix86+x86_64 2.0 14.00 98.00 112.00 OK
r-patched-linux-x86_64 2.0 5.35 65.02 70.36 OK
r-patched-solaris-sparc 2.0 815.10 OK
r-patched-solaris-x86 2.0 196.80 OK
r-release-linux-ix86 2.0 8.00 108.00 116.00 OK
r-release-linux-x86_64 2.0 5.33 62.55 67.88 OK
r-release-osx-x86_64-mavericks 2.0 WARN
r-release-osx-x86_64-snowleopard 2.0 OK
r-release-windows-ix86+x86_64 2.0 16.00 95.00 111.00 OK
r-oldrel-windows-ix86+x86_64 2.0 15.00 94.00 109.00 OK

Check Details

Version: 2.0
Check: package dependencies
Result: ERROR
    Packages required but not available: ‘car’ ‘erer’
    
    See the information on DESCRIPTION files in the chapter ‘Creating R
    packages’ of the ‘Writing R Extensions’ manual.
Flavor: r-devel-osx-x86_64-gcc

Version: 2.0
Check: re-building of vignette outputs
Result: NOTE
    Error in re-building vignettes:
     ...
    Loading required package: Matrix
    Loading required package: lmtest
    Loading required package: zoo
    
    Attaching package: ‘zoo’
    
    The following objects are masked from ‘package:base’:
    
     as.Date, as.Date.numeric
    
    Loading required package: tseries
    Loading required package: ggplot2
    Loading required package: urca
    Error in texi2dvi(file = file, pdf = TRUE, clean = clean, quiet = quiet, :
     Running 'texi2dvi' on 'apt.tex' failed.
    LaTeX errors:
    ! LaTeX Error: File `a4wide.sty' not found.
    
    Type X to quit or <RETURN> to proceed,
    or enter new name. (Default extension: sty)
    
    t/apt/vignettes/apt.tex:10: ==> Fatal error occurred, no output PDF file produ
    ced!
    Calls: buildVignettes -> texi2pdf -> texi2dvi
    Execution halted
Flavor: r-release-osx-x86_64-mavericks

Version: 2.0
Check: PDF version of manual
Result: WARNING
    LaTeX errors when creating PDF version.
    This typically indicates Rd problems.
    LaTeX errors found:
    ! LaTeX Error: File `upquote.sty' not found.
    
    Type X to quit or <RETURN> to proceed,
    or enter new name. (Default extension: sty)
    
    fe44d2b/Rd2.tex:8: ==> Fatal error occurred, no output PDF file produced!
Flavor: r-release-osx-x86_64-mavericks