CRAN Package Check Results for Package apt

Last updated on 2017-05-25 07:48:11.

Flavor Version Tinstall Tcheck Ttotal Status Flags
r-devel-linux-x86_64-debian-clang 2.5 5.10 62.20 67.30 OK
r-devel-linux-x86_64-debian-gcc 2.5 5.30 61.03 66.33 OK
r-devel-linux-x86_64-fedora-clang 2.5 144.88 OK --no-stop-on-test-error
r-devel-linux-x86_64-fedora-gcc 2.5 141.22 OK --no-stop-on-test-error
r-devel-windows-ix86+x86_64 2.5 15.00 109.00 124.00 OK
r-patched-linux-x86_64 2.5 5.38 60.72 66.10 OK
r-patched-solaris-sparc 2.5 809.70 OK
r-patched-solaris-x86 2.5 189.60 OK
r-release-linux-x86_64 2.5 5.26 60.12 65.38 OK
r-release-windows-ix86+x86_64 2.5 11.00 149.00 160.00 OK
r-release-osx-x86_64 2.5 NOTE
r-oldrel-windows-ix86+x86_64 2.5 18.00 140.00 158.00 OK
r-oldrel-osx-x86_64 2.5 OK

Check Details

Version: 2.5
Check: package dependencies
Result: NOTE
    Packages suggested but not available for checking:
     ‘RGtk2’ ‘gWidgetsRGtk2’ ‘cairoDevice’
Flavor: r-release-osx-x86_64

Version: 2.5
Check: re-building of vignette outputs
Result: NOTE
    Error in re-building vignettes:
     ...
    Loading required package: zoo
    
    Attaching package: ‘zoo’
    
    The following objects are masked from ‘package:base’:
    
     as.Date, as.Date.numeric
    
    Loading required package: gWidgets
    Error in texi2dvi(file = file, pdf = TRUE, clean = clean, quiet = quiet, :
     Running 'texi2dvi' on 'apt.tex' failed.
    LaTeX errors:
    ! LaTeX Error: File `a4wide.sty' not found.
    
    Type X to quit or <RETURN> to proceed,
    or enter new name. (Default extension: sty)
    
    ! Emergency stop.
    <read *>
    
    l.10 \usepackage
     [pdftex]{graphicx}^^M
    ! ==> Fatal error occurred, no output PDF file produced!
    Calls: buildVignettes -> texi2pdf -> texi2dvi
    Execution halted
Flavor: r-release-osx-x86_64