CRAN Package Check Results for Package apt

Last updated on 2014-12-21 21:47:15.

Flavor Version Tinstall Tcheck Ttotal Status Flags
r-devel-linux-x86_64-debian-clang 2.3 6.57 77.61 84.18 OK
r-devel-linux-x86_64-debian-gcc 2.3 5.70 74.95 80.64 OK
r-devel-linux-x86_64-fedora-clang 2.3 202.98 OK
r-devel-linux-x86_64-fedora-gcc 2.3 194.23 OK
r-devel-osx-x86_64-clang 2.3 165.61 OK
r-devel-windows-ix86+x86_64 2.3 19.00 127.00 146.00 OK
r-patched-linux-x86_64 2.3 6.14 78.35 84.48 OK
r-patched-solaris-sparc 2.3 969.30 OK
r-patched-solaris-x86 2.3 250.30 OK
r-release-linux-ix86 2.3 7.04 96.49 103.52 OK
r-release-linux-x86_64 2.3 6.38 78.66 85.05 OK
r-release-osx-x86_64-mavericks 2.3 ERROR
r-release-osx-x86_64-snowleopard 2.3 OK
r-release-windows-ix86+x86_64 2.3 20.00 126.00 146.00 OK
r-oldrel-windows-ix86+x86_64 2.3 23.00 129.00 152.00 OK

Check Details

Version: 2.3
Check: package dependencies
Result: ERROR
    Package required but not available: ‘copula’
    
    Packages suggested but not available for checking:
     ‘RGtk2’ ‘gWidgetsRGtk2’ ‘cairoDevice’
    
    See the information on DESCRIPTION files in the chapter ‘Creating R
    packages’ of the ‘Writing R Extensions’ manual.
Flavor: r-release-osx-x86_64-mavericks