CRAN Package Check Results for Package apt

Last updated on 2017-11-25 04:48:47 CET.

Flavor Version Tinstall Tcheck Ttotal Status Flags
r-devel-linux-x86_64-debian-clang 2.5 6.35 137.06 143.40 OK
r-devel-linux-x86_64-debian-gcc 2.5 5.06 124.13 129.19 OK
r-devel-linux-x86_64-fedora-clang 2.5 123.40 OK
r-devel-linux-x86_64-fedora-gcc 2.5 121.55 OK
r-devel-windows-ix86+x86_64 2.5 13.00 151.00 164.00 OK
r-patched-linux-x86_64 2.5 7.63 148.01 155.64 OK
r-patched-solaris-x86 2.5 198.10 OK
r-release-linux-x86_64 2.5 7.31 148.66 155.97 OK
r-release-windows-ix86+x86_64 2.5 15.00 104.00 119.00 OK
r-release-osx-x86_64 2.5 NOTE
r-oldrel-windows-ix86+x86_64 2.5 12.00 118.00 130.00 OK
r-oldrel-osx-x86_64 2.5 OK

Check Details

Version: 2.5
Check: package dependencies
Result: NOTE
    Packages suggested but not available for checking:
     ‘RGtk2’ ‘gWidgetsRGtk2’ ‘cairoDevice’
Flavor: r-release-osx-x86_64

Version: 2.5
Check: re-building of vignette outputs
Result: NOTE
    Error in re-building vignettes:
     ...
    Loading required package: zoo
    
    Attaching package: ‘zoo’
    
    The following objects are masked from ‘package:base’:
    
     as.Date, as.Date.numeric
    
    Loading required package: gWidgets
    Error in texi2dvi(file = file, pdf = TRUE, clean = clean, quiet = quiet, :
     Running 'texi2dvi' on 'apt.tex' failed.
    LaTeX errors:
    ! LaTeX Error: File `a4wide.sty' not found.
    
    Type X to quit or <RETURN> to proceed,
    or enter new name. (Default extension: sty)
    
    ! Emergency stop.
    <read *>
    
    l.10 \usepackage
     [pdftex]{graphicx}^^M
    ! ==> Fatal error occurred, no output PDF file produced!
    Calls: buildVignettes -> texi2pdf -> texi2dvi
    Execution halted
Flavor: r-release-osx-x86_64