CRAN Package Check Results for Package aqfig

Last updated on 2015-05-28 23:47:19.

Flavor Version Tinstall Tcheck Ttotal Status Flags
r-devel-linux-x86_64-debian-clang 0.8 1.35 18.89 20.24 OK
r-devel-linux-x86_64-debian-gcc 0.8 1.36 18.50 19.86 OK
r-devel-linux-x86_64-fedora-clang 0.8 44.24 OK
r-devel-linux-x86_64-fedora-gcc 0.8 40.55 OK
r-devel-osx-x86_64-clang 0.8 42.07 OK
r-devel-windows-ix86+x86_64 0.8 4.00 31.00 35.00 OK
r-patched-linux-x86_64 0.8 1.38 18.24 19.62 OK
r-patched-solaris-sparc 0.8 274.10 OK
r-patched-solaris-x86 0.8 62.60 OK
r-release-linux-x86_64 0.8 1.35 18.81 20.16 OK
r-release-osx-x86_64-mavericks 0.8 OK
r-release-osx-x86_64-snowleopard 0.8 NOTE
r-release-windows-ix86+x86_64 0.8 5.00 29.00 34.00 OK
r-oldrel-windows-ix86+x86_64 0.8 7.00 43.00 50.00 OK

Check Details

Version: 0.8
Check: Rd cross-references
Result: NOTE
    Package unavailable to check Rd xrefs: ‘fields’
Flavor: r-release-osx-x86_64-snowleopard