CRAN Package Check Results for Package aqfig

Last updated on 2015-07-28 06:47:40.

Flavor Version Tinstall Tcheck Ttotal Status Flags
r-devel-linux-x86_64-debian-clang 0.8 1.45 20.07 21.52 NOTE
r-devel-linux-x86_64-debian-gcc 0.8 1.50 19.48 20.99 NOTE
r-devel-linux-x86_64-fedora-clang 0.8 40.51 NOTE
r-devel-linux-x86_64-fedora-gcc 0.8 40.57 NOTE
r-devel-osx-x86_64-clang 0.8 38.19 OK
r-devel-windows-ix86+x86_64 0.8 5.00 31.00 36.00 NOTE
r-patched-linux-x86_64 0.8 1.46 19.14 20.60 OK
r-patched-solaris-sparc 0.8 262.50 OK
r-patched-solaris-x86 0.8 62.30 OK
r-release-linux-x86_64 0.8 1.36 19.96 21.32 OK
r-release-osx-x86_64-mavericks 0.8 OK
r-release-windows-ix86+x86_64 0.8 7.00 30.00 37.00 OK
r-oldrel-windows-ix86+x86_64 0.8 10.00 42.00 52.00 OK

Check Details

Version: 0.8
Check: R code for possible problems
Result: NOTE
    kristen.colors: no visible global function definition for
     ‘colorRampPalette’
    kristen.colors: no visible global function definition for ‘grey’
    plot3d.points: no visible global function definition for ‘heat.colors’
    plot3d.points: no visible global function definition for ‘plot’
    ragged.image: no visible global function definition for ‘heat.colors’
    ragged.image: no visible global function definition for ‘image’
    scatterplot.density: no visible global function definition for ‘grey’
    scatterplot.density: no visible global function definition for ‘image’
    scatterplot.density: no visible global function definition for ‘abline’
    scatterplot.density: no visible global function definition for ‘lm’
    scatterplot.density: no visible global function definition for ‘legend’
    vertical.image.legend: no visible global function definition for ‘par’
    vertical.image.legend: no visible global function definition for
     ‘image’
    vertical.image.legend: no visible global function definition for ‘axis’
    vertical.image.legend: no visible global function definition for ‘box’
    Undefined global functions or variables:
     abline axis box colorRampPalette grey heat.colors image legend lm par
     plot
    Consider adding
     importFrom("grDevices", "colorRampPalette", "grey", "heat.colors")
     importFrom("graphics", "abline", "axis", "box", "image", "legend",
     "par", "plot")
     importFrom("stats", "lm")
    to your NAMESPACE.
Flavors: r-devel-linux-x86_64-debian-clang, r-devel-linux-x86_64-debian-gcc, r-devel-linux-x86_64-fedora-clang, r-devel-linux-x86_64-fedora-gcc, r-devel-windows-ix86+x86_64