CRAN Package Check Results for Package aqfig

Last updated on 2016-08-27 23:48:01.

Flavor Version Tinstall Tcheck Ttotal Status Flags
r-devel-linux-x86_64-debian-clang 0.8 1.43 20.15 21.58 NOTE
r-devel-linux-x86_64-debian-gcc 0.8 1.53 19.95 21.48 NOTE
r-devel-linux-x86_64-fedora-clang 0.8 37.42 NOTE
r-devel-linux-x86_64-fedora-gcc 0.8 35.29 NOTE
r-devel-osx-x86_64-clang 0.8 32.63 NOTE
r-devel-windows-ix86+x86_64 0.8 9.00 50.00 59.00 NOTE
r-patched-linux-x86_64 0.8 1.52 20.22 21.74 NOTE
r-patched-solaris-sparc 0.8 238.60 NOTE
r-patched-solaris-x86 0.8 55.50 NOTE
r-release-linux-x86_64 0.8 1.51 21.55 23.06 NOTE
r-release-osx-x86_64-mavericks 0.8 WARN
r-release-windows-ix86+x86_64 0.8 9.00 41.00 50.00 NOTE
r-oldrel-windows-ix86+x86_64 0.8 4.00 58.00 62.00 OK

Check Details

Version: 0.8
Check: R code for possible problems
Result: NOTE
    kristen.colors: no visible global function definition for
     ‘colorRampPalette’
    kristen.colors: no visible global function definition for ‘grey’
    plot3d.points: no visible global function definition for ‘heat.colors’
    plot3d.points: no visible global function definition for ‘plot’
    ragged.image: no visible global function definition for ‘heat.colors’
    ragged.image: no visible global function definition for ‘image’
    scatterplot.density: no visible global function definition for ‘grey’
    scatterplot.density: no visible global function definition for ‘image’
    scatterplot.density: no visible global function definition for ‘abline’
    scatterplot.density: no visible global function definition for ‘lm’
    scatterplot.density: no visible global function definition for ‘legend’
    vertical.image.legend: no visible global function definition for ‘par’
    vertical.image.legend: no visible global function definition for
     ‘image’
    vertical.image.legend: no visible global function definition for ‘axis’
    vertical.image.legend: no visible global function definition for ‘box’
    Undefined global functions or variables:
     abline axis box colorRampPalette grey heat.colors image legend lm par
     plot
    Consider adding
     importFrom("grDevices", "colorRampPalette", "grey", "heat.colors")
     importFrom("graphics", "abline", "axis", "box", "image", "legend",
     "par", "plot")
     importFrom("stats", "lm")
    to your NAMESPACE file.
Flavors: r-devel-linux-x86_64-debian-clang, r-devel-linux-x86_64-debian-gcc, r-devel-linux-x86_64-fedora-clang, r-devel-linux-x86_64-fedora-gcc, r-devel-osx-x86_64-clang, r-devel-windows-ix86+x86_64, r-patched-linux-x86_64, r-patched-solaris-sparc, r-patched-solaris-x86, r-release-linux-x86_64, r-release-windows-ix86+x86_64

Version: 0.8
Check: dependencies in R code
Result: NOTE
    Invalid MIT-MAGIC-COOKIE-1 key
Flavor: r-release-osx-x86_64-mavericks

Version: 0.8
Check: S3 generic/method consistency
Result: WARN
    Invalid MIT-MAGIC-COOKIE-1 key
    See section ‘Generic functions and methods’ in the ‘Writing R
    Extensions’ manual.
Flavor: r-release-osx-x86_64-mavericks

Version: 0.8
Check: replacement functions
Result: WARN
    Invalid MIT-MAGIC-COOKIE-1 key
    The argument of a replacement function which corresponds to the right
    hand side must be named ‘value’.
Flavor: r-release-osx-x86_64-mavericks

Version: 0.8
Check: foreign function calls
Result: NOTE
    Invalid MIT-MAGIC-COOKIE-1 key
    See chapter ‘System and foreign language interfaces’ in the ‘Writing R
    Extensions’ manual.
Flavor: r-release-osx-x86_64-mavericks

Version: 0.8
Check: R code for possible problems
Result: NOTE
    Invalid MIT-MAGIC-COOKIE-1 keykristen.colors: no visible global function definition for
     ‘colorRampPalette’
    kristen.colors: no visible global function definition for ‘grey’
    plot3d.points: no visible global function definition for ‘heat.colors’
    plot3d.points: no visible global function definition for ‘plot’
    ragged.image: no visible global function definition for ‘heat.colors’
    ragged.image: no visible global function definition for ‘image’
    scatterplot.density: no visible global function definition for ‘grey’
    scatterplot.density: no visible global function definition for ‘image’
    scatterplot.density: no visible global function definition for ‘abline’
    scatterplot.density: no visible global function definition for ‘lm’
    scatterplot.density: no visible global function definition for ‘legend’
    vertical.image.legend: no visible global function definition for ‘par’
    vertical.image.legend: no visible global function definition for
     ‘image’
    vertical.image.legend: no visible global function definition for ‘axis’
    vertical.image.legend: no visible global function definition for ‘box’
    Undefined global functions or variables:
     abline axis box colorRampPalette grey heat.colors image legend lm par
     plot
    Consider adding
     importFrom("grDevices", "colorRampPalette", "grey", "heat.colors")
     importFrom("graphics", "abline", "axis", "box", "image", "legend",
     "par", "plot")
     importFrom("stats", "lm")
    to your NAMESPACE file.
Flavor: r-release-osx-x86_64-mavericks

Version: 0.8
Check: for missing documentation entries
Result: WARN
    Invalid MIT-MAGIC-COOKIE-1 key
    All user-level objects in a package should have documentation entries.
    See chapter ‘Writing R documentation files’ in the ‘Writing R
    Extensions’ manual.
Flavor: r-release-osx-x86_64-mavericks

Version: 0.8
Check: for code/documentation mismatches
Result: WARN
    Invalid MIT-MAGIC-COOKIE-1 key
    Invalid MIT-MAGIC-COOKIE-1 key
    Invalid MIT-MAGIC-COOKIE-1 key
Flavor: r-release-osx-x86_64-mavericks

Version: 0.8
Check: Rd \usage sections
Result: NOTE
    Invalid MIT-MAGIC-COOKIE-1 key
    The \usage entries for S3 methods should use the \method markup and not
    their full name.
    See chapter ‘Writing R documentation files’ in the ‘Writing R
    Extensions’ manual.
Flavor: r-release-osx-x86_64-mavericks