CRAN Package Check Results for Package aqfig

Last updated on 2014-04-23 12:48:13.

Flavor Version Tinstall Tcheck Ttotal Status Flags
r-devel-linux-x86_64-debian-clang 0.8 1.58 20.84 22.42 OK
r-devel-linux-x86_64-debian-gcc 0.8 1.47 20.87 22.34 OK
r-devel-linux-x86_64-fedora-clang 0.8 46.47 OK
r-devel-linux-x86_64-fedora-gcc 0.8 43.52 OK
r-devel-osx-x86_64-clang 0.8 41.44 OK
r-devel-osx-x86_64-gcc 0.8 ERROR
r-devel-windows-ix86+x86_64 0.8 5.00 32.00 37.00 OK
r-patched-linux-x86_64 0.8 1.48 20.52 22.01 OK
r-patched-solaris-sparc 0.8 255.60 OK
r-patched-solaris-x86 0.8 64.80 OK
r-release-linux-ix86 0.8 2.00 39.00 41.00 OK
r-release-linux-x86_64 0.8 1.88 20.48 22.36 OK
r-release-osx-x86_64-mavericks 0.8 WARN
r-release-osx-x86_64-snowleopard 0.8 OK
r-release-windows-ix86+x86_64 0.8 6.00 33.00 39.00 OK
r-oldrel-windows-ix86+x86_64 0.8 5.00 34.00 39.00 OK

Check Details

Version: 0.8
Check: package dependencies
Result: ERROR
    Package required but not available: ‘geoR’
    
    See the information on DESCRIPTION files in the chapter ‘Creating R
    packages’ of the ‘Writing R Extensions’ manual.
Flavor: r-devel-osx-x86_64-gcc

Version: 0.8
Check: PDF version of manual
Result: WARNING
    LaTeX errors when creating PDF version.
    This typically indicates Rd problems.
    LaTeX errors found:
    ! LaTeX Error: File `upquote.sty' not found.
    
    Type X to quit or <RETURN> to proceed,
    or enter new name. (Default extension: sty)
    
    0e3bb77/Rd2.tex:8: ==> Fatal error occurred, no output PDF file produced!
Flavor: r-release-osx-x86_64-mavericks