CRAN Package Check Results for Package aqp

Last updated on 2014-10-20 23:46:56.

Flavor Version Tinstall Tcheck Ttotal Status Flags
r-devel-linux-x86_64-debian-clang 1.7 3.11 57.05 60.16 NOTE
r-devel-linux-x86_64-debian-gcc 1.7 3.06 54.76 57.81 NOTE
r-devel-linux-x86_64-fedora-clang 1.7 122.11 NOTE
r-devel-linux-x86_64-fedora-gcc 1.7 122.96 NOTE
r-devel-osx-x86_64-clang 1.7 103.67 NOTE
r-devel-windows-ix86+x86_64 1.7 11.00 79.00 90.00 NOTE
r-patched-linux-x86_64 1.7 2.96 58.30 61.26 NOTE
r-patched-solaris-sparc 1.7 641.20 NOTE
r-patched-solaris-x86 1.7 145.70 NOTE
r-release-linux-ix86 1.7 5.40 71.94 77.34 OK
r-release-linux-x86_64 1.7 3.21 60.16 63.38 OK
r-release-osx-x86_64-mavericks 1.7 ERROR
r-release-osx-x86_64-snowleopard 1.7 ERROR
r-release-windows-ix86+x86_64 1.7 12.00 89.00 101.00 OK
r-oldrel-windows-ix86+x86_64 1.7 12.00 97.00 109.00 OK

Check Details

Version: 1.7
Check: R code for possible problems
Result: NOTE
    spatial_subset,SoilProfileCollection: no visible global function
     definition for ‘gIntersects’
Flavors: r-devel-linux-x86_64-debian-clang, r-devel-linux-x86_64-debian-gcc, r-devel-linux-x86_64-fedora-clang, r-devel-linux-x86_64-fedora-gcc, r-devel-osx-x86_64-clang, r-devel-windows-ix86+x86_64, r-patched-linux-x86_64, r-patched-solaris-sparc, r-patched-solaris-x86, r-release-osx-x86_64-mavericks, r-release-osx-x86_64-snowleopard

Version: 1.7
Check: package dependencies
Result: NOTE
    Packages suggested but not available for checking: ‘rgeos’ ‘soilDB’
Flavor: r-release-osx-x86_64-mavericks

Version: 1.7
Check: examples
Result: ERROR
    Running examples in ‘aqp-Ex.R’ failed
    The error most likely occurred in:
    
    > ### Name: addVolumeFraction
    > ### Title: Symbolize Volume Fraction on a Soil Profile Collection Plot
    > ### Aliases: addVolumeFraction
    > ### Keywords: ~kwd1
    >
    > ### ** Examples
    >
    > # sample data
    > data(loafercreek, package='soilDB')
    Error in find.package(package, lib.loc, verbose = verbose) :
     there is no package called ‘soilDB’
    Calls: data -> find.package
    Execution halted
Flavors: r-release-osx-x86_64-mavericks, r-release-osx-x86_64-snowleopard

Version: 1.7
Check: package dependencies
Result: NOTE
    Package suggested but not available for checking: ‘soilDB’
Flavor: r-release-osx-x86_64-snowleopard