CRAN Package Check Results for Package aqp

Last updated on 2017-05-28 21:46:43.

Flavor Version Tinstall Tcheck Ttotal Status Flags
r-devel-linux-x86_64-debian-clang 1.10 5.20 82.86 88.06 NOTE
r-devel-linux-x86_64-debian-gcc 1.10 4.66 79.64 84.30 NOTE
r-devel-linux-x86_64-fedora-clang 1.10 176.77 OK
r-devel-linux-x86_64-fedora-gcc 1.10 174.18 OK
r-devel-windows-ix86+x86_64 1.10 14.00 186.00 200.00 OK
r-patched-linux-x86_64 1.10 4.96 82.12 87.08 OK
r-patched-solaris-sparc 1.10 1004.90 OK
r-patched-solaris-x86 1.10 223.50 OK
r-release-linux-x86_64 1.10 4.47 80.49 84.96 OK
r-release-windows-ix86+x86_64 1.10 20.00 182.00 202.00 OK
r-release-osx-x86_64 1.10 OK
r-oldrel-windows-ix86+x86_64 1.10 16.00 129.00 145.00 OK
r-oldrel-osx-x86_64 1.10 OK

Check Details

Version: 1.10
Check: S3 generic/method consistency
Result: NOTE
    Found the following apparent S3 methods exported but not registered:
     rbind.SoilProfileCollection
    See section ‘Registering S3 methods’ in the ‘Writing R Extensions’
    manual.
Flavors: r-devel-linux-x86_64-debian-clang, r-devel-linux-x86_64-debian-gcc