CRAN Package Check Results for Package aqp

Last updated on 2014-08-22 03:47:52.

Flavor Version Tinstall Tcheck Ttotal Status Flags
r-devel-linux-x86_64-debian-clang 1.7 3.02 53.01 56.04 OK
r-devel-linux-x86_64-debian-gcc 1.7 2.76 53.74 56.50 OK
r-devel-linux-x86_64-fedora-clang 1.7 121.62 NOTE
r-devel-linux-x86_64-fedora-gcc 1.7 109.28 NOTE
r-devel-osx-x86_64-clang 1.7 99.05 NOTE
r-devel-windows-ix86+x86_64 1.7 10.00 86.00 96.00 OK
r-patched-linux-x86_64 1.7 2.78 57.88 60.66 OK
r-patched-solaris-sparc 1.7 663.40 OK
r-patched-solaris-x86 1.7 145.70 OK
r-release-linux-ix86 1.7 3.56 68.82 72.38 OK
r-release-linux-x86_64 1.7 2.92 56.26 59.18 OK
r-release-osx-x86_64-mavericks 1.7 ERROR
r-release-osx-x86_64-snowleopard 1.7 ERROR
r-release-windows-ix86+x86_64 1.7 11.00 89.00 100.00 OK
r-oldrel-windows-ix86+x86_64 1.7 11.00 89.00 100.00 OK

Check Details

Version: 1.7
Check: R code for possible problems
Result: NOTE
    spatial_subset,SoilProfileCollection: no visible global function
     definition for ‘gIntersects’
Flavors: r-devel-linux-x86_64-fedora-clang, r-devel-linux-x86_64-fedora-gcc, r-devel-osx-x86_64-clang, r-release-osx-x86_64-mavericks

Version: 1.7
Check: package dependencies
Result: NOTE
    Packages suggested but not available for checking: ‘rgeos’ ‘soilDB’
Flavor: r-release-osx-x86_64-mavericks

Version: 1.7
Check: examples
Result: ERROR
    Running examples in ‘aqp-Ex.R’ failed
    The error most likely occurred in:
    
    > ### Name: addVolumeFraction
    > ### Title: Symbolize Volume Fraction on a Soil Profile Collection Plot
    > ### Aliases: addVolumeFraction
    > ### Keywords: ~kwd1
    >
    > ### ** Examples
    >
    > # sample data
    > data(loafercreek, package='soilDB')
    Error in find.package(package, lib.loc, verbose = verbose) :
     there is no package called ‘soilDB’
    Calls: data -> find.package
    Execution halted
Flavors: r-release-osx-x86_64-mavericks, r-release-osx-x86_64-snowleopard

Version: 1.7
Check: package dependencies
Result: NOTE
    Package suggested but not available for checking: ‘soilDB’
Flavor: r-release-osx-x86_64-snowleopard