CRAN Package Check Results for Package aqp

Last updated on 2015-08-29 13:48:00.

Flavor Version Tinstall Tcheck Ttotal Status Flags
r-devel-linux-x86_64-debian-clang 1.8-6 2.27 48.33 50.60 NOTE
r-devel-linux-x86_64-debian-gcc 1.8-6 2.26 46.75 49.01 NOTE
r-devel-linux-x86_64-fedora-clang 1.8-6 101.44 NOTE
r-devel-linux-x86_64-fedora-gcc 1.8-6 95.97 NOTE
r-devel-osx-x86_64-clang 1.8-6 84.98 OK
r-devel-windows-ix86+x86_64 1.8-6 16.00 89.00 105.00 NOTE
r-patched-linux-x86_64 1.8-6 2.25 47.46 49.70 OK
r-patched-solaris-sparc 1.8-6 614.90 OK
r-patched-solaris-x86 1.8-6 136.40 OK
r-release-linux-x86_64 1.8-6 2.24 48.64 50.89 OK
r-release-osx-x86_64-mavericks 1.8-6 OK
r-release-windows-ix86+x86_64 1.8-6 11.00 90.00 101.00 OK
r-oldrel-windows-ix86+x86_64 1.8-6 22.00 141.00 163.00 OK

Check Details

Version: 1.8-6
Check: R code for possible problems
Result: NOTE
    .get.ssc.low.rv.high: no visible binding for global variable ‘quantile’
    .get.ssc.low.rv.high: no visible global function definition for ‘chull’
    .slab: no visible global function definition for ‘update’
    .slab: no visible global function definition for ‘formula’
    .slab: no visible global function definition for ‘as.formula’
    .slab: no visible global function definition for ‘aggregate’
    .slab: no visible binding for global variable ‘na.pass’
    .slab : <anonymous>: no visible global function definition for
     ‘na.omit’
    .slab.fun.numeric.fast: no visible global function definition for
     ‘quantile’
    addBracket: no visible global function definition for ‘segments’
    addBracket: no visible global function definition for ‘arrows’
    addBracket: no visible global function definition for ‘text’
    addVolumeFraction: no visible global function definition for ‘runif’
    addVolumeFraction: no visible global function definition for ‘points’
    aggregateSoilDepth: no visible global function definition for
     ‘as.formula’
    evalGenHZ: no visible global function definition for ‘as’
    evalGenHZ: no visible global function definition for ‘complete.cases’
    evalGenHZ : <anonymous>: no visible global function definition for ‘sd’
    get.ml.hz: no visible global function definition for ‘na.omit’
    missingDataGrid: no visible global function definition for
     ‘colorRampPalette’
    missingDataGrid: no visible global function definition for ‘as.formula’
    missingDataGrid : <anonymous>: no visible global function definition
     for ‘grey’
    panel.depth_function: no visible global function definition for ‘grey’
    panel.depth_function : <anonymous>: no visible global function
     definition for ‘approxfun’
    panel.depth_function : <anonymous>: no visible global function
     definition for ‘quantile’
    pc: no visible global function definition for ‘na.omit’
    pc: no visible global function definition for ‘image’
    pc: no visible global function definition for ‘box’
    pc: no visible global function definition for ‘abline’
    pc: no visible global function definition for ‘axis’
    pc: no visible global function definition for ‘object.size’
    pc: no visible global function definition for ‘as.dist’
    pc.SPC: no visible global function definition for ‘na.omit’
    plotMultipleSPC: no visible global function definition for ‘na.omit’
    plotSPC: no visible global function definition for ‘colorRamp’
    plotSPC: no visible global function definition for ‘complete.cases’
    plotSPC: no visible global function definition for ‘rgb’
    plotSPC: no visible binding for global variable ‘strwidth’
    plotSPC: no visible global function definition for ‘par’
    plotSPC: no visible global function definition for ‘rect’
    plotSPC: no visible global function definition for ‘segments’
    plotSPC: no visible global function definition for ‘text’
    plotSPC: no visible global function definition for ‘axis’
    plotSPC: no visible global function definition for ‘mtext’
    plotSPC: no visible global function definition for ‘legend’
    plot_distance_graph: no visible global function definition for ‘box’
    plot_distance_graph: no visible global function definition for ‘axis’
    plot_distance_graph: no visible global function definition for ‘grid’
    plot_distance_graph: no visible global function definition for ‘grey’
    plot_distance_graph: no visible global function definition for ‘lines’
    plot_distance_graph: no visible global function definition for ‘text’
    plot_distance_graph: no visible global function definition for ‘points’
    profileGroupLabels: no visible global function definition for
     ‘segments’
    profileGroupLabels: no visible global function definition for ‘arrows’
    profileGroupLabels: no visible global function definition for ‘text’
    random_profile: no visible global function definition for ‘rnorm’
    random_profile: no visible global function definition for ‘runif’
    resample.twotheta: no visible global function definition for
     ‘splinefun’
    sim : rnorm.vect: no visible global function definition for ‘rnorm’
    slice.fast: no visible global function definition for ‘as.formula’
    texture.triangle.low.rv.high: no visible global function definition for
     ‘grey’
    texture.triangle.low.rv.high: no visible global function definition for
     ‘rgb’
    texture.triangle.low.rv.high: no visible global function definition for
     ‘col2rgb’
    texture.triangle.low.rv.high: no visible global function definition for
     ‘cov’
    texture.triangle.low.rv.high: no visible global function definition for
     ‘polygon’
    texture.triangle.low.rv.high: no visible global function definition for
     ‘legend’
    uniqueSPC : <anonymous>: no visible global function definition for ‘as’
    [,SoilProfileCollection: no visible global function definition for ‘as’
    coordinates<-,SoilProfileCollection: no visible global function
     definition for ‘model.frame’
    coordinates<-,SoilProfileCollection: no visible binding for global
     variable ‘na.pass’
    depths<-,data.frame: no visible global function definition for
     ‘model.frame’
    max,SoilProfileCollection: no visible global function definition for
     ‘complete.cases’
    min,SoilProfileCollection: no visible global function definition for
     ‘complete.cases’
    plot,SoilProfileCollection-ANY: no visible global function definition
     for ‘colorRamp’
    plot,SoilProfileCollection-ANY: no visible global function definition
     for ‘complete.cases’
    plot,SoilProfileCollection-ANY: no visible global function definition
     for ‘rgb’
    plot,SoilProfileCollection-ANY: no visible binding for global variable
     ‘strwidth’
    plot,SoilProfileCollection-ANY: no visible global function definition
     for ‘par’
    plot,SoilProfileCollection-ANY: no visible global function definition
     for ‘rect’
    plot,SoilProfileCollection-ANY: no visible global function definition
     for ‘segments’
    plot,SoilProfileCollection-ANY: no visible global function definition
     for ‘text’
    plot,SoilProfileCollection-ANY: no visible global function definition
     for ‘axis’
    plot,SoilProfileCollection-ANY: no visible global function definition
     for ‘mtext’
    plot,SoilProfileCollection-ANY: no visible global function definition
     for ‘legend’
    profile_compare,SoilProfileCollection: no visible global function
     definition for ‘na.omit’
    profile_compare,data.frame: no visible global function definition for
     ‘na.omit’
    profile_compare,data.frame: no visible global function definition for
     ‘image’
    profile_compare,data.frame: no visible global function definition for
     ‘box’
    profile_compare,data.frame: no visible global function definition for
     ‘abline’
    profile_compare,data.frame: no visible global function definition for
     ‘axis’
    profile_compare,data.frame: no visible global function definition for
     ‘object.size’
    profile_compare,data.frame: no visible global function definition for
     ‘as.dist’
    show,SoilProfileCollection: no visible global function definition for
     ‘head’
    show,SoilProfileCollection: no visible global function definition for
     ‘show’
    site<-,SoilProfileCollection: no visible global function definition for
     ‘model.frame’
    site<-,SoilProfileCollection: no visible binding for global variable
     ‘na.pass’
    slab,SoilProfileCollection: no visible global function definition for
     ‘update’
    slab,SoilProfileCollection: no visible global function definition for
     ‘formula’
    slab,SoilProfileCollection: no visible global function definition for
     ‘as.formula’
    slab,SoilProfileCollection: no visible global function definition for
     ‘aggregate’
    slab,SoilProfileCollection: no visible binding for global variable
     ‘na.pass’
    slab,SoilProfileCollection : <anonymous>: no visible global function
     definition for ‘na.omit’
    slice,SoilProfileCollection: no visible global function definition for
     ‘as.formula’
    subsetProfiles,SoilProfileCollection: no visible global function
     definition for ‘na.omit’
    unique,SoilProfileCollection : <anonymous>: no visible global function
     definition for ‘as’
    Undefined global functions or variables:
     abline aggregate approxfun arrows as as.dist as.formula axis box
     chull col2rgb colorRamp colorRampPalette complete.cases cov formula
     grey grid head image legend lines model.frame mtext na.omit na.pass
     object.size par points polygon quantile rect rgb rnorm runif sd
     segments show splinefun strwidth text update
    Consider adding
     importFrom("grDevices", "chull", "col2rgb", "colorRamp",
     "colorRampPalette", "grey", "rgb")
     importFrom("graphics", "abline", "arrows", "axis", "box", "grid",
     "image", "legend", "lines", "mtext", "par", "points",
     "polygon", "rect", "segments", "strwidth", "text")
     importFrom("methods", "as", "show")
     importFrom("stats", "aggregate", "approxfun", "as.dist", "as.formula",
     "complete.cases", "cov", "formula", "model.frame",
     "na.omit", "na.pass", "quantile", "rnorm", "runif", "sd",
     "splinefun", "update")
     importFrom("utils", "head", "object.size")
    to your NAMESPACE (and ensure that your DESCRIPTION Imports field
    contains 'methods').
Flavors: r-devel-linux-x86_64-debian-clang, r-devel-linux-x86_64-debian-gcc, r-devel-linux-x86_64-fedora-clang, r-devel-linux-x86_64-fedora-gcc, r-devel-windows-ix86+x86_64