CRAN Package Check Results for Package aqp

Last updated on 2015-02-01 11:47:06.

Flavor Version Tinstall Tcheck Ttotal Status Flags
r-devel-linux-x86_64-debian-clang 1.7-7 2.08 42.43 44.52 OK
r-devel-linux-x86_64-debian-gcc 1.7-7 2.02 42.72 44.74 OK
r-devel-linux-x86_64-fedora-clang 1.7-7 104.56 OK
r-devel-linux-x86_64-fedora-gcc 1.7-7 93.01 OK
r-devel-osx-x86_64-clang 1.7-7 89.13 OK
r-devel-windows-ix86+x86_64 1.7-7 14.00 67.00 81.00 OK
r-patched-linux-x86_64 1.7-7 3.09 58.31 61.40 OK
r-patched-solaris-sparc 1.7-7 675.90 OK
r-patched-solaris-x86 1.7-7 145.60 OK
r-release-linux-ix86 1.7-7 3.72 65.84 69.56 OK
r-release-linux-x86_64 1.7-7 2.99 56.23 59.22 OK
r-release-osx-x86_64-mavericks 1.7-7 ERROR
r-release-osx-x86_64-snowleopard 1.7-7 ERROR
r-release-windows-ix86+x86_64 1.7-7 13.00 96.00 109.00 OK
r-oldrel-windows-ix86+x86_64 1.7-7 12.00 95.00 107.00 OK

Check Details

Version: 1.7-7
Check: package dependencies
Result: NOTE
    Package suggested but not available for checking: ‘soilDB’
Flavors: r-release-osx-x86_64-mavericks, r-release-osx-x86_64-snowleopard

Version: 1.7-7
Check: examples
Result: ERROR
    Running examples in ‘aqp-Ex.R’ failed
    The error most likely occurred in:
    
    > ### Name: addVolumeFraction
    > ### Title: Symbolize Volume Fraction on a Soil Profile Collection Plot
    > ### Aliases: addVolumeFraction
    > ### Keywords: ~kwd1
    >
    > ### ** Examples
    >
    > # sample data
    > data(loafercreek, package='soilDB')
    Error in find.package(package, lib.loc, verbose = verbose) :
     there is no package called ‘soilDB’
    Calls: data -> find.package
    Execution halted
Flavors: r-release-osx-x86_64-mavericks, r-release-osx-x86_64-snowleopard