CRAN Package Check Results for Package aqp

Last updated on 2017-07-23 17:46:59.

Flavor Version Tinstall Tcheck Ttotal Status Flags
r-devel-linux-x86_64-debian-clang 1.10 4.46 92.44 96.91 NOTE
r-devel-linux-x86_64-debian-gcc 1.10 4.37 90.11 94.47 NOTE
r-devel-linux-x86_64-fedora-clang 1.10 176.93 NOTE
r-devel-linux-x86_64-fedora-gcc 1.10 175.90 NOTE
r-devel-windows-ix86+x86_64 1.10 22.00 171.00 193.00 OK
r-patched-linux-x86_64 1.10 4.44 92.13 96.58 NOTE
r-patched-solaris-x86 1.10 230.50 NOTE
r-release-linux-x86_64 1.10 4.64 90.22 94.86 NOTE
r-release-windows-ix86+x86_64 1.10 14.00 184.00 198.00 OK
r-release-osx-x86_64 1.10 OK
r-oldrel-windows-ix86+x86_64 1.10 22.00 174.00 196.00 OK
r-oldrel-osx-x86_64 1.10 OK

Check Details

Version: 1.10
Check: S3 generic/method consistency
Result: NOTE
    Found the following apparent S3 methods exported but not registered:
     rbind.SoilProfileCollection
    See section ‘Registering S3 methods’ in the ‘Writing R Extensions’
    manual.
Flavors: r-devel-linux-x86_64-debian-clang, r-devel-linux-x86_64-debian-gcc, r-devel-linux-x86_64-fedora-clang, r-devel-linux-x86_64-fedora-gcc, r-patched-linux-x86_64, r-patched-solaris-x86, r-release-linux-x86_64