CRAN Package Check Results for Package aqp

Last updated on 2017-09-19 20:46:55.

Flavor Version Tinstall Tcheck Ttotal Status Flags
r-devel-linux-x86_64-debian-clang 1.10 4.42 80.28 84.70 NOTE
r-devel-linux-x86_64-debian-gcc 1.10 4.52 82.28 86.80 NOTE
r-devel-linux-x86_64-fedora-clang 1.10 176.99 NOTE
r-devel-linux-x86_64-fedora-gcc 1.10 176.35 NOTE
r-devel-windows-ix86+x86_64 1.10 14.00 132.00 146.00 OK
r-patched-linux-x86_64 1.10 4.84 81.02 85.86 NOTE
r-patched-solaris-x86 1.10 227.00 NOTE
r-release-linux-x86_64 1.10 4.84 79.72 84.56 NOTE
r-release-windows-ix86+x86_64 1.10 15.00 146.00 161.00 OK
r-release-osx-x86_64 1.10 OK
r-oldrel-windows-ix86+x86_64 1.10 11.00 123.00 134.00 OK
r-oldrel-osx-x86_64 1.10 OK

Check Details

Version: 1.10
Check: S3 generic/method consistency
Result: NOTE
    Found the following apparent S3 methods exported but not registered:
     rbind.SoilProfileCollection
    See section ‘Registering S3 methods’ in the ‘Writing R Extensions’
    manual.
Flavors: r-devel-linux-x86_64-debian-clang, r-devel-linux-x86_64-debian-gcc, r-devel-linux-x86_64-fedora-clang, r-devel-linux-x86_64-fedora-gcc, r-patched-linux-x86_64, r-patched-solaris-x86, r-release-linux-x86_64