CRAN Package Check Results for Package aqp

Last updated on 2015-05-30 23:46:49.

Flavor Version Tinstall Tcheck Ttotal Status Flags
r-devel-linux-x86_64-debian-clang 1.8-6 2.43 50.18 52.61 OK
r-devel-linux-x86_64-debian-gcc 1.8-6 2.18 47.89 50.08 OK
r-devel-linux-x86_64-fedora-clang 1.8-6 100.25 OK
r-devel-linux-x86_64-fedora-gcc 1.8-6 98.77 OK
r-devel-osx-x86_64-clang 1.8-6 87.99 OK
r-devel-windows-ix86+x86_64 1.8-6 9.00 72.00 81.00 OK
r-patched-linux-x86_64 1.8-6 2.25 46.93 49.18 OK
r-patched-solaris-sparc 1.8-6 600.50 OK
r-patched-solaris-x86 1.8-6 128.70 OK
r-release-linux-x86_64 1.8-6 2.37 47.18 49.55 OK
r-release-osx-x86_64-mavericks 1.8-6 OK
r-release-osx-x86_64-snowleopard 1.8-6 ERROR
r-release-windows-ix86+x86_64 1.8-6 9.00 75.00 84.00 OK
r-oldrel-windows-ix86+x86_64 1.8-6 16.00 114.00 130.00 OK

Check Details

Version: 1.8-6
Check: package dependencies
Result: ERROR
    Packages required but not available: ‘Hmisc’ ‘scales’
    
    Packages suggested but not available for checking: ‘soilDB’ ‘latticeExtra’
    
    See section ‘The DESCRIPTION file’ in the ‘Writing R Extensions’
    manual.
Flavor: r-release-osx-x86_64-snowleopard