CRAN Package Check Results for Package aqp

Last updated on 2020-07-12 14:47:28 CEST.

Flavor Version Tinstall Tcheck Ttotal Status Flags
r-devel-linux-x86_64-debian-clang 1.19 13.46 137.77 151.23 OK
r-devel-linux-x86_64-debian-gcc 1.19 13.12 103.75 116.87 OK
r-devel-linux-x86_64-fedora-clang 1.19 187.38 NOTE
r-devel-linux-x86_64-fedora-gcc 1.19 175.61 NOTE
r-devel-windows-ix86+x86_64 1.19 36.00 201.00 237.00 OK
r-patched-linux-x86_64 1.19 15.30 134.11 149.41 OK
r-patched-solaris-x86 1.19 236.10 NOTE
r-release-linux-x86_64 1.19 16.31 134.19 150.50 OK
r-release-macos-x86_64 1.19 NOTE
r-release-windows-ix86+x86_64 1.19 34.00 199.00 233.00 OK
r-oldrel-macos-x86_64 1.19 NOTE
r-oldrel-windows-ix86+x86_64 1.19 26.00 141.00 167.00 OK

Check Details

Version: 1.19
Check: data for non-ASCII characters
Result: NOTE
     Note: found 1 marked Latin-1 string
Flavors: r-devel-linux-x86_64-fedora-clang, r-devel-linux-x86_64-fedora-gcc, r-patched-solaris-x86, r-release-macos-x86_64, r-oldrel-macos-x86_64