CRAN Package Check Results for Package aqp

Last updated on 2015-03-04 06:48:17.

Flavor Version Tinstall Tcheck Ttotal Status Flags
r-devel-linux-x86_64-debian-clang 1.8 2.56 46.23 48.80 OK
r-devel-linux-x86_64-debian-gcc 1.8 2.10 49.33 51.44 OK
r-devel-linux-x86_64-fedora-clang 1.8 102.77 OK
r-devel-linux-x86_64-fedora-gcc 1.8 99.09 OK
r-devel-osx-x86_64-clang 1.8 87.88 OK
r-devel-windows-ix86+x86_64 1.8 10.00 79.00 89.00 OK
r-patched-linux-x86_64 1.8 3.93 63.92 67.85 OK
r-patched-solaris-sparc 1.8 744.50 OK
r-patched-solaris-x86 1.8 163.40 OK
r-release-linux-ix86 1.8 4.24 73.62 77.87 OK
r-release-linux-x86_64 1.8 3.79 68.52 72.31 OK
r-release-osx-x86_64-mavericks 1.8 ERROR
r-release-osx-x86_64-snowleopard 1.8 ERROR
r-release-windows-ix86+x86_64 1.8 19.00 147.00 166.00 OK
r-oldrel-windows-ix86+x86_64 1.8 16.00 112.00 128.00 OK

Check Details

Version: 1.8
Check: package dependencies
Result: NOTE
    Package suggested but not available for checking: ‘soilDB’
Flavors: r-release-osx-x86_64-mavericks, r-release-osx-x86_64-snowleopard

Version: 1.8
Check: examples
Result: ERROR
    Running examples in ‘aqp-Ex.R’ failed
    The error most likely occurred in:
    
    > ### Name: addVolumeFraction
    > ### Title: Symbolize Volume Fraction on a Soil Profile Collection Plot
    > ### Aliases: addVolumeFraction
    > ### Keywords: ~kwd1
    >
    > ### ** Examples
    >
    > # sample data
    > data(loafercreek, package='soilDB')
    Error in find.package(package, lib.loc, verbose = verbose) :
     there is no package called ‘soilDB’
    Calls: data -> find.package
    Execution halted
Flavors: r-release-osx-x86_64-mavericks, r-release-osx-x86_64-snowleopard