CRAN Package Check Results for Package aqp

Last updated on 2015-04-27 15:46:25.

Flavor Version Tinstall Tcheck Ttotal Status Flags
r-devel-linux-x86_64-debian-clang 1.8-6 2.41 49.86 52.27 OK
r-devel-linux-x86_64-debian-gcc 1.8-6 2.19 46.66 48.84 OK
r-devel-linux-x86_64-fedora-clang 1.8-6 104.88 OK
r-devel-linux-x86_64-fedora-gcc 1.8-6 96.38 OK
r-devel-osx-x86_64-clang 1.8-6 86.97 OK
r-devel-windows-ix86+x86_64 1.8-6 8.00 74.00 82.00 OK
r-patched-linux-x86_64 1.8-6 2.96 52.43 55.39 OK
r-patched-solaris-sparc 1.8-6 518.10 OK
r-patched-solaris-x86 1.8-6 124.30 OK
r-release-linux-x86_64 1.8-6 2.18 46.38 48.56 OK
r-release-osx-x86_64-mavericks 1.8-6 OK
r-release-osx-x86_64-snowleopard 1.8-6 ERROR
r-release-windows-ix86+x86_64 1.8-6 12.00 101.00 113.00 OK
r-oldrel-windows-ix86+x86_64 1.8 14.00 101.00 115.00 OK

Check Details

Version: 1.8-6
Check: package dependencies
Result: ERROR
    Packages required but not available: ‘Hmisc’ ‘scales’
    
    Packages suggested but not available for checking: ‘soilDB’ ‘latticeExtra’
    
    See section ‘The DESCRIPTION file’ in the ‘Writing R Extensions’
    manual.
Flavor: r-release-osx-x86_64-snowleopard