CRAN Package Check Results for Package aqp

Last updated on 2014-12-21 03:48:10.

Flavor Version Tinstall Tcheck Ttotal Status Flags
r-devel-linux-x86_64-debian-clang 1.7-7 2.88 54.33 57.21 OK
r-devel-linux-x86_64-debian-gcc 1.7-7 2.81 51.28 54.10 OK
r-devel-linux-x86_64-fedora-clang 1.7-7 120.57 OK
r-devel-linux-x86_64-fedora-gcc 1.7-7 109.19 OK
r-devel-osx-x86_64-clang 1.7-7 100.32 OK
r-devel-windows-ix86+x86_64 1.7-7 12.00 82.00 94.00 OK
r-patched-linux-x86_64 1.7-7 3.04 56.60 59.63 OK
r-patched-solaris-sparc 1.7-7 640.20 OK
r-patched-solaris-x86 1.7-7 147.00 OK
r-release-linux-ix86 1.7-7 3.70 68.80 72.49 OK
r-release-linux-x86_64 1.7-7 2.97 55.77 58.74 OK
r-release-osx-x86_64-mavericks 1.7-7 ERROR
r-release-osx-x86_64-snowleopard 1.7-7 ERROR
r-release-windows-ix86+x86_64 1.7-7 13.00 92.00 105.00 OK
r-oldrel-windows-ix86+x86_64 1.7-7 13.00 98.00 111.00 OK

Check Details

Version: 1.7-7
Check: package dependencies
Result: NOTE
    Package suggested but not available for checking: ‘soilDB’
Flavors: r-release-osx-x86_64-mavericks, r-release-osx-x86_64-snowleopard

Version: 1.7-7
Check: examples
Result: ERROR
    Running examples in ‘aqp-Ex.R’ failed
    The error most likely occurred in:
    
    > ### Name: addVolumeFraction
    > ### Title: Symbolize Volume Fraction on a Soil Profile Collection Plot
    > ### Aliases: addVolumeFraction
    > ### Keywords: ~kwd1
    >
    > ### ** Examples
    >
    > # sample data
    > data(loafercreek, package='soilDB')
    Error in find.package(package, lib.loc, verbose = verbose) :
     there is no package called ‘soilDB’
    Calls: data -> find.package
    Execution halted
Flavors: r-release-osx-x86_64-mavericks, r-release-osx-x86_64-snowleopard