CRAN Package Check Results for Package aqp

Last updated on 2016-05-30 10:47:26.

Flavor Version Tinstall Tcheck Ttotal Status Flags
r-devel-linux-x86_64-debian-gcc 1.9.3 4.21 71.85 76.06 WARN
r-devel-linux-x86_64-fedora-clang 1.9.3 155.93 WARN
r-devel-linux-x86_64-fedora-gcc 1.9.3 144.58 WARN
r-devel-osx-x86_64-clang 1.9.3 157.84 WARN
r-devel-windows-ix86+x86_64 1.9.3 11.00 118.00 129.00 WARN
r-patched-linux-x86_64 1.9.3 4.41 71.33 75.74 WARN
r-patched-solaris-sparc 1.9.3 868.50 WARN
r-patched-solaris-x86 1.9.3 188.70 WARN
r-release-linux-x86_64 1.9.3 4.39 73.35 77.74 WARN
r-release-osx-x86_64-mavericks 1.9.3 WARN
r-release-windows-ix86+x86_64 1.9.3 16.00 130.00 146.00 WARN
r-oldrel-windows-ix86+x86_64 1.9.3 13.00 134.00 147.00 WARN

Check Details

Version: 1.9.3
Check: for missing documentation entries
Result: WARN
    Undocumented S4 methods:
     generic '[' and siglist 'SoilProfileCollection,ANY,ANY,ANY'
    All user-level objects in a package (including S4 classes and methods)
    should have documentation entries.
    See chapter ‘Writing R documentation files’ in the ‘Writing R
    Extensions’ manual.
Flavors: r-devel-linux-x86_64-debian-gcc, r-devel-linux-x86_64-fedora-clang, r-devel-linux-x86_64-fedora-gcc, r-devel-osx-x86_64-clang, r-devel-windows-ix86+x86_64, r-patched-linux-x86_64, r-patched-solaris-sparc, r-patched-solaris-x86, r-release-linux-x86_64, r-release-osx-x86_64-mavericks, r-release-windows-ix86+x86_64, r-oldrel-windows-ix86+x86_64