CRAN Package Check Results for Package aqp

Last updated on 2016-06-27 23:46:54.

Flavor Version Tinstall Tcheck Ttotal Status Flags
r-devel-linux-x86_64-debian-gcc 1.9.3 4.35 71.40 75.75 WARN
r-devel-linux-x86_64-fedora-clang 1.9.3 147.75 WARN
r-devel-linux-x86_64-fedora-gcc 1.9.3 140.25 WARN
r-devel-osx-x86_64-clang 1.9.3 116.38 WARN
r-devel-windows-ix86+x86_64 1.9.3 12.00 117.00 129.00 WARN
r-patched-linux-x86_64 1.9.3 4.55 73.72 78.27 WARN
r-patched-solaris-sparc 1.9.3 864.20 WARN
r-patched-solaris-x86 1.9.3 186.80 WARN
r-release-linux-x86_64 1.9.3 4.50 74.97 79.46 WARN
r-release-osx-x86_64-mavericks 1.9.3 WARN
r-release-windows-ix86+x86_64 1.9.3 16.00 114.00 130.00 WARN
r-oldrel-windows-ix86+x86_64 1.9.3 18.00 119.00 137.00 WARN

Check Details

Version: 1.9.3
Check: for missing documentation entries
Result: WARN
    Undocumented S4 methods:
     generic '[' and siglist 'SoilProfileCollection,ANY,ANY,ANY'
    All user-level objects in a package (including S4 classes and methods)
    should have documentation entries.
    See chapter ‘Writing R documentation files’ in the ‘Writing R
    Extensions’ manual.
Flavors: r-devel-linux-x86_64-debian-gcc, r-devel-linux-x86_64-fedora-clang, r-devel-linux-x86_64-fedora-gcc, r-devel-osx-x86_64-clang, r-devel-windows-ix86+x86_64, r-patched-linux-x86_64, r-patched-solaris-sparc, r-patched-solaris-x86, r-release-linux-x86_64, r-release-osx-x86_64-mavericks, r-release-windows-ix86+x86_64, r-oldrel-windows-ix86+x86_64