CRAN Package Check Results for Package aqp

Last updated on 2014-07-23 17:48:53.

Flavor Version Tinstall Tcheck Ttotal Status Flags
r-devel-linux-x86_64-debian-clang 1.7 2.85 54.52 57.37 OK
r-devel-linux-x86_64-debian-gcc 1.7 2.79 54.18 56.97 OK
r-devel-linux-x86_64-fedora-clang 1.7 123.49 OK
r-devel-linux-x86_64-fedora-gcc 1.7 117.96 OK
r-devel-osx-x86_64-clang 1.7 102.12 OK
r-devel-windows-ix86+x86_64 1.7 10.00 92.00 102.00 OK
r-patched-linux-x86_64 1.7 2.76 55.05 57.81 OK
r-patched-solaris-sparc 1.7 609.10 OK
r-patched-solaris-x86 1.7 146.20 OK
r-release-linux-ix86 1.7 3.67 68.62 72.28 OK
r-release-linux-x86_64 1.7 2.84 58.20 61.04 OK
r-release-osx-x86_64-mavericks 1.7 ERROR
r-release-osx-x86_64-snowleopard 1.7 ERROR
r-release-windows-ix86+x86_64 1.7 9.00 88.00 97.00 OK
r-oldrel-windows-ix86+x86_64 1.7 10.00 88.00 98.00 OK

Check Details

Version: 1.7
Check: package dependencies
Result: NOTE
    Packages suggested but not available for checking: ‘rgeos’ ‘soilDB’
Flavor: r-release-osx-x86_64-mavericks

Version: 1.7
Check: R code for possible problems
Result: NOTE
    spatial_subset,SoilProfileCollection: no visible global function
     definition for ‘gIntersects’
Flavor: r-release-osx-x86_64-mavericks

Version: 1.7
Check: examples
Result: ERROR
    Running examples in ‘aqp-Ex.R’ failed
    The error most likely occurred in:
    
    > ### Name: addVolumeFraction
    > ### Title: Symbolize Volume Fraction on a Soil Profile Collection Plot
    > ### Aliases: addVolumeFraction
    > ### Keywords: ~kwd1
    >
    > ### ** Examples
    >
    > # sample data
    > data(loafercreek, package='soilDB')
    Error in find.package(package, lib.loc, verbose = verbose) :
     there is no package called ‘soilDB’
    Calls: data -> find.package
    Execution halted
Flavors: r-release-osx-x86_64-mavericks, r-release-osx-x86_64-snowleopard

Version: 1.7
Check: package dependencies
Result: NOTE
    Package suggested but not available for checking: ‘soilDB’
Flavor: r-release-osx-x86_64-snowleopard