CRAN Package Check Results for Package ar.matrix

Last updated on 2019-04-25 09:50:11 CEST.

Flavor Version Tinstall Tcheck Ttotal Status Flags
r-devel-linux-x86_64-debian-clang 0.1.0 1.82 27.07 28.89 OK
r-devel-linux-x86_64-debian-gcc 0.1.0 1.66 21.62 23.28 OK
r-devel-linux-x86_64-fedora-clang 0.1.0 34.13 NOTE
r-devel-linux-x86_64-fedora-gcc 0.1.0 32.71 NOTE
r-devel-windows-ix86+x86_64 0.1.0 6.00 56.00 62.00 OK
r-patched-linux-x86_64 0.1.0 2.14 26.60 28.74 OK
r-patched-solaris-x86 0.1.0 52.20 NOTE
r-release-linux-x86_64 0.1.0 1.27 25.76 27.03 OK
r-release-windows-ix86+x86_64 0.1.0 2.00 48.00 50.00 OK
r-release-osx-x86_64 0.1.0 NOTE
r-oldrel-windows-ix86+x86_64 0.1.0 3.00 66.00 69.00 OK
r-oldrel-osx-x86_64 0.1.0 NOTE

Check Details

Version: 0.1.0
Check: dependencies in R code
Result: NOTE
    Namespace in Imports field not imported from: ‘sp’
     All declared Imports should be used.
Flavors: r-devel-linux-x86_64-fedora-clang, r-devel-linux-x86_64-fedora-gcc, r-patched-solaris-x86, r-release-osx-x86_64, r-oldrel-osx-x86_64