CRAN Package Check Results for Package ar.matrix

Last updated on 2019-02-16 14:47:25 CET.

Flavor Version Tinstall Tcheck Ttotal Status Flags
r-devel-linux-x86_64-debian-clang 0.1.0 1.78 27.84 29.62 OK
r-devel-linux-x86_64-debian-gcc 0.1.0 1.34 21.98 23.32 OK
r-devel-linux-x86_64-fedora-clang 0.1.0 35.42 NOTE
r-devel-linux-x86_64-fedora-gcc 0.1.0 32.27 NOTE
r-devel-windows-ix86+x86_64 0.1.0 8.00 43.00 51.00 OK
r-patched-linux-x86_64 0.1.0 1.30 25.76 27.06 OK
r-patched-solaris-x86 0.1.0 48.70 NOTE
r-release-linux-x86_64 0.1.0 OK
r-release-windows-ix86+x86_64 0.1.0 3.00 67.00 70.00 OK
r-release-osx-x86_64 0.1.0 NOTE
r-oldrel-windows-ix86+x86_64 0.1.0 7.00 114.00 121.00 OK
r-oldrel-osx-x86_64 0.1.0 NOTE

Check Details

Version: 0.1.0
Check: dependencies in R code
Result: NOTE
    Namespace in Imports field not imported from: ‘sp’
     All declared Imports should be used.
Flavors: r-devel-linux-x86_64-fedora-clang, r-devel-linux-x86_64-fedora-gcc, r-patched-solaris-x86, r-release-osx-x86_64, r-oldrel-osx-x86_64