CRAN Package Check Results for Package ar.matrix

Last updated on 2019-08-17 19:48:21 CEST.

Flavor Version Tinstall Tcheck Ttotal Status Flags
r-devel-linux-x86_64-debian-clang 0.1.0 2.32 27.28 29.60 OK
r-devel-linux-x86_64-debian-gcc 0.1.0 1.79 21.56 23.35 OK
r-devel-linux-x86_64-fedora-clang 0.1.0 34.74 NOTE
r-devel-linux-x86_64-fedora-gcc 0.1.0 33.33 NOTE
r-devel-windows-ix86+x86_64 0.1.0 7.00 59.00 66.00 OK
r-patched-linux-x86_64 0.1.0 2.02 26.78 28.80 OK
r-patched-solaris-x86 0.1.0 54.40 NOTE
r-release-linux-x86_64 0.1.0 1.99 26.85 28.84 OK
r-release-windows-ix86+x86_64 0.1.0 6.00 110.00 116.00 OK
r-release-osx-x86_64 0.1.0 NOTE
r-oldrel-windows-ix86+x86_64 0.1.0 4.00 56.00 60.00 OK
r-oldrel-osx-x86_64 0.1.0 NOTE

Check Details

Version: 0.1.0
Check: dependencies in R code
Result: NOTE
    Namespace in Imports field not imported from: ‘sp’
     All declared Imports should be used.
Flavors: r-devel-linux-x86_64-fedora-clang, r-devel-linux-x86_64-fedora-gcc, r-patched-solaris-x86, r-release-osx-x86_64, r-oldrel-osx-x86_64