CRAN Package Check Results for Package archdata

Last updated on 2021-11-28 02:48:41 CET.

Flavor Version Tinstall Tcheck Ttotal Status Flags
r-devel-linux-x86_64-debian-clang 1.2-1 OK
r-devel-linux-x86_64-debian-gcc 1.2-1 1.45 26.55 28.00 OK
r-devel-linux-x86_64-fedora-clang 1.2-1 54.50 NOTE
r-devel-linux-x86_64-fedora-gcc 1.2-1 47.79 NOTE
r-devel-windows-x86_64-new-UL 1.2-1 8.00 91.00 99.00 OK
r-devel-windows-x86_64-new-TK 1.2-1 NOTE
r-devel-windows-x86_64-old 1.2-1 3.00 53.00 56.00 OK
r-patched-linux-x86_64 1.2-1 2.39 31.94 34.33 OK
r-patched-solaris-x86 1.2-1 71.40 NOTE
r-release-linux-x86_64 1.2-1 OK
r-release-macos-arm64 1.2-1 NOTE
r-release-macos-x86_64 1.2-1 NOTE
r-release-windows-ix86+x86_64 1.2-1 4.00 69.00 73.00 OK
r-oldrel-macos-x86_64 1.2-1 NOTE
r-oldrel-windows-ix86+x86_64 1.2-1 3.00 68.00 71.00 OK

Check Details

Version: 1.2-1
Check: data for non-ASCII characters
Result: NOTE
     Note: found 76 marked Latin-1 strings
Flavors: r-devel-linux-x86_64-fedora-clang, r-devel-linux-x86_64-fedora-gcc, r-devel-windows-x86_64-new-TK, r-patched-solaris-x86, r-release-macos-arm64, r-release-macos-x86_64, r-oldrel-macos-x86_64