CRAN Package Check Results for Package archetypes

Last updated on 2015-05-28 07:48:47.

Flavor Version Tinstall Tcheck Ttotal Status Flags
r-devel-linux-x86_64-debian-clang 2.2-0 1.24 143.66 144.90 NOTE
r-devel-linux-x86_64-debian-gcc 2.2-0 1.30 138.09 139.39 NOTE
r-devel-linux-x86_64-fedora-clang 2.2-0 284.34 NOTE
r-devel-linux-x86_64-fedora-gcc 2.2-0 276.38 NOTE
r-devel-osx-x86_64-clang 2.2-0 222.99 NOTE
r-devel-windows-ix86+x86_64 2.2-0 5.00 211.00 216.00 NOTE
r-patched-linux-x86_64 2.2-0 1.24 142.54 143.78 NOTE
r-patched-solaris-sparc 2.2-0 1712.20 NOTE
r-patched-solaris-x86 2.2-0 297.60 NOTE
r-release-linux-x86_64 2.2-0 1.26 141.31 142.57 NOTE
r-release-osx-x86_64-mavericks 2.2-0 NOTE
r-release-osx-x86_64-snowleopard 2.2-0 NOTE
r-release-windows-ix86+x86_64 2.2-0 6.00 227.00 233.00 NOTE
r-oldrel-windows-ix86+x86_64 2.2-0 6.00 204.00 210.00 NOTE

Check Details

Version: 2.2-0
Check: dependencies in R code
Result: NOTE
    'library' or 'require' calls in package code:
     ‘MASS’ ‘TSP’
     Please use :: or requireNamespace() instead.
     See section 'Suggested packages' in the 'Writing R Extensions' manual.
Flavors: r-devel-linux-x86_64-debian-clang, r-devel-linux-x86_64-debian-gcc, r-devel-linux-x86_64-fedora-clang, r-devel-linux-x86_64-fedora-gcc, r-devel-osx-x86_64-clang, r-devel-windows-ix86+x86_64, r-patched-linux-x86_64, r-patched-solaris-sparc, r-patched-solaris-x86, r-release-linux-x86_64, r-release-osx-x86_64-mavericks, r-release-osx-x86_64-snowleopard, r-release-windows-ix86+x86_64, r-oldrel-windows-ix86+x86_64

Version: 2.2-0
Check: R code for possible problems
Result: NOTE
    ginv.zalphasfn: no visible global function definition for ‘ginv’
    tspsimplex_projection: no visible global function definition for
     ‘solve_TSP’
    tspsimplex_projection: no visible global function definition for ‘TSP’
Flavors: r-devel-linux-x86_64-debian-clang, r-devel-linux-x86_64-debian-gcc, r-devel-linux-x86_64-fedora-clang, r-devel-linux-x86_64-fedora-gcc, r-devel-osx-x86_64-clang, r-devel-windows-ix86+x86_64, r-patched-linux-x86_64, r-patched-solaris-sparc, r-patched-solaris-x86, r-release-linux-x86_64, r-release-osx-x86_64-mavericks, r-release-osx-x86_64-snowleopard, r-release-windows-ix86+x86_64, r-oldrel-windows-ix86+x86_64

Version: 2.2-0
Check: package dependencies
Result: NOTE
    Package suggested but not available for checking: ‘ggplot2’
Flavor: r-release-osx-x86_64-snowleopard