CRAN Package Check Results for Package archetypes

Last updated on 2014-10-22 21:47:19.

Flavor Version Tinstall Tcheck Ttotal Status Flags
r-devel-linux-x86_64-debian-clang 2.2-0 1.36 146.83 148.19 NOTE
r-devel-linux-x86_64-debian-gcc 2.2-0 1.36 151.66 153.01 NOTE
r-devel-linux-x86_64-fedora-clang 2.2-0 304.94 NOTE
r-devel-linux-x86_64-fedora-gcc 2.2-0 305.11 NOTE
r-devel-osx-x86_64-clang 2.2-0 227.67 NOTE
r-devel-windows-ix86+x86_64 2.2-0 4.00 202.00 206.00 NOTE
r-patched-linux-x86_64 2.2-0 1.33 168.56 169.89 NOTE
r-patched-solaris-sparc 2.2-0 1805.60 NOTE
r-patched-solaris-x86 2.2-0 323.70 NOTE
r-release-linux-ix86 2.2-0 2.00 189.79 191.79 OK
r-release-linux-x86_64 2.2-0 1.40 157.57 158.97 OK
r-release-osx-x86_64-mavericks 2.2-0 NOTE
r-release-osx-x86_64-snowleopard 2.2-0 OK
r-release-windows-ix86+x86_64 2.2-0 5.00 234.00 239.00 OK
r-oldrel-windows-ix86+x86_64 2.2-0 5.00 213.00 218.00 OK

Check Details

Version: 2.2-0
Check: R code for possible problems
Result: NOTE
    ginv.zalphasfn: no visible global function definition for ‘ginv’
    tspsimplex_projection: no visible global function definition for
     ‘solve_TSP’
    tspsimplex_projection: no visible global function definition for ‘TSP’
Flavors: r-devel-linux-x86_64-debian-clang, r-devel-linux-x86_64-debian-gcc, r-devel-linux-x86_64-fedora-clang, r-devel-linux-x86_64-fedora-gcc, r-devel-osx-x86_64-clang, r-devel-windows-ix86+x86_64, r-patched-linux-x86_64, r-patched-solaris-sparc, r-patched-solaris-x86

Version: 2.2-0
Check: re-building of vignette outputs
Result: NOTE
    Error in re-building vignettes:
     ...
    Warning in method(..., k = k[i]) : k=11: zs > maxKappa
    Warning in method(..., k = k[i]) : k=12: zs > maxKappa
    Warning in method(..., k = k[i]) : k=12: zs > maxKappa
    Warning in method(..., k = k[i]) : k=12: zs > maxKappa
    Warning in method(..., k = k[i]) : k=13: zs > maxKappa
    Warning in method(..., k = k[i]) : k=13: zs > maxKappa
    Warning in method(..., k = k[i]) : k=13: zs > maxKappa
    Warning in method(..., k = k[i]) : k=14: zs > maxKappa
    Warning in method(..., k = k[i]) : k=14: zs > maxKappa
    Warning in method(..., k = k[i]) : k=14: zs > maxKappa
    Warning in method(..., k = k[i]) : k=15: zs > maxKappa
    Warning in axis(1, at = a, ...) : "axes" is not a graphical parameter
    Loading required package: grid
    Error in texi2dvi(file = file, pdf = TRUE, clean = clean, quiet = quiet, :
     Running 'texi2dvi' on 'archetypes.tex' failed.
    LaTeX errors:
    ! LaTeX Error: File `enumitem.sty' not found.
    
    Type X to quit or <RETURN> to proceed,
    or enter new name. (Default extension: sty)
    
    ign_test/archetypes/vignettes/archetypes.tex:4: ==> Fatal error occurred, no o
    utput PDF file produced!
    Calls: buildVignettes -> texi2pdf -> texi2dvi
    Execution halted
Flavor: r-release-osx-x86_64-mavericks