CRAN Package Check Results for Package archetypes

Last updated on 2014-09-21 05:47:22.

Flavor Version Tinstall Tcheck Ttotal Status Flags
r-devel-linux-x86_64-debian-clang 2.2-0 1.42 147.26 148.69 NOTE
r-devel-linux-x86_64-debian-gcc 2.2-0 1.36 146.21 147.58 NOTE
r-devel-linux-x86_64-fedora-clang 2.2-0 315.40 NOTE
r-devel-linux-x86_64-fedora-gcc 2.2-0 296.95 NOTE
r-devel-osx-x86_64-clang 2.2-0 228.42 NOTE
r-devel-windows-ix86+x86_64 2.2-0 4.00 202.00 206.00 NOTE
r-patched-linux-x86_64 2.2-0 1.37 154.89 156.26 OK
r-patched-solaris-sparc 2.2-0 1871.00 OK
r-patched-solaris-x86 2.2-0 322.20 OK
r-release-linux-ix86 2.2-0 1.98 191.42 193.41 OK
r-release-linux-x86_64 2.2-0 1.39 155.94 157.34 OK
r-release-osx-x86_64-mavericks 2.2-0 NOTE
r-release-osx-x86_64-snowleopard 2.2-0 OK
r-release-windows-ix86+x86_64 2.2-0 5.00 236.00 241.00 OK
r-oldrel-windows-ix86+x86_64 2.2-0 6.00 238.00 244.00 OK

Check Details

Version: 2.2-0
Check: R code for possible problems
Result: NOTE
    ginv.zalphasfn: no visible global function definition for ‘ginv’
    tspsimplex_projection: no visible global function definition for
     ‘solve_TSP’
    tspsimplex_projection: no visible global function definition for ‘TSP’
Flavors: r-devel-linux-x86_64-debian-clang, r-devel-linux-x86_64-debian-gcc, r-devel-linux-x86_64-fedora-clang, r-devel-linux-x86_64-fedora-gcc, r-devel-osx-x86_64-clang, r-devel-windows-ix86+x86_64

Version: 2.2-0
Check: re-building of vignette outputs
Result: NOTE
    Error in re-building vignettes:
     ...
    Warning in method(..., k = k[i]) : k=11: zs > maxKappa
    Warning in method(..., k = k[i]) : k=12: zs > maxKappa
    Warning in method(..., k = k[i]) : k=12: zs > maxKappa
    Warning in method(..., k = k[i]) : k=12: zs > maxKappa
    Warning in method(..., k = k[i]) : k=13: zs > maxKappa
    Warning in method(..., k = k[i]) : k=13: zs > maxKappa
    Warning in method(..., k = k[i]) : k=13: zs > maxKappa
    Warning in method(..., k = k[i]) : k=14: zs > maxKappa
    Warning in method(..., k = k[i]) : k=14: zs > maxKappa
    Warning in method(..., k = k[i]) : k=14: zs > maxKappa
    Warning in method(..., k = k[i]) : k=15: zs > maxKappa
    Warning in axis(1, at = a, ...) : "axes" is not a graphical parameter
    Loading required package: grid
    Error in texi2dvi(file = file, pdf = TRUE, clean = clean, quiet = quiet, :
     Running 'texi2dvi' on 'archetypes.tex' failed.
    LaTeX errors:
    ! LaTeX Error: File `enumitem.sty' not found.
    
    Type X to quit or <RETURN> to proceed,
    or enter new name. (Default extension: sty)
    
    ign_test/archetypes/vignettes/archetypes.tex:4: ==> Fatal error occurred, no o
    utput PDF file produced!
    Calls: buildVignettes -> texi2pdf -> texi2dvi
    Execution halted
Flavor: r-release-osx-x86_64-mavericks