CRAN Package Check Results for Package archetypes

Last updated on 2015-03-05 17:48:58.

Flavor Version Tinstall Tcheck Ttotal Status Flags
r-devel-linux-x86_64-debian-clang 2.2-0 1.72 141.10 142.82 NOTE
r-devel-linux-x86_64-debian-gcc 2.2-0 1.27 140.85 142.12 NOTE
r-devel-linux-x86_64-fedora-clang 2.2-0 282.49 NOTE
r-devel-linux-x86_64-fedora-gcc 2.2-0 276.88 NOTE
r-devel-osx-x86_64-clang 2.2-0 222.32 NOTE
r-devel-windows-ix86+x86_64 2.2-0 5.00 216.00 221.00 NOTE
r-patched-linux-x86_64 2.2-0 1.36 163.62 164.99 NOTE
r-patched-solaris-sparc 2.2-0 1893.40 NOTE
r-patched-solaris-x86 2.2-0 328.10 NOTE
r-release-linux-ix86 2.2-0 1.85 184.78 186.62 NOTE
r-release-linux-x86_64 2.2-0 1.32 153.60 154.92 NOTE
r-release-osx-x86_64-mavericks 2.2-0 NOTE
r-release-osx-x86_64-snowleopard 2.2-0 OK
r-release-windows-ix86+x86_64 2.2-0 5.00 234.00 239.00 NOTE
r-oldrel-windows-ix86+x86_64 2.2-0 6.00 230.00 236.00 OK

Check Details

Version: 2.2-0
Check: dependencies in R code
Result: NOTE
    'library' or 'require' calls in package code:
     ‘MASS’ ‘TSP’
     Please use :: or requireNamespace() instead.
     See section 'Suggested packages' in the 'Writing R Extensions' manual.
Flavors: r-devel-linux-x86_64-debian-clang, r-devel-linux-x86_64-debian-gcc, r-devel-linux-x86_64-fedora-clang, r-devel-linux-x86_64-fedora-gcc, r-devel-osx-x86_64-clang, r-devel-windows-ix86+x86_64, r-patched-linux-x86_64, r-patched-solaris-sparc, r-patched-solaris-x86

Version: 2.2-0
Check: R code for possible problems
Result: NOTE
    ginv.zalphasfn: no visible global function definition for ‘ginv’
    tspsimplex_projection: no visible global function definition for
     ‘solve_TSP’
    tspsimplex_projection: no visible global function definition for ‘TSP’
Flavors: r-devel-linux-x86_64-debian-clang, r-devel-linux-x86_64-debian-gcc, r-devel-linux-x86_64-fedora-clang, r-devel-linux-x86_64-fedora-gcc, r-devel-osx-x86_64-clang, r-devel-windows-ix86+x86_64, r-patched-linux-x86_64, r-patched-solaris-sparc, r-patched-solaris-x86, r-release-linux-ix86, r-release-linux-x86_64, r-release-osx-x86_64-mavericks, r-release-windows-ix86+x86_64