CRAN Package Check Results for Package archetypes

Last updated on 2015-01-27 01:47:57.

Flavor Version Tinstall Tcheck Ttotal Status Flags
r-devel-linux-x86_64-debian-clang 2.2-0 1.29 150.51 151.80 NOTE
r-devel-linux-x86_64-debian-gcc 2.2-0 1.33 137.44 138.77 NOTE
r-devel-linux-x86_64-fedora-clang 2.2-0 299.13 NOTE
r-devel-linux-x86_64-fedora-gcc 2.2-0 300.96 NOTE
r-devel-osx-x86_64-clang 2.2-0 228.66 NOTE
r-devel-windows-ix86+x86_64 2.2-0 6.00 214.00 220.00 NOTE
r-patched-linux-x86_64 2.2-0 1.43 156.47 157.90 NOTE
r-patched-solaris-sparc 2.2-0 1875.30 NOTE
r-patched-solaris-x86 2.2-0 325.60 NOTE
r-release-linux-ix86 2.2-0 1.69 180.13 181.82 NOTE
r-release-linux-x86_64 2.2-0 1.33 159.80 161.14 NOTE
r-release-osx-x86_64-mavericks 2.2-0 NOTE
r-release-osx-x86_64-snowleopard 2.2-0 OK
r-release-windows-ix86+x86_64 2.2-0 9.00 247.00 256.00 NOTE
r-oldrel-windows-ix86+x86_64 2.2-0 9.00 251.00 260.00 OK

Check Details

Version: 2.2-0
Check: dependencies in R code
Result: NOTE
    'library' or 'require' calls in package code:
     ‘MASS’ ‘TSP’
     Please use :: or requireNamespace() instead.
     See section 'Suggested packages' in the 'Writing R Extensions' manual.
Flavors: r-devel-linux-x86_64-debian-clang, r-devel-linux-x86_64-debian-gcc, r-devel-linux-x86_64-fedora-clang, r-devel-linux-x86_64-fedora-gcc, r-devel-osx-x86_64-clang, r-devel-windows-ix86+x86_64

Version: 2.2-0
Check: R code for possible problems
Result: NOTE
    ginv.zalphasfn: no visible global function definition for ‘ginv’
    tspsimplex_projection: no visible global function definition for
     ‘solve_TSP’
    tspsimplex_projection: no visible global function definition for ‘TSP’
Flavors: r-devel-linux-x86_64-debian-clang, r-devel-linux-x86_64-debian-gcc, r-devel-linux-x86_64-fedora-clang, r-devel-linux-x86_64-fedora-gcc, r-devel-osx-x86_64-clang, r-devel-windows-ix86+x86_64, r-patched-linux-x86_64, r-patched-solaris-sparc, r-patched-solaris-x86, r-release-linux-ix86, r-release-linux-x86_64, r-release-osx-x86_64-mavericks, r-release-windows-ix86+x86_64