CRAN Package Check Results for Package archetypes

Last updated on 2014-07-26 05:50:35.

Flavor Version Tinstall Tcheck Ttotal Status Flags
r-devel-linux-x86_64-debian-clang 2.2-0 1.39 159.58 160.97 OK
r-devel-linux-x86_64-debian-gcc 2.2-0 1.38 151.48 152.85 OK
r-devel-linux-x86_64-fedora-clang 2.2-0 340.13 OK
r-devel-linux-x86_64-fedora-gcc 2.2-0 324.45 OK
r-devel-osx-x86_64-clang 2.2-0 245.71 OK
r-devel-windows-ix86+x86_64 2.2-0 6.00 239.00 245.00 OK
r-patched-linux-x86_64 2.2-0 1.36 153.34 154.70 OK
r-patched-solaris-sparc 2.2-0 1762.30 OK
r-patched-solaris-x86 2.2-0 336.20 OK
r-release-linux-ix86 2.2-0 1.78 190.31 192.09 OK
r-release-linux-x86_64 2.2-0 1.46 154.59 156.06 OK
r-release-osx-x86_64-mavericks 2.2-0 NOTE
r-release-osx-x86_64-snowleopard 2.2-0 OK
r-release-windows-ix86+x86_64 2.2-0 5.00 233.00 238.00 OK
r-oldrel-windows-ix86+x86_64 2.2-0 6.00 224.00 230.00 OK

Check Details

Version: 2.2-0
Check: re-building of vignette outputs
Result: NOTE
    Error in re-building vignettes:
     ...
    Warning in method(..., k = k[i]) : k=11: zs > maxKappa
    Warning in method(..., k = k[i]) : k=12: zs > maxKappa
    Warning in method(..., k = k[i]) : k=12: zs > maxKappa
    Warning in method(..., k = k[i]) : k=12: zs > maxKappa
    Warning in method(..., k = k[i]) : k=13: zs > maxKappa
    Warning in method(..., k = k[i]) : k=13: zs > maxKappa
    Warning in method(..., k = k[i]) : k=13: zs > maxKappa
    Warning in method(..., k = k[i]) : k=14: zs > maxKappa
    Warning in method(..., k = k[i]) : k=14: zs > maxKappa
    Warning in method(..., k = k[i]) : k=14: zs > maxKappa
    Warning in method(..., k = k[i]) : k=15: zs > maxKappa
    Warning in axis(1, at = a, ...) : "axes" is not a graphical parameter
    Loading required package: grid
    Error in texi2dvi(file = file, pdf = TRUE, clean = clean, quiet = quiet, :
     Running 'texi2dvi' on 'archetypes.tex' failed.
    LaTeX errors:
    ! LaTeX Error: File `enumitem.sty' not found.
    
    Type X to quit or <RETURN> to proceed,
    or enter new name. (Default extension: sty)
    
    ign_test/archetypes/vignettes/archetypes.tex:4: ==> Fatal error occurred, no o
    utput PDF file produced!
    Calls: buildVignettes -> texi2pdf -> texi2dvi
    Execution halted
Flavor: r-release-osx-x86_64-mavericks