CRAN Package Check Results for Package archetypes

Last updated on 2014-04-25 05:47:11.

Flavor Version Tinstall Tcheck Ttotal Status Flags
r-devel-linux-x86_64-debian-clang 2.2-0 1.42 164.05 165.47 OK
r-devel-linux-x86_64-debian-gcc 2.2-0 1.50 160.94 162.44 OK
r-devel-linux-x86_64-fedora-clang 2.2-0 335.55 OK
r-devel-linux-x86_64-fedora-gcc 2.2-0 326.15 OK
r-devel-osx-x86_64-clang 2.2-0 224.05 OK
r-devel-osx-x86_64-gcc 2.2-0 ERROR
r-devel-windows-ix86+x86_64 2.2-0 4.00 219.00 223.00 OK
r-patched-linux-x86_64 2.2-0 1.45 159.55 161.00 OK
r-patched-solaris-sparc 2.2-0 1762.30 OK
r-patched-solaris-x86 2.2-0 329.60 OK
r-release-linux-ix86 2.2-0 2.00 226.00 228.00 OK
r-release-linux-x86_64 2.2-0 1.42 163.26 164.68 OK
r-release-osx-x86_64-mavericks 2.2-0 NOTE
r-release-osx-x86_64-snowleopard 2.2-0 OK
r-release-windows-ix86+x86_64 2.2-0 5.00 241.00 246.00 OK
r-oldrel-windows-ix86+x86_64 2.2-0 5.00 224.00 229.00 OK

Check Details

Version: 2.2-0
Check: package dependencies
Result: NOTE
    Packages suggested but not available for checking: ‘ggplot2’ ‘TSP’
Flavor: r-devel-osx-x86_64-gcc

Version: 2.2-0
Check: R code for possible problems
Result: NOTE
    tspsimplex_projection: no visible global function definition for
     ‘solve_TSP’
    tspsimplex_projection: no visible global function definition for ‘TSP’
Flavor: r-devel-osx-x86_64-gcc

Version: 2.2-0
Check: Rd cross-references
Result: NOTE
    Package unavailable to check Rd xrefs: ‘TSP’
Flavor: r-devel-osx-x86_64-gcc

Version: 2.2-0
Check: examples
Result: ERROR
    Running examples in ‘archetypes-Ex.R’ failed
    The error most likely occurred in:
    
    > ### Name: simplexplot
    > ### Title: Simplex visualization
    > ### Aliases: simplexplot
    >
    > ### ** Examples
    >
    > ### This example reproduces parts of the Figure 7 shown in
    > ### "Probabilistic Archetypal Analysis" by Seth and Eugster (2014)
    >
    > data("toy", package = "archetypes")
    >
    > set.seed(1234); a3 <- archetypes(toy, k = 3)
    > set.seed(1237); a4 <- archetypes(toy, k = 4)
    > set.seed(1238); a5 <- archetypes(toy, k = 5)
    >
    > simplexplot(a3)
    > simplexplot(a3, show_direction = TRUE, show_points = FALSE)
    > simplexplot(a4, projection = tspsimplex_projection)
    Loading required package: TSP
    Warning in library(package, lib.loc = lib.loc, character.only = TRUE, logical.return = TRUE, :
     there is no package called ‘TSP’
    Error: require("TSP") is not TRUE
    Execution halted
Flavor: r-devel-osx-x86_64-gcc

Version: 2.2-0
Check: re-building of vignette outputs
Result: NOTE
    Error in re-building vignettes:
     ...
    Warning in method(..., k = k[i]) : k=11: zs > maxKappa
    Warning in method(..., k = k[i]) : k=12: zs > maxKappa
    Warning in method(..., k = k[i]) : k=12: zs > maxKappa
    Warning in method(..., k = k[i]) : k=12: zs > maxKappa
    Warning in method(..., k = k[i]) : k=13: zs > maxKappa
    Warning in method(..., k = k[i]) : k=13: zs > maxKappa
    Warning in method(..., k = k[i]) : k=13: zs > maxKappa
    Warning in method(..., k = k[i]) : k=14: zs > maxKappa
    Warning in method(..., k = k[i]) : k=14: zs > maxKappa
    Warning in method(..., k = k[i]) : k=14: zs > maxKappa
    Warning in method(..., k = k[i]) : k=15: zs > maxKappa
    Warning in axis(1, at = a, ...) : "axes" is not a graphical parameter
    Loading required package: grid
    Error in texi2dvi(file = file, pdf = TRUE, clean = clean, quiet = quiet, :
     Running 'texi2dvi' on 'archetypes.tex' failed.
    LaTeX errors:
    ! LaTeX Error: File `enumitem.sty' not found.
    
    Type X to quit or <RETURN> to proceed,
    or enter new name. (Default extension: sty)
    
    ign_test/archetypes/vignettes/archetypes.tex:4: ==> Fatal error occurred, no o
    utput PDF file produced!
    Calls: buildVignettes -> texi2pdf -> texi2dvi
    Execution halted
Flavor: r-release-osx-x86_64-mavericks