CRAN Package Check Results for Package archetypes

Last updated on 2014-08-27 11:50:45.

Flavor Version Tinstall Tcheck Ttotal Status Flags
r-devel-linux-x86_64-debian-clang 2.2-0 1.48 148.12 149.60 NOTE
r-devel-linux-x86_64-debian-gcc 2.2-0 1.35 149.08 150.42 NOTE
r-devel-linux-x86_64-fedora-clang 2.2-0 316.26 NOTE
r-devel-linux-x86_64-fedora-gcc 2.2-0 305.77 NOTE
r-devel-osx-x86_64-clang 2.2-0 226.74 NOTE
r-devel-windows-ix86+x86_64 2.2-0 4.00 212.00 216.00 NOTE
r-patched-linux-x86_64 2.2-0 1.32 152.24 153.56 OK
r-patched-solaris-sparc 2.2-0 1871.00 OK
r-patched-solaris-x86 2.2-0 335.20 OK
r-release-linux-ix86 2.2-0 1.94 190.20 192.14 OK
r-release-linux-x86_64 2.2-0 1.38 153.08 154.46 OK
r-release-osx-x86_64-mavericks 2.2-0 NOTE
r-release-osx-x86_64-snowleopard 2.2-0 OK
r-release-windows-ix86+x86_64 2.2-0 5.00 229.00 234.00 OK
r-oldrel-windows-ix86+x86_64 2.2-0 5.00 222.00 227.00 OK

Check Details

Version: 2.2-0
Check: R code for possible problems
Result: NOTE
    ginv.zalphasfn: no visible global function definition for ‘ginv’
    tspsimplex_projection: no visible global function definition for
     ‘solve_TSP’
    tspsimplex_projection: no visible global function definition for ‘TSP’
Flavors: r-devel-linux-x86_64-debian-clang, r-devel-linux-x86_64-debian-gcc, r-devel-linux-x86_64-fedora-clang, r-devel-linux-x86_64-fedora-gcc, r-devel-osx-x86_64-clang, r-devel-windows-ix86+x86_64

Version: 2.2-0
Check: re-building of vignette outputs
Result: NOTE
    Error in re-building vignettes:
     ...
    Warning in method(..., k = k[i]) : k=11: zs > maxKappa
    Warning in method(..., k = k[i]) : k=12: zs > maxKappa
    Warning in method(..., k = k[i]) : k=12: zs > maxKappa
    Warning in method(..., k = k[i]) : k=12: zs > maxKappa
    Warning in method(..., k = k[i]) : k=13: zs > maxKappa
    Warning in method(..., k = k[i]) : k=13: zs > maxKappa
    Warning in method(..., k = k[i]) : k=13: zs > maxKappa
    Warning in method(..., k = k[i]) : k=14: zs > maxKappa
    Warning in method(..., k = k[i]) : k=14: zs > maxKappa
    Warning in method(..., k = k[i]) : k=14: zs > maxKappa
    Warning in method(..., k = k[i]) : k=15: zs > maxKappa
    Warning in axis(1, at = a, ...) : "axes" is not a graphical parameter
    Loading required package: grid
    Error in texi2dvi(file = file, pdf = TRUE, clean = clean, quiet = quiet, :
     Running 'texi2dvi' on 'archetypes.tex' failed.
    LaTeX errors:
    ! LaTeX Error: File `enumitem.sty' not found.
    
    Type X to quit or <RETURN> to proceed,
    or enter new name. (Default extension: sty)
    
    ign_test/archetypes/vignettes/archetypes.tex:4: ==> Fatal error occurred, no o
    utput PDF file produced!
    Calls: buildVignettes -> texi2pdf -> texi2dvi
    Execution halted
Flavor: r-release-osx-x86_64-mavericks