Last updated on 2025-01-16 12:49:15 CET.
Flavor | Version | Tinstall | Tcheck | Ttotal | Status | Flags |
---|---|---|---|---|---|---|
r-devel-linux-x86_64-debian-clang | 0.1.6 | 70.11 | 19.60 | 89.71 | OK | |
r-devel-linux-x86_64-debian-gcc | 0.1.6 | 56.07 | 16.14 | 72.21 | OK | |
r-devel-linux-x86_64-fedora-clang | 0.1.6 | 77.49 | OK | |||
r-devel-linux-x86_64-fedora-gcc | 0.1.6 | 125.54 | OK | |||
r-devel-windows-x86_64 | 0.1.6 | 73.00 | 58.00 | 131.00 | OK | |
r-patched-linux-x86_64 | 0.1.6 | 70.58 | 18.72 | 89.30 | OK | |
r-release-linux-x86_64 | 0.1.6 | 69.54 | 18.65 | 88.19 | OK | |
r-release-macos-arm64 | 0.1.6 | 42.00 | NOTE | |||
r-release-macos-x86_64 | 0.1.6 | 57.00 | NOTE | |||
r-release-windows-x86_64 | 0.1.6 | 79.00 | 60.00 | 139.00 | OK | |
r-oldrel-macos-arm64 | 0.1.6 | 47.00 | NOTE | |||
r-oldrel-macos-x86_64 | 0.1.6 | 70.00 | NOTE | |||
r-oldrel-windows-x86_64 | 0.1.6 | 88.00 | 67.00 | 155.00 | OK |
Version: 0.1.6
Check: installed package size
Result: NOTE
installed size is 8.3Mb
sub-directories of 1Mb or more:
libs 8.2Mb
Flavors: r-release-macos-arm64, r-release-macos-x86_64, r-oldrel-macos-arm64, r-oldrel-macos-x86_64