CRAN Package Check Results for Package arena2r

Last updated on 2022-08-14 16:50:07 CEST.

Flavor Version Tinstall Tcheck Ttotal Status Flags
r-devel-linux-x86_64-debian-clang 1.0.0 3.80 49.72 53.52 OK
r-devel-linux-x86_64-debian-gcc 1.0.0 2.76 37.04 39.80 OK
r-devel-linux-x86_64-fedora-clang 1.0.0 72.02 NOTE
r-devel-linux-x86_64-fedora-gcc 1.0.0 70.43 NOTE
r-devel-windows-x86_64 1.0.0 24.00 80.00 104.00 OK
r-patched-linux-x86_64 1.0.0 2.67 46.13 48.80 OK
r-release-linux-x86_64 1.0.0 2.36 45.72 48.08 OK
r-release-macos-arm64 1.0.0 23.00 NOTE
r-release-macos-x86_64 1.0.0 43.00 NOTE
r-release-windows-x86_64 1.0.0 36.00 79.00 115.00 OK
r-oldrel-macos-arm64 1.0.0 31.00 NOTE
r-oldrel-macos-x86_64 1.0.0 36.00 NOTE
r-oldrel-windows-ix86+x86_64 1.0.0 10.00 68.00 78.00 OK

Check Details

Version: 1.0.0
Check: dependencies in R code
Result: NOTE
    Namespaces in Imports field not imported from:
     ‘purrr’ ‘shinyBS’ ‘shinydashboard’ ‘shinyjs’
     All declared Imports should be used.
Flavors: r-devel-linux-x86_64-fedora-clang, r-devel-linux-x86_64-fedora-gcc, r-release-macos-arm64, r-release-macos-x86_64, r-oldrel-macos-arm64, r-oldrel-macos-x86_64