CRAN Package Check Results for Package arf3DS4

Last updated on 2015-03-03 03:48:48.

Flavor Version Tinstall Tcheck Ttotal Status Flags
r-devel-linux-x86_64-debian-clang 2.5-10 7.03 47.38 54.41 NOTE
r-devel-linux-x86_64-debian-gcc 2.5-10 7.28 46.71 53.99 NOTE
r-devel-linux-x86_64-fedora-clang 2.5-10 103.98 NOTE
r-devel-linux-x86_64-fedora-gcc 2.5-10 97.22 NOTE
r-devel-osx-x86_64-clang 2.5-10 106.17 NOTE
r-devel-windows-ix86+x86_64 2.5-10 22.00 75.00 97.00 NOTE
r-patched-linux-x86_64 2.5-10 8.94 51.93 60.87 OK
r-patched-solaris-sparc 2.5-10 739.30 OK
r-patched-solaris-x86 2.5-10 157.50 OK
r-release-linux-ix86 2.5-10 11.16 64.65 75.81 OK
r-release-linux-x86_64 2.5-10 9.57 50.16 59.73 OK
r-release-osx-x86_64-mavericks 2.5-10 OK
r-release-osx-x86_64-snowleopard 2.5-10 OK
r-release-windows-ix86+x86_64 2.5-10 17.00 76.00 93.00 OK
r-oldrel-windows-ix86+x86_64 2.5-10 18.00 86.00 104.00 OK

Check Details

Version: 2.5-10
Check: DESCRIPTION meta-information
Result: NOTE
    Malformed Title field: should not end in a period.
Flavors: r-devel-linux-x86_64-debian-clang, r-devel-linux-x86_64-debian-gcc, r-devel-linux-x86_64-fedora-clang, r-devel-linux-x86_64-fedora-gcc, r-devel-osx-x86_64-clang, r-devel-windows-ix86+x86_64