CRAN Package Check Results for Package arf3DS4

Last updated on 2018-05-21 04:48:50 CEST.

Flavor Version Tinstall Tcheck Ttotal Status Flags
r-devel-linux-x86_64-debian-clang 2.5-10 20.89 51.50 72.39 NOTE
r-devel-linux-x86_64-debian-gcc 2.5-10 22.75 64.05 86.80 NOTE
r-devel-linux-x86_64-fedora-clang 2.5-10 125.93 NOTE
r-devel-linux-x86_64-fedora-gcc 2.5-10 123.21 NOTE
r-devel-windows-ix86+x86_64 2.5-10 50.00 170.00 220.00 NOTE
r-patched-linux-x86_64 2.5-10 22.32 74.82 97.14 NOTE
r-patched-solaris-x86 2.5-10 160.90 NOTE
r-release-linux-x86_64 2.5-10 23.42 72.84 96.26 NOTE
r-release-windows-ix86+x86_64 2.5-10 42.00 91.00 133.00 NOTE
r-release-osx-x86_64 2.5-10 NOTE
r-oldrel-windows-ix86+x86_64 2.5-10 23.00 92.00 115.00 NOTE
r-oldrel-osx-x86_64 2.5-10 NOTE

Check Details

Version: 2.5-10
Check: DESCRIPTION meta-information
Result: NOTE
    Malformed Title field: should not end in a period.
Flavors: r-devel-linux-x86_64-debian-clang, r-devel-linux-x86_64-debian-gcc, r-devel-linux-x86_64-fedora-clang, r-devel-linux-x86_64-fedora-gcc, r-devel-windows-ix86+x86_64, r-patched-linux-x86_64, r-patched-solaris-x86, r-release-linux-x86_64, r-release-windows-ix86+x86_64, r-release-osx-x86_64, r-oldrel-windows-ix86+x86_64, r-oldrel-osx-x86_64

Version: 2.5-10
Check: R code for possible problems
Result: NOTE
    arf2Excel: no visible global function definition for ‘write.table’
    correlationTest: no visible global function definition for ‘cor.test’
    detSigmaDeriv: no visible global function definition for ‘deriv’
    differenceCor: no visible global function definition for ‘dnorm’
    fitModelOptim: no visible global function definition for ‘optim’
    fitSimpleModelOptim: no visible global function definition for ‘optim’
    fwhm.filter: no visible global function definition for ‘dnorm’
    fwhm.filter: no visible global function definition for ‘convolve’
    getHarvardOxford: no visible global function definition for
     ‘read.table’
    getTalairach: no visible global function definition for ‘read.table’
    makeColors: no visible global function definition for ‘rgb’
    makeDiscreteImage: no visible global function definition for ‘quantile’
    mcpCorrect: no visible global function definition for ‘pt’
    mcpCorrect: no visible global function definition for ‘qt’
    partialCor: no visible global function definition for ‘dt’
    readFSLmat: no visible global function definition for ‘read.table’
    readTimings: no visible global function definition for ‘read.table’
    setIsoContour: no visible global function definition for ‘qchisq’
    sliceColor: no visible global function definition for ‘rgb’
    tsCor: no visible global function definition for ‘cor’
    wald: no visible global function definition for ‘pf’
    plot,fmri.data-missing: no visible global function definition for
     ‘dev.cur’
    plot,fmri.data-missing: no visible global function definition for
     ‘dev.off’
    summary,fmri.data: no visible global function definition for ‘quantile’
    summary,fmri.data: no visible global function definition for ‘IQR’
    Undefined global functions or variables:
     IQR convolve cor cor.test deriv dev.cur dev.off dnorm dt optim pf pt
     qchisq qt quantile read.table rgb write.table
    Consider adding
     importFrom("grDevices", "dev.cur", "dev.off", "rgb")
     importFrom("stats", "IQR", "convolve", "cor", "cor.test", "deriv",
     "dnorm", "dt", "optim", "pf", "pt", "qchisq", "qt",
     "quantile")
     importFrom("utils", "read.table", "write.table")
    to your NAMESPACE file.
Flavors: r-devel-linux-x86_64-debian-clang, r-devel-linux-x86_64-debian-gcc, r-devel-linux-x86_64-fedora-clang, r-devel-linux-x86_64-fedora-gcc, r-devel-windows-ix86+x86_64, r-patched-linux-x86_64, r-patched-solaris-x86, r-release-linux-x86_64, r-release-windows-ix86+x86_64, r-release-osx-x86_64, r-oldrel-windows-ix86+x86_64, r-oldrel-osx-x86_64

Version: 2.5-10
Check: compiled code
Result: NOTE
    File ‘arf3DS4/libs/arf3DS4.so’:
     Found no calls to: ‘R_registerRoutines’, ‘R_useDynamicSymbols’
    
    It is good practice to register native routines and to disable symbol
    search.
    
    See ‘Writing portable packages’ in the ‘Writing R Extensions’ manual.
Flavors: r-devel-linux-x86_64-debian-clang, r-devel-linux-x86_64-debian-gcc, r-devel-linux-x86_64-fedora-clang, r-devel-linux-x86_64-fedora-gcc, r-patched-linux-x86_64, r-release-linux-x86_64