CRAN Package Check Results for Package arf3DS4

Last updated on 2015-09-02 06:47:48.

Flavor Version Tinstall Tcheck Ttotal Status Flags
r-devel-linux-x86_64-debian-clang 2.5-10 6.60 48.08 54.68 NOTE
r-devel-linux-x86_64-debian-gcc 2.5-10 7.09 46.86 53.94 NOTE
r-devel-linux-x86_64-fedora-clang 2.5-10 101.88 NOTE
r-devel-linux-x86_64-fedora-gcc 2.5-10 97.49 NOTE
r-devel-osx-x86_64-clang 2.5-10 89.00 NOTE
r-devel-windows-ix86+x86_64 2.5-10 19.00 79.00 98.00 NOTE
r-patched-linux-x86_64 2.5-10 7.32 48.24 55.56 NOTE
r-patched-solaris-sparc 2.5-10 664.30 NOTE
r-patched-solaris-x86 2.5-10 138.60 NOTE
r-release-linux-x86_64 2.5-10 7.59 48.33 55.92 NOTE
r-release-osx-x86_64-mavericks 2.5-10 NOTE
r-release-windows-ix86+x86_64 2.5-10 23.00 109.00 132.00 NOTE
r-oldrel-windows-ix86+x86_64 2.5-10 40.00 79.00 119.00 OK

Check Details

Version: 2.5-10
Check: DESCRIPTION meta-information
Result: NOTE
    Malformed Title field: should not end in a period.
Flavors: r-devel-linux-x86_64-debian-clang, r-devel-linux-x86_64-debian-gcc, r-devel-linux-x86_64-fedora-clang, r-devel-linux-x86_64-fedora-gcc, r-devel-osx-x86_64-clang, r-devel-windows-ix86+x86_64, r-patched-linux-x86_64, r-patched-solaris-sparc, r-patched-solaris-x86, r-release-linux-x86_64, r-release-osx-x86_64-mavericks, r-release-windows-ix86+x86_64

Version: 2.5-10
Check: R code for possible problems
Result: NOTE
    arf2Excel: no visible global function definition for ‘write.table’
    correlationTest: no visible global function definition for ‘cor.test’
    detSigmaDeriv: no visible global function definition for ‘deriv’
    differenceCor: no visible global function definition for ‘dnorm’
    fitModelOptim: no visible global function definition for ‘optim’
    fitSimpleModelOptim: no visible global function definition for ‘optim’
    fwhm.filter: no visible global function definition for ‘dnorm’
    fwhm.filter: no visible global function definition for ‘convolve’
    getHarvardOxford: no visible global function definition for
     ‘read.table’
    getTalairach: no visible global function definition for ‘read.table’
    makeColors: no visible global function definition for ‘rgb’
    makeDiscreteImage: no visible global function definition for ‘quantile’
    mcpCorrect: no visible global function definition for ‘pt’
    mcpCorrect: no visible global function definition for ‘qt’
    partialCor: no visible global function definition for ‘dt’
    readFSLmat: no visible global function definition for ‘read.table’
    readTimings: no visible global function definition for ‘read.table’
    setIsoContour: no visible global function definition for ‘qchisq’
    sliceColor: no visible global function definition for ‘rgb’
    tsCor: no visible global function definition for ‘cor’
    wald: no visible global function definition for ‘pf’
    plot,fmri.data-missing: no visible global function definition for
     ‘dev.cur’
    plot,fmri.data-missing: no visible global function definition for
     ‘dev.off’
    summary,fmri.data: no visible global function definition for ‘quantile’
    summary,fmri.data: no visible global function definition for ‘IQR’
    Undefined global functions or variables:
     IQR convolve cor cor.test deriv dev.cur dev.off dnorm dt optim pf pt
     qchisq qt quantile read.table rgb write.table
    Consider adding
     importFrom("grDevices", "dev.cur", "dev.off", "rgb")
     importFrom("stats", "IQR", "convolve", "cor", "cor.test", "deriv",
     "dnorm", "dt", "optim", "pf", "pt", "qchisq", "qt",
     "quantile")
     importFrom("utils", "read.table", "write.table")
    to your NAMESPACE.
Flavors: r-devel-linux-x86_64-debian-clang, r-devel-linux-x86_64-debian-gcc, r-devel-linux-x86_64-fedora-clang, r-devel-linux-x86_64-fedora-gcc, r-devel-windows-ix86+x86_64