CRAN Package Check Results for Package arf3DS4

Last updated on 2015-06-30 22:47:08.

Flavor Version Tinstall Tcheck Ttotal Status Flags
r-devel-linux-x86_64-debian-clang 2.5-10 7.19 46.90 54.09 NOTE
r-devel-linux-x86_64-debian-gcc 2.5-10 7.02 46.68 53.71 NOTE
r-devel-linux-x86_64-fedora-clang 2.5-10 104.58 NOTE
r-devel-linux-x86_64-fedora-gcc 2.5-10 99.31 NOTE
r-devel-osx-x86_64-clang 2.5-10 104.46 NOTE
r-devel-windows-ix86+x86_64 2.5-10 31.00 75.00 106.00 NOTE
r-patched-linux-x86_64 2.5-10 7.35 46.33 53.68 NOTE
r-patched-solaris-sparc 2.5-10 658.20 NOTE
r-patched-solaris-x86 2.5-10 141.10 NOTE
r-release-linux-x86_64 2.5-10 7.04 46.90 53.94 NOTE
r-release-osx-x86_64-mavericks 2.5-10 NOTE
r-release-windows-ix86+x86_64 2.5-10 14.00 92.00 106.00 NOTE
r-oldrel-windows-ix86+x86_64 2.5-10 29.00 79.00 108.00 OK

Check Details

Version: 2.5-10
Check: DESCRIPTION meta-information
Result: NOTE
    Malformed Title field: should not end in a period.
Flavors: r-devel-linux-x86_64-debian-clang, r-devel-linux-x86_64-debian-gcc, r-devel-linux-x86_64-fedora-clang, r-devel-linux-x86_64-fedora-gcc, r-devel-osx-x86_64-clang, r-devel-windows-ix86+x86_64, r-patched-linux-x86_64, r-patched-solaris-sparc, r-patched-solaris-x86, r-release-linux-x86_64, r-release-osx-x86_64-mavericks, r-release-windows-ix86+x86_64

Version: 2.5-10
Check: R code for possible problems
Result: NOTE
    arf2Excel: no visible global function definition for ‘write.table’
    correlationTest: no visible global function definition for ‘cor.test’
    detSigmaDeriv: no visible global function definition for ‘deriv’
    differenceCor: no visible global function definition for ‘dnorm’
    fitModelOptim: no visible global function definition for ‘optim’
    fitSimpleModelOptim: no visible global function definition for ‘optim’
    fwhm.filter: no visible global function definition for ‘dnorm’
    fwhm.filter: no visible global function definition for ‘convolve’
    getHarvardOxford: no visible global function definition for
     ‘read.table’
    getTalairach: no visible global function definition for ‘read.table’
    makeColors: no visible global function definition for ‘rgb’
    makeDiscreteImage: no visible global function definition for ‘quantile’
    mcpCorrect: no visible global function definition for ‘pt’
    mcpCorrect: no visible global function definition for ‘qt’
    partialCor: no visible global function definition for ‘dt’
    readFSLmat: no visible global function definition for ‘read.table’
    readTimings: no visible global function definition for ‘read.table’
    setIsoContour: no visible global function definition for ‘qchisq’
    sliceColor: no visible global function definition for ‘rgb’
    tsCor: no visible global function definition for ‘cor’
    wald: no visible global function definition for ‘pf’
Flavors: r-devel-linux-x86_64-debian-clang, r-devel-linux-x86_64-debian-gcc, r-devel-linux-x86_64-fedora-clang, r-devel-linux-x86_64-fedora-gcc