CRAN Package Check Results for Package arf3DS4

Last updated on 2015-04-28 08:50:13.

Flavor Version Tinstall Tcheck Ttotal Status Flags
r-devel-linux-x86_64-debian-clang 2.5-10 6.76 47.88 54.64 NOTE
r-devel-linux-x86_64-debian-gcc 2.5-10 7.61 47.10 54.71 NOTE
r-devel-linux-x86_64-fedora-clang 2.5-10 107.12 NOTE
r-devel-linux-x86_64-fedora-gcc 2.5-10 100.45 NOTE
r-devel-osx-x86_64-clang 2.5-10 101.20 NOTE
r-devel-windows-ix86+x86_64 2.5-10 20.00 71.00 91.00 NOTE
r-patched-linux-x86_64 2.5-10 7.08 46.29 53.37 NOTE
r-patched-solaris-sparc 2.5-10 667.60 NOTE
r-patched-solaris-x86 2.5-10 134.60 NOTE
r-release-linux-x86_64 2.5-10 7.02 46.30 53.32 NOTE
r-release-osx-x86_64-mavericks 2.5-10 NOTE
r-release-osx-x86_64-snowleopard 2.5-10 NOTE
r-release-windows-ix86+x86_64 2.5-10 14.00 92.00 106.00 NOTE
r-oldrel-windows-ix86+x86_64 2.5-10 29.00 79.00 108.00 OK

Check Details

Version: 2.5-10
Check: DESCRIPTION meta-information
Result: NOTE
    Malformed Title field: should not end in a period.
Flavors: r-devel-linux-x86_64-debian-clang, r-devel-linux-x86_64-debian-gcc, r-devel-linux-x86_64-fedora-clang, r-devel-linux-x86_64-fedora-gcc, r-devel-osx-x86_64-clang, r-devel-windows-ix86+x86_64, r-patched-solaris-sparc, r-patched-solaris-x86, r-release-linux-x86_64, r-release-osx-x86_64-mavericks, r-release-osx-x86_64-snowleopard, r-release-windows-ix86+x86_64