CRAN Package Check Results for Package arfima

Last updated on 2015-03-31 11:49:36.

Flavor Version Tinstall Tcheck Ttotal Status Flags
r-devel-linux-x86_64-debian-clang 1.2-7 2.05 32.44 34.49 NOTE
r-devel-linux-x86_64-debian-gcc 1.2-7 1.60 30.68 32.28 NOTE
r-devel-linux-x86_64-fedora-clang 1.2-7 63.41 NOTE
r-devel-linux-x86_64-fedora-gcc 1.2-7 60.11 NOTE
r-devel-osx-x86_64-clang 1.2-7 66.00 NOTE
r-prerel-windows-ix86+x86_64 1.2-7 13.00 61.00 74.00 NOTE
r-prerel-linux-x86_64 1.2-7 1.58 31.15 32.73 NOTE
r-prerel-solaris-sparc 1.2-7 446.60 NOTE
r-prerel-solaris-x86 1.2-7 74.40 NOTE
r-release-linux-x86_64 1.2-7 1.82 34.27 36.09 NOTE
r-release-osx-x86_64-mavericks 1.2-7 NOTE
r-release-osx-x86_64-snowleopard 1.2-7 OK
r-release-windows-ix86+x86_64 1.2-7 10.00 72.00 82.00 NOTE
r-oldrel-windows-ix86+x86_64 1.2-7 9.00 70.00 79.00 OK

Check Details

Version: 1.2-7
Check: line endings in Makefiles
Result: NOTE
    Found the following Makefile(s) without a final LF:
     src/Makevars
    Some ‘make’ programs ignore lines not ending in LF.
Flavors: r-devel-linux-x86_64-debian-clang, r-devel-linux-x86_64-debian-gcc, r-devel-linux-x86_64-fedora-clang, r-devel-linux-x86_64-fedora-gcc, r-devel-osx-x86_64-clang, r-prerel-windows-ix86+x86_64, r-prerel-linux-x86_64, r-prerel-solaris-sparc, r-prerel-solaris-x86, r-release-linux-x86_64, r-release-osx-x86_64-mavericks, r-release-windows-ix86+x86_64