CRAN Package Check Results for Package arfima

Last updated on 2015-04-26 03:47:27.

Flavor Version Tinstall Tcheck Ttotal Status Flags
r-devel-linux-x86_64-debian-clang 1.2-7 1.64 32.04 33.68 NOTE
r-devel-linux-x86_64-debian-gcc 1.2-7 1.64 32.53 34.17 NOTE
r-devel-linux-x86_64-fedora-clang 1.2-7 63.08 NOTE
r-devel-linux-x86_64-fedora-gcc 1.2-7 63.63 NOTE
r-devel-osx-x86_64-clang 1.2-7 59.57 NOTE
r-devel-windows-ix86+x86_64 1.2-7 10.00 60.00 70.00 NOTE
r-patched-linux-x86_64 1.2-7 1.65 32.39 34.04 NOTE
r-patched-solaris-sparc 1.2-7 446.60 NOTE
r-patched-solaris-x86 1.2-7 76.40 NOTE
r-release-linux-x86_64 1.2-7 1.59 30.97 32.56 NOTE
r-release-osx-x86_64-mavericks 1.2-7 NOTE
r-release-osx-x86_64-snowleopard 1.2-7 NOTE
r-release-windows-ix86+x86_64 1.2-7 6.00 73.00 79.00 NOTE
r-oldrel-windows-ix86+x86_64 1.2-7 10.00 72.00 82.00 NOTE

Check Details

Version: 1.2-7
Check: line endings in Makefiles
Result: NOTE
    Found the following Makefile(s) without a final LF:
     src/Makevars
    Some 'make' programs ignore lines not ending in LF.
Flavors: r-devel-windows-ix86+x86_64, r-release-windows-ix86+x86_64, r-oldrel-windows-ix86+x86_64