CRAN Package Check Results for Package arfima

Last updated on 2014-04-23 17:47:40.

Flavor Version Tinstall Tcheck Ttotal Status Flags
r-devel-linux-x86_64-debian-clang 1.2-5 1.72 34.69 36.41 NOTE
r-devel-linux-x86_64-debian-gcc 1.2-5 1.78 35.33 37.11 NOTE
r-devel-linux-x86_64-fedora-clang 1.2-5 70.31 NOTE
r-devel-linux-x86_64-fedora-gcc 1.2-5 67.40 NOTE
r-devel-osx-x86_64-clang 1.2-5 57.14 NOTE
r-devel-osx-x86_64-gcc 1.2-5 NOTE
r-devel-windows-ix86+x86_64 1.2-5 8.00 57.00 65.00 NOTE
r-patched-linux-x86_64 1.2-5 1.64 34.92 36.56 NOTE
r-patched-solaris-sparc 1.2-5 435.00 NOTE
r-patched-solaris-x86 1.2-5 81.70 NOTE
r-release-linux-ix86 1.2-5 3.00 55.00 58.00 NOTE
r-release-linux-x86_64 1.2-5 1.76 34.29 36.06 NOTE
r-release-osx-x86_64-mavericks 1.2-5 NOTE
r-release-osx-x86_64-snowleopard 1.2-5 OK
r-release-windows-ix86+x86_64 1.2-5 16.00 82.00 98.00 NOTE
r-oldrel-windows-ix86+x86_64 1.2-5 9.00 64.00 73.00 NOTE

Memtest notes: UBSAN

Check Details

Version: 1.2-5
Check: dependencies in R code
Result: NOTE
    Package in Depends field not imported from: ‘ltsa’
     These packages need to be imported from (in the NAMESPACE file)
     for when this namespace is loaded but not attached.
    See the information on DESCRIPTION files in the chapter ‘Creating R
    packages’ of the ‘Writing R Extensions’ manual.
Flavors: r-devel-linux-x86_64-debian-clang, r-devel-linux-x86_64-debian-gcc, r-devel-linux-x86_64-fedora-clang, r-devel-linux-x86_64-fedora-gcc, r-devel-osx-x86_64-clang, r-devel-osx-x86_64-gcc, r-devel-windows-ix86+x86_64, r-patched-linux-x86_64, r-patched-solaris-sparc, r-patched-solaris-x86, r-release-linux-ix86, r-release-linux-x86_64, r-release-osx-x86_64-mavericks, r-release-windows-ix86+x86_64, r-oldrel-windows-ix86+x86_64

Version: 1.2-5
Check: Rd line widths
Result: NOTE
    Rd file 'SeriesJ.Rd':
     \examples lines wider than 100 characters:
     fitTF1 <- arfima(YJ, order= c(2, 0, 0), xreg = XJ, reglist = list(regpar = c(2, 2, 3)), lmodel = "n")
     fitTF2 <- arfima(YJ, order= c(2, 0, 0), xreg = XJ, reglist = list(regpar = c(1, 2, 3)), lmodel = "n", dmean = FALSE) #dmean = FALSE to ... [TRUNCATED]
    
    Rd file 'arfima-package.Rd':
     \examples lines wider than 100 characters:
     fitTF <- arfima(YJ, order= c(2, 0, 0), xreg = XJ, reglist = list(regpar = c(1, 2, 3)), lmodel = "n", dmean = FALSE)
    
    Rd file 'arfima.Rd':
     \examples lines wider than 100 characters:
     fitTF <- arfima(YJ, order= c(2, 0, 0), xreg = XJ, reglist = list(regpar = c(1, 2, 3)), lmodel = "n", dmean = FALSE)
    
    Rd file 'arfima.sim.Rd':
     \usage lines wider than 90 characters:
     useC = 3, sigma2 = 1, rand.gen = rnorm, muHat = 0, zinit = NULL, innov = NULL, ...)
    
    These lines will be truncated in the PDF manual.
Flavors: r-devel-linux-x86_64-fedora-clang, r-devel-linux-x86_64-fedora-gcc