CRAN Package Check Results for Package arfima

Last updated on 2017-02-20 11:50:20.

Flavor Version Tinstall Tcheck Ttotal Status Flags
r-devel-linux-x86_64-debian-clang 1.3-4 2.11 37.17 39.28 NOTE
r-devel-linux-x86_64-debian-gcc 1.3-4 1.79 36.58 38.37 NOTE
r-devel-linux-x86_64-fedora-clang 1.3-4 67.58 NOTE --no-stop-on-test-error
r-devel-linux-x86_64-fedora-gcc 1.3-4 65.88 NOTE --no-stop-on-test-error
r-devel-macos-x86_64-clang 1.3-4 57.38 NOTE --no-stop-on-test-error
r-devel-windows-ix86+x86_64 1.3-4 8.00 109.00 117.00 OK
r-patched-linux-x86_64 1.3-4 1.74 32.12 33.85 OK
r-patched-solaris-sparc 1.3-4 424.50 OK
r-patched-solaris-x86 1.3-4 71.30 OK
r-release-linux-x86_64 1.3-4 1.67 31.90 33.58 OK
r-release-osx-x86_64-mavericks 1.3-4 OK
r-release-windows-ix86+x86_64 1.3-4 8.00 71.00 79.00 OK
r-oldrel-windows-ix86+x86_64 1.3-4 9.00 69.00 78.00 OK

Check Details

Version: 1.3-4
Check: compiled code
Result: NOTE
    File ‘arfima/libs/arfima.so’:
     Found no calls to: ‘R_registerRoutines’, ‘R_useDynamicSymbols’
    
    It is good practice to register native routines and to disable symbol
    search.
    
    See ‘Writing portable packages’ in the ‘Writing R Extensions’ manual.
Flavors: r-devel-linux-x86_64-debian-clang, r-devel-linux-x86_64-debian-gcc

Version: 1.3-4
Flags: --no-stop-on-test-error
Check: compiled code
Result: NOTE
    File ‘arfima/libs/arfima.so’:
     Found no calls to: ‘R_registerRoutines’, ‘R_useDynamicSymbols’
    
    It is good practice to register native routines and to disable symbol
    search.
    
    See ‘Writing portable packages’ in the ‘Writing R Extensions’ manual.
Flavors: r-devel-linux-x86_64-fedora-clang, r-devel-linux-x86_64-fedora-gcc, r-devel-macos-x86_64-clang