CRAN Package Check Results for Package arfima

Last updated on 2017-04-28 06:48:27.

Flavor Version Tinstall Tcheck Ttotal Status Flags
r-devel-linux-x86_64-debian-clang 1.3-4 2.06 36.94 39.00 NOTE
r-devel-linux-x86_64-debian-gcc 1.3-4 1.82 36.33 38.15 NOTE
r-devel-linux-x86_64-fedora-clang 1.3-4 68.59 NOTE --no-stop-on-test-error
r-devel-linux-x86_64-fedora-gcc 1.3-4 66.76 NOTE --no-stop-on-test-error
r-devel-windows-ix86+x86_64 1.3-4 17.00 88.00 105.00 OK
r-patched-linux-x86_64 1.3-4 2.00 36.40 38.40 NOTE
r-patched-solaris-sparc 1.3-4 465.30 OK
r-patched-solaris-x86 1.3-4 80.60 OK
r-release-linux-x86_64 1.3-4 1.70 36.16 37.86 NOTE
r-release-windows-ix86+x86_64 1.3-4 10.00 80.00 90.00 OK
r-release-osx-x86_64 1.3-4 OK
r-oldrel-windows-ix86+x86_64 1.3-4 8.00 71.00 79.00 OK
r-oldrel-osx-x86_64 1.3-4 OK

Check Details

Version: 1.3-4
Check: compiled code
Result: NOTE
    File ‘arfima/libs/arfima.so’:
     Found no calls to: ‘R_registerRoutines’, ‘R_useDynamicSymbols’
    
    It is good practice to register native routines and to disable symbol
    search.
    
    See ‘Writing portable packages’ in the ‘Writing R Extensions’ manual.
Flavors: r-devel-linux-x86_64-debian-clang, r-devel-linux-x86_64-debian-gcc, r-patched-linux-x86_64, r-release-linux-x86_64

Version: 1.3-4
Flags: --no-stop-on-test-error
Check: compiled code
Result: NOTE
    File ‘arfima/libs/arfima.so’:
     Found no calls to: ‘R_registerRoutines’, ‘R_useDynamicSymbols’
    
    It is good practice to register native routines and to disable symbol
    search.
    
    See ‘Writing portable packages’ in the ‘Writing R Extensions’ manual.
Flavors: r-devel-linux-x86_64-fedora-clang, r-devel-linux-x86_64-fedora-gcc