CRAN Package Check Results for Package arfima

Last updated on 2015-07-03 09:46:45.

Flavor Version Tinstall Tcheck Ttotal Status Flags
r-devel-linux-x86_64-debian-clang 1.2-7 1.53 32.13 33.66 NOTE
r-devel-linux-x86_64-debian-gcc 1.2-7 1.63 30.34 31.98 NOTE
r-devel-linux-x86_64-fedora-clang 1.2-7 60.61 NOTE
r-devel-linux-x86_64-fedora-gcc 1.2-7 58.55 NOTE
r-devel-osx-x86_64-clang 1.2-7 59.44 NOTE
r-devel-windows-ix86+x86_64 1.2-7 12.00 54.00 66.00 NOTE
r-patched-linux-x86_64 1.2-7 1.60 31.06 32.67 NOTE
r-patched-solaris-sparc 1.2-7 441.00 NOTE
r-patched-solaris-x86 1.2-7 76.00 NOTE
r-release-linux-x86_64 1.2-7 1.56 30.86 32.42 NOTE
r-release-osx-x86_64-mavericks 1.2-7 NOTE
r-release-windows-ix86+x86_64 1.2-7 9.00 60.00 69.00 NOTE
r-oldrel-windows-ix86+x86_64 1.2-7 10.00 72.00 82.00 NOTE

Check Details

Version: 1.2-7
Check: R code for possible problems
Result: NOTE
    AIC.arfima: no visible global function definition for ‘logLik’
    AIC.arfima: no visible global function definition for ‘AIC’
    BIC.arfima: no visible global function definition for ‘logLik’
    BIC.arfima: no visible global function definition for ‘AIC’
    Boot.arfima: no visible global function definition for ‘ts’
    TrFore: no visible global function definition for ‘toeplitz’
    arfima: no visible global function definition for ‘is.ts’
    arfima: no visible global function definition for ‘optim’
    arfima: no visible global function definition for ‘runif’
    arfima.sim: no visible binding for global variable ‘rnorm’
    arfima.sim: no visible global function definition for ‘as.ts’
    arfima.sim.work: no visible binding for global variable ‘rnorm’
    arfima0: no visible global function definition for ‘optim’
    arfimaFit: no visible global function definition for ‘optim’
    arfimaFitpar: no visible global function definition for ‘optim’
    exactVals: no visible global function definition for ‘toeplitz’
    getnames: no visible global function definition for ‘coef’
    iARMA: no visible global function definition for ‘toeplitz’
    iARMAapprox: no visible global function definition for ‘toeplitz’
    logLik.arfima: no visible global function definition for ‘coef’
    mix: no visible global function definition for ‘fft’
    mult: no visible global function definition for ‘convolve’
    plot.predarfima: no visible global function definition for ‘par’
    plot.predarfima: no visible global function definition for ‘qnorm’
    plot.predarfima: no visible global function definition for ‘layout’
    plot.predarfima: no visible global function definition for
     ‘plot.default’
    plot.predarfima: no visible global function definition for ‘legend’
    plot.predarfima: no visible global function definition for ‘text’
    plot.tacvf: no visible global function definition for ‘plot’
    plot.tacvf: no visible global function definition for ‘lines’
    plot.tacvf: no visible global function definition for ‘legend’
    plotpredARFIMA: no visible global function definition for ‘plot’
    plotpredARFIMA: no visible global function definition for ‘lines’
    predict.arfima: no visible global function definition for ‘resid’
    print.summary.arfima: no visible global function definition for
     ‘printCoefmat’
    summary.arfima: no visible global function definition for ‘coef’
    summary.arfima: no visible global function definition for ‘vcov’
    summary.arfima: no visible global function definition for ‘logLik’
    summary.arfima: no visible global function definition for ‘AIC’
    summary.arfima: no visible global function definition for ‘pnorm’
    tacfplot: no visible global function definition for ‘plot’
    tacfplot: no visible global function definition for ‘lines’
    tacfplot: no visible global function definition for ‘legend’
    tacvfARFIMA: no visible global function definition for ‘nextn’
    tacvfFARMA: no visible global function definition for ‘nextn’
    weed: no visible global function definition for ‘na.omit’
    Undefined global functions or variables:
     AIC as.ts coef convolve fft is.ts layout legend lines logLik na.omit
     nextn optim par plot plot.default pnorm printCoefmat qnorm resid
     rnorm runif text toeplitz ts vcov
Flavors: r-devel-linux-x86_64-debian-clang, r-devel-linux-x86_64-debian-gcc, r-devel-linux-x86_64-fedora-clang, r-devel-linux-x86_64-fedora-gcc

Version: 1.2-7
Check: line endings in Makefiles
Result: NOTE
    Found the following Makefile(s) without a final LF:
     src/Makevars
    Some ‘make’ programs ignore lines not ending in LF.
Flavors: r-devel-linux-x86_64-debian-clang, r-devel-linux-x86_64-debian-gcc, r-devel-linux-x86_64-fedora-clang, r-devel-linux-x86_64-fedora-gcc, r-devel-osx-x86_64-clang, r-devel-windows-ix86+x86_64, r-patched-linux-x86_64, r-patched-solaris-sparc, r-patched-solaris-x86, r-release-linux-x86_64, r-release-osx-x86_64-mavericks, r-release-windows-ix86+x86_64, r-oldrel-windows-ix86+x86_64