CRAN Package Check Results for Package arfima

Last updated on 2015-01-25 09:51:22.

Flavor Version Tinstall Tcheck Ttotal Status Flags
r-devel-linux-x86_64-debian-clang 1.2-7 1.69 33.35 35.04 NOTE
r-devel-linux-x86_64-debian-gcc 1.2-7 1.77 32.53 34.30 NOTE
r-devel-linux-x86_64-fedora-clang 1.2-7 69.24 NOTE
r-devel-linux-x86_64-fedora-gcc 1.2-7 66.77 NOTE
r-devel-osx-x86_64-clang 1.2-7 64.36 NOTE
r-devel-windows-ix86+x86_64 1.2-7 9.00 60.00 69.00 NOTE
r-patched-linux-x86_64 1.2-7 1.75 33.87 35.62 NOTE
r-patched-solaris-sparc 1.2-7 473.40 OK
r-patched-solaris-x86 1.2-7 81.60 NOTE
r-release-linux-ix86 1.2-7 2.40 41.73 44.13 OK
r-release-linux-x86_64 1.2-7 1.84 34.06 35.89 OK
r-release-osx-x86_64-mavericks 1.2-7 NOTE
r-release-osx-x86_64-snowleopard 1.2-7 OK
r-release-windows-ix86+x86_64 1.2-7 9.00 62.00 71.00 OK
r-oldrel-windows-ix86+x86_64 1.2-7 9.00 70.00 79.00 OK

Check Details

Version: 1.2-7
Check: line endings in Makefiles
Result: NOTE
    Found the following Makefile(s) without a final LF:
     src/Makevars
    Some ‘make’ programs ignore lines not ending in LF.
Flavors: r-devel-linux-x86_64-debian-clang, r-devel-linux-x86_64-debian-gcc, r-devel-linux-x86_64-fedora-clang, r-devel-linux-x86_64-fedora-gcc, r-devel-osx-x86_64-clang, r-devel-windows-ix86+x86_64, r-patched-linux-x86_64, r-patched-solaris-x86, r-release-osx-x86_64-mavericks