CRAN Package Check Results for Package arfima

Last updated on 2017-03-24 06:47:58.

Flavor Version Tinstall Tcheck Ttotal Status Flags
r-devel-linux-x86_64-debian-clang 1.3-4 2.16 37.37 39.53 NOTE
r-devel-linux-x86_64-debian-gcc 1.3-4 1.72 36.89 38.62 NOTE
r-devel-linux-x86_64-fedora-clang 1.3-4 68.41 NOTE --no-stop-on-test-error
r-devel-linux-x86_64-fedora-gcc 1.3-4 68.90 NOTE --no-stop-on-test-error
r-devel-macos-x86_64-clang 1.3-4 56.95 NOTE --no-stop-on-test-error
r-devel-windows-ix86+x86_64 1.3-4 10.00 84.00 94.00 OK
r-patched-linux-x86_64 1.3-4 1.60 32.60 34.19 OK
r-patched-solaris-sparc 1.3-4 465.30 OK
r-patched-solaris-x86 1.3-4 81.00 OK
r-release-linux-x86_64 1.3-4 1.67 32.16 33.83 OK
r-release-osx-x86_64-mavericks 1.3-4 OK
r-release-windows-ix86+x86_64 1.3-4 8.00 71.00 79.00 OK
r-oldrel-windows-ix86+x86_64 1.3-4 9.00 69.00 78.00 OK

Check Details

Version: 1.3-4
Check: compiled code
Result: NOTE
    File ‘arfima/libs/arfima.so’:
     Found no calls to: ‘R_registerRoutines’, ‘R_useDynamicSymbols’
    
    It is good practice to register native routines and to disable symbol
    search.
    
    See ‘Writing portable packages’ in the ‘Writing R Extensions’ manual.
Flavors: r-devel-linux-x86_64-debian-clang, r-devel-linux-x86_64-debian-gcc

Version: 1.3-4
Flags: --no-stop-on-test-error
Check: compiled code
Result: NOTE
    File ‘arfima/libs/arfima.so’:
     Found no calls to: ‘R_registerRoutines’, ‘R_useDynamicSymbols’
    
    It is good practice to register native routines and to disable symbol
    search.
    
    See ‘Writing portable packages’ in the ‘Writing R Extensions’ manual.
Flavors: r-devel-linux-x86_64-fedora-clang, r-devel-linux-x86_64-fedora-gcc, r-devel-macos-x86_64-clang