CRAN Package Check Results for Package arfima

Last updated on 2015-05-29 11:48:44.

Flavor Version Tinstall Tcheck Ttotal Status Flags
r-devel-linux-x86_64-debian-clang 1.2-7 1.55 31.78 33.32 NOTE
r-devel-linux-x86_64-debian-gcc 1.2-7 1.70 32.76 34.46 NOTE
r-devel-linux-x86_64-fedora-clang 1.2-7 66.27 NOTE
r-devel-linux-x86_64-fedora-gcc 1.2-7 59.60 NOTE
r-devel-osx-x86_64-clang 1.2-7 58.90 NOTE
r-devel-windows-ix86+x86_64 1.2-7 9.00 61.00 70.00 NOTE
r-patched-linux-x86_64 1.2-7 1.55 30.95 32.50 NOTE
r-patched-solaris-sparc 1.2-7 441.00 NOTE
r-patched-solaris-x86 1.2-7 76.30 NOTE
r-release-linux-x86_64 1.2-7 1.66 31.38 33.04 NOTE
r-release-osx-x86_64-mavericks 1.2-7 NOTE
r-release-osx-x86_64-snowleopard 1.2-7 NOTE
r-release-windows-ix86+x86_64 1.2-7 6.00 73.00 79.00 NOTE
r-oldrel-windows-ix86+x86_64 1.2-7 10.00 72.00 82.00 NOTE

Check Details

Version: 1.2-7
Check: line endings in Makefiles
Result: NOTE
    Found the following Makefile(s) without a final LF:
     src/Makevars
    Some ‘make’ programs ignore lines not ending in LF.
Flavors: r-devel-linux-x86_64-debian-clang, r-devel-linux-x86_64-debian-gcc, r-devel-linux-x86_64-fedora-clang, r-devel-linux-x86_64-fedora-gcc, r-devel-osx-x86_64-clang, r-devel-windows-ix86+x86_64, r-patched-linux-x86_64, r-patched-solaris-sparc, r-patched-solaris-x86, r-release-linux-x86_64, r-release-osx-x86_64-mavericks, r-release-osx-x86_64-snowleopard, r-release-windows-ix86+x86_64, r-oldrel-windows-ix86+x86_64