CRAN Package Check Results for Package arfima

Last updated on 2017-06-22 13:46:35.

Flavor Version Tinstall Tcheck Ttotal Status Flags
r-devel-linux-x86_64-debian-clang 1.4-0 2.23 33.43 35.66 OK
r-devel-linux-x86_64-debian-gcc 1.3-4 1.90 36.97 38.87 NOTE
r-devel-linux-x86_64-fedora-clang 1.4-0 58.57 OK
r-devel-linux-x86_64-fedora-gcc 1.4-0 40.80 OK
r-devel-windows-ix86+x86_64 1.4-0 17.00 93.00 110.00 OK
r-patched-linux-x86_64 1.4-0 2.09 32.90 34.99 OK
r-patched-solaris-sparc 1.3-4 465.30 OK
r-patched-solaris-x86 1.4-0 70.10 OK
r-release-linux-x86_64 1.4-0 2.07 32.59 34.66 OK
r-release-windows-ix86+x86_64 1.4-0 11.00 69.00 80.00 OK
r-release-osx-x86_64 1.3-4 OK
r-oldrel-windows-ix86+x86_64 1.4-0 19.00 79.00 98.00 OK
r-oldrel-osx-x86_64 1.4-0 OK

Check Details

Version: 1.3-4
Check: compiled code
Result: NOTE
    File ‘arfima/libs/arfima.so’:
     Found no calls to: ‘R_registerRoutines’, ‘R_useDynamicSymbols’
    
    It is good practice to register native routines and to disable symbol
    search.
    
    See ‘Writing portable packages’ in the ‘Writing R Extensions’ manual.
Flavor: r-devel-linux-x86_64-debian-gcc