CRAN Package Check Results for Package argosfilter

Last updated on 2016-09-27 11:48:37.

Flavor Version Tinstall Tcheck Ttotal Status Flags
r-devel-linux-x86_64-debian-clang 0.63 0.55 21.55 22.10 NOTE
r-devel-linux-x86_64-debian-gcc 0.63 0.69 21.62 22.31 NOTE
r-devel-linux-x86_64-fedora-clang 0.63 41.03 NOTE
r-devel-linux-x86_64-fedora-gcc 0.63 38.48 NOTE
r-devel-macos-x86_64-clang 0.63 34.28 OK
r-devel-windows-ix86+x86_64 0.63 3.00 66.00 69.00 OK
r-patched-linux-x86_64 0.63 0.56 20.83 21.38 NOTE
r-patched-solaris-sparc 0.63 253.10 OK
r-patched-solaris-x86 0.63 45.00 OK
r-release-linux-x86_64 0.63 0.55 22.20 22.74 NOTE
r-release-osx-x86_64-mavericks 0.63 OK
r-release-windows-ix86+x86_64 0.63 2.00 123.00 125.00 OK
r-oldrel-windows-ix86+x86_64 0.63 2.00 35.00 37.00 OK

Check Details

Version: 0.63
Check: Rd line widths
Result: NOTE
    Rd file 'sdafilter.Rd':
     \examples lines wider than 100 characters:
     plot(lon,lat,col="lightgrey",type="l",xlim=c(5,18), ylim=c(77.1,79.1),xlab="Longitude",ylab="Latitude")
    
    Rd file 'vmask.Rd':
     \examples lines wider than 100 characters:
     plot(lon,lat,col="lightgrey",type="l",xlim=c(5,18), ylim=c(77.1,79.1),xlab="Longitude",ylab="Latitude")
    
    These lines will be truncated in the PDF manual.
Flavors: r-devel-linux-x86_64-debian-clang, r-devel-linux-x86_64-debian-gcc, r-devel-linux-x86_64-fedora-clang, r-devel-linux-x86_64-fedora-gcc, r-patched-linux-x86_64, r-release-linux-x86_64