CRAN Package Check Results for Package argosfilter

Last updated on 2014-07-22 08:47:06.

Flavor Version Tinstall Tcheck Ttotal Status Flags
r-devel-linux-x86_64-debian-clang 0.63 0.58 26.52 27.10 OK
r-devel-linux-x86_64-debian-gcc 0.63 0.52 25.21 25.73 OK
r-devel-linux-x86_64-fedora-clang 0.63 55.67 NOTE
r-devel-linux-x86_64-fedora-gcc 0.63 54.17 NOTE
r-devel-osx-x86_64-clang 0.63 47.45 OK
r-devel-windows-ix86+x86_64 0.63 2.00 41.00 43.00 OK
r-patched-linux-x86_64 0.63 0.53 25.71 26.24 OK
r-patched-solaris-sparc 0.63 298.60 OK
r-patched-solaris-x86 0.63 58.20 OK
r-release-linux-ix86 0.63 0.84 33.93 34.78 OK
r-release-linux-x86_64 0.63 0.59 25.73 26.32 OK
r-release-osx-x86_64-mavericks 0.63 OK
r-release-windows-ix86+x86_64 0.63 3.00 39.00 42.00 OK
r-oldrel-windows-ix86+x86_64 0.63 2.00 41.00 43.00 OK

Check Details

Version: 0.63
Check: Rd line widths
Result: NOTE
    Rd file 'sdafilter.Rd':
     \examples lines wider than 100 characters:
     plot(lon,lat,col="lightgrey",type="l",xlim=c(5,18), ylim=c(77.1,79.1),xlab="Longitude",ylab="Latitude")
    
    Rd file 'vmask.Rd':
     \examples lines wider than 100 characters:
     plot(lon,lat,col="lightgrey",type="l",xlim=c(5,18), ylim=c(77.1,79.1),xlab="Longitude",ylab="Latitude")
    
    These lines will be truncated in the PDF manual.
Flavors: r-devel-linux-x86_64-fedora-clang, r-devel-linux-x86_64-fedora-gcc