CRAN Package Check Results for Package argosfilter

Last updated on 2015-04-19 11:51:00.

Flavor Version Tinstall Tcheck Ttotal Status Flags
r-devel-linux-x86_64-debian-clang 0.63 0.64 23.38 24.02 NOTE
r-devel-linux-x86_64-debian-gcc 0.63 0.66 24.82 25.48 NOTE
r-devel-linux-x86_64-fedora-clang 0.63 48.98 NOTE
r-devel-linux-x86_64-fedora-gcc 0.63 45.56 NOTE
r-devel-osx-x86_64-clang 0.63 50.82 OK
r-devel-windows-ix86+x86_64 0.63 3.00 41.00 44.00 OK
r-patched-linux-x86_64 0.63 0.56 22.94 23.51 NOTE
r-patched-solaris-sparc 0.63 306.00 OK
r-patched-solaris-x86 0.63 52.90 OK
r-release-linux-x86_64 0.63 0.64 23.13 23.76 NOTE
r-release-osx-x86_64-mavericks 0.63 OK
r-release-osx-x86_64-snowleopard 0.63 OK
r-release-windows-ix86+x86_64 0.63 2.00 45.00 47.00 OK
r-oldrel-windows-ix86+x86_64 0.63 3.00 45.00 48.00 OK

Check Details

Version: 0.63
Check: Rd line widths
Result: NOTE
    Rd file 'sdafilter.Rd':
     \examples lines wider than 100 characters:
     plot(lon,lat,col="lightgrey",type="l",xlim=c(5,18), ylim=c(77.1,79.1),xlab="Longitude",ylab="Latitude")
    
    Rd file 'vmask.Rd':
     \examples lines wider than 100 characters:
     plot(lon,lat,col="lightgrey",type="l",xlim=c(5,18), ylim=c(77.1,79.1),xlab="Longitude",ylab="Latitude")
    
    These lines will be truncated in the PDF manual.
Flavors: r-devel-linux-x86_64-debian-clang, r-devel-linux-x86_64-debian-gcc, r-devel-linux-x86_64-fedora-clang, r-devel-linux-x86_64-fedora-gcc, r-patched-linux-x86_64, r-release-linux-x86_64