CRAN Package Check Results for Package argosfilter

Last updated on 2017-07-21 18:46:39.

Flavor Version Tinstall Tcheck Ttotal Status Flags
r-devel-linux-x86_64-debian-clang 0.63 0.63 28.28 28.91 NOTE
r-devel-linux-x86_64-debian-gcc 0.63 0.68 29.01 29.68 NOTE
r-devel-linux-x86_64-fedora-clang 0.63 44.16 NOTE
r-devel-linux-x86_64-fedora-gcc 0.63 42.35 NOTE
r-devel-windows-ix86+x86_64 0.63 2.00 41.00 43.00 OK
r-patched-linux-x86_64 0.63 0.67 28.33 29.00 NOTE
r-patched-solaris-x86 0.63 48.50 OK
r-release-linux-x86_64 0.63 0.64 28.31 28.95 NOTE
r-release-windows-ix86+x86_64 0.63 3.00 46.00 49.00 OK
r-release-osx-x86_64 0.63 OK
r-oldrel-windows-ix86+x86_64 0.63 2.00 45.00 47.00 OK
r-oldrel-osx-x86_64 0.63 OK

Check Details

Version: 0.63
Check: Rd line widths
Result: NOTE
    Rd file 'sdafilter.Rd':
     \examples lines wider than 100 characters:
     plot(lon,lat,col="lightgrey",type="l",xlim=c(5,18), ylim=c(77.1,79.1),xlab="Longitude",ylab="Latitude")
    
    Rd file 'vmask.Rd':
     \examples lines wider than 100 characters:
     plot(lon,lat,col="lightgrey",type="l",xlim=c(5,18), ylim=c(77.1,79.1),xlab="Longitude",ylab="Latitude")
    
    These lines will be truncated in the PDF manual.
Flavors: r-devel-linux-x86_64-debian-clang, r-devel-linux-x86_64-debian-gcc, r-devel-linux-x86_64-fedora-clang, r-devel-linux-x86_64-fedora-gcc, r-patched-linux-x86_64, r-release-linux-x86_64