CRAN Package Check Results for Package argosfilter

Last updated on 2017-05-27 20:46:06.

Flavor Version Tinstall Tcheck Ttotal Status Flags
r-devel-linux-x86_64-debian-clang 0.63 0.68 23.00 23.68 NOTE
r-devel-linux-x86_64-debian-gcc 0.63 0.64 23.19 23.83 NOTE
r-devel-linux-x86_64-fedora-clang 0.63 43.57 NOTE
r-devel-linux-x86_64-fedora-gcc 0.63 41.68 NOTE
r-devel-windows-ix86+x86_64 0.63 5.00 59.00 64.00 OK
r-patched-linux-x86_64 0.63 0.72 23.46 24.18 NOTE
r-patched-solaris-sparc 0.63 258.00 OK
r-patched-solaris-x86 0.63 47.50 OK
r-release-linux-x86_64 0.63 0.71 23.17 23.88 NOTE
r-release-windows-ix86+x86_64 0.63 3.00 46.00 49.00 OK
r-release-osx-x86_64 0.63 OK
r-oldrel-windows-ix86+x86_64 0.63 2.00 45.00 47.00 OK
r-oldrel-osx-x86_64 0.63 OK

Check Details

Version: 0.63
Check: Rd line widths
Result: NOTE
    Rd file 'sdafilter.Rd':
     \examples lines wider than 100 characters:
     plot(lon,lat,col="lightgrey",type="l",xlim=c(5,18), ylim=c(77.1,79.1),xlab="Longitude",ylab="Latitude")
    
    Rd file 'vmask.Rd':
     \examples lines wider than 100 characters:
     plot(lon,lat,col="lightgrey",type="l",xlim=c(5,18), ylim=c(77.1,79.1),xlab="Longitude",ylab="Latitude")
    
    These lines will be truncated in the PDF manual.
Flavors: r-devel-linux-x86_64-debian-clang, r-devel-linux-x86_64-debian-gcc, r-devel-linux-x86_64-fedora-clang, r-devel-linux-x86_64-fedora-gcc, r-patched-linux-x86_64, r-release-linux-x86_64