CRAN Package Check Results for Package argosfilter

Last updated on 2016-08-30 19:47:19.

Flavor Version Tinstall Tcheck Ttotal Status Flags
r-devel-linux-x86_64-debian-clang 0.63 0.62 21.68 22.30 NOTE
r-devel-linux-x86_64-debian-gcc 0.63 0.88 21.05 21.94 NOTE
r-devel-linux-x86_64-fedora-clang 0.63 41.54 NOTE
r-devel-linux-x86_64-fedora-gcc 0.63 38.75 NOTE
r-devel-osx-x86_64-clang 0.63 35.34 OK
r-devel-windows-ix86+x86_64 0.63 3.00 60.00 63.00 OK
r-patched-linux-x86_64 0.63 0.61 21.27 21.88 NOTE
r-patched-solaris-sparc 0.63 253.10 OK
r-patched-solaris-x86 0.63 45.90 OK
r-release-linux-x86_64 0.63 0.58 21.12 21.69 NOTE
r-release-osx-x86_64-mavericks 0.63 OK
r-release-windows-ix86+x86_64 0.63 2.00 57.00 59.00 OK
r-oldrel-windows-ix86+x86_64 0.63 2.00 35.00 37.00 OK

Check Details

Version: 0.63
Check: Rd line widths
Result: NOTE
    Rd file 'sdafilter.Rd':
     \examples lines wider than 100 characters:
     plot(lon,lat,col="lightgrey",type="l",xlim=c(5,18), ylim=c(77.1,79.1),xlab="Longitude",ylab="Latitude")
    
    Rd file 'vmask.Rd':
     \examples lines wider than 100 characters:
     plot(lon,lat,col="lightgrey",type="l",xlim=c(5,18), ylim=c(77.1,79.1),xlab="Longitude",ylab="Latitude")
    
    These lines will be truncated in the PDF manual.
Flavors: r-devel-linux-x86_64-debian-clang, r-devel-linux-x86_64-debian-gcc, r-devel-linux-x86_64-fedora-clang, r-devel-linux-x86_64-fedora-gcc, r-patched-linux-x86_64, r-release-linux-x86_64