CRAN Package Check Results for Package argosfilter

Last updated on 2014-09-16 23:47:31.

Flavor Version Tinstall Tcheck Ttotal Status Flags
r-devel-linux-x86_64-debian-clang 0.63 0.52 24.44 24.96 NOTE
r-devel-linux-x86_64-debian-gcc 0.63 0.53 22.95 23.48 NOTE
r-devel-linux-x86_64-fedora-clang 0.63 48.89 NOTE
r-devel-linux-x86_64-fedora-gcc 0.63 46.57 NOTE
r-devel-osx-x86_64-clang 0.63 42.69 OK
r-devel-windows-ix86+x86_64 0.63 2.00 34.00 36.00 OK
r-patched-linux-x86_64 0.63 0.55 25.50 26.05 OK
r-patched-solaris-sparc 0.63 301.80 OK
r-patched-solaris-x86 0.63 58.70 OK
r-release-linux-ix86 0.63 0.84 34.09 34.93 OK
r-release-linux-x86_64 0.63 0.63 27.38 28.01 NOTE
r-release-osx-x86_64-mavericks 0.63 OK
r-release-windows-ix86+x86_64 0.63 3.00 39.00 42.00 OK
r-oldrel-windows-ix86+x86_64 0.63 2.00 41.00 43.00 OK

Check Details

Version: 0.63
Check: Rd line widths
Result: NOTE
    Rd file 'sdafilter.Rd':
     \examples lines wider than 100 characters:
     plot(lon,lat,col="lightgrey",type="l",xlim=c(5,18), ylim=c(77.1,79.1),xlab="Longitude",ylab="Latitude")
    
    Rd file 'vmask.Rd':
     \examples lines wider than 100 characters:
     plot(lon,lat,col="lightgrey",type="l",xlim=c(5,18), ylim=c(77.1,79.1),xlab="Longitude",ylab="Latitude")
    
    These lines will be truncated in the PDF manual.
Flavors: r-devel-linux-x86_64-debian-clang, r-devel-linux-x86_64-debian-gcc, r-devel-linux-x86_64-fedora-clang, r-devel-linux-x86_64-fedora-gcc, r-release-linux-x86_64