CRAN Package Check Results for Package argosfilter

Last updated on 2014-04-19 18:47:37.

Flavor Version Tinstall Tcheck Ttotal Status Flags
r-devel-linux-x86_64-debian-clang 0.63 0.58 26.31 26.88 OK
r-devel-linux-x86_64-debian-gcc 0.63 0.58 27.31 27.90 OK
r-devel-linux-x86_64-fedora-clang 0.63 56.37 NOTE
r-devel-linux-x86_64-fedora-gcc 0.63 51.28 NOTE
r-devel-macosx-x86_64-clang 0.63 42.59 OK
r-devel-macosx-x86_64-gcc 0.63 OK
r-devel-windows-ix86+x86_64 0.63 2.00 54.00 56.00 OK
r-patched-linux-x86_64 0.63 0.60 26.69 27.30 OK
r-patched-solaris-sparc 0.63 298.60 OK
r-patched-solaris-x86 0.63 58.40 OK
r-release-linux-ix86 OK
r-release-linux-x86_64 0.63 0.60 26.54 27.14 OK
r-release-windows-ix86+x86_64 0.63 4.00 53.00 57.00 OK
r-oldrel-windows-ix86+x86_64 0.63 2.00 41.00 43.00 OK

Check Details

Version: 0.63
Check: Rd line widths
Result: NOTE
    Rd file 'sdafilter.Rd':
     \examples lines wider than 100 characters:
     plot(lon,lat,col="lightgrey",type="l",xlim=c(5,18), ylim=c(77.1,79.1),xlab="Longitude",ylab="Latitude")
    
    Rd file 'vmask.Rd':
     \examples lines wider than 100 characters:
     plot(lon,lat,col="lightgrey",type="l",xlim=c(5,18), ylim=c(77.1,79.1),xlab="Longitude",ylab="Latitude")
    
    These lines will be truncated in the PDF manual.
Flavors: r-devel-linux-x86_64-fedora-clang, r-devel-linux-x86_64-fedora-gcc