CRAN Package Check Results for Package argosfilter

Last updated on 2017-02-24 11:47:59.

Flavor Version Tinstall Tcheck Ttotal Status Flags
r-devel-linux-x86_64-debian-clang 0.63 0.62 23.15 23.77 NOTE
r-devel-linux-x86_64-debian-gcc 0.63 0.65 22.81 23.46 NOTE
r-devel-linux-x86_64-fedora-clang 0.63 41.56 NOTE --no-stop-on-test-error
r-devel-linux-x86_64-fedora-gcc 0.63 40.94 NOTE --no-stop-on-test-error
r-devel-macos-x86_64-clang 0.63 36.06 OK --no-stop-on-test-error
r-devel-windows-ix86+x86_64 0.63 2.00 59.00 61.00 OK
r-patched-linux-x86_64 0.63 0.54 21.64 22.18 NOTE
r-patched-solaris-sparc 0.63 259.90 OK
r-patched-solaris-x86 0.63 46.10 OK
r-release-linux-x86_64 0.63 0.62 21.27 21.88 NOTE
r-release-osx-x86_64-mavericks 0.63 OK
r-release-windows-ix86+x86_64 0.63 2.00 45.00 47.00 OK
r-oldrel-windows-ix86+x86_64 0.63 2.00 47.00 49.00 OK

Check Details

Version: 0.63
Check: Rd line widths
Result: NOTE
    Rd file 'sdafilter.Rd':
     \examples lines wider than 100 characters:
     plot(lon,lat,col="lightgrey",type="l",xlim=c(5,18), ylim=c(77.1,79.1),xlab="Longitude",ylab="Latitude")
    
    Rd file 'vmask.Rd':
     \examples lines wider than 100 characters:
     plot(lon,lat,col="lightgrey",type="l",xlim=c(5,18), ylim=c(77.1,79.1),xlab="Longitude",ylab="Latitude")
    
    These lines will be truncated in the PDF manual.
Flavors: r-devel-linux-x86_64-debian-clang, r-devel-linux-x86_64-debian-gcc, r-patched-linux-x86_64, r-release-linux-x86_64

Version: 0.63
Flags: --no-stop-on-test-error
Check: Rd line widths
Result: NOTE
    Rd file 'sdafilter.Rd':
     \examples lines wider than 100 characters:
     plot(lon,lat,col="lightgrey",type="l",xlim=c(5,18), ylim=c(77.1,79.1),xlab="Longitude",ylab="Latitude")
    
    Rd file 'vmask.Rd':
     \examples lines wider than 100 characters:
     plot(lon,lat,col="lightgrey",type="l",xlim=c(5,18), ylim=c(77.1,79.1),xlab="Longitude",ylab="Latitude")
    
    These lines will be truncated in the PDF manual.
Flavors: r-devel-linux-x86_64-fedora-clang, r-devel-linux-x86_64-fedora-gcc