CRAN Package Check Results for Package argosfilter

Last updated on 2017-01-22 06:46:56.

Flavor Version Tinstall Tcheck Ttotal Status Flags
r-devel-linux-x86_64-debian-clang 0.63 0.67 22.96 23.63 NOTE
r-devel-linux-x86_64-debian-gcc 0.63 0.63 22.83 23.46 NOTE
r-devel-linux-x86_64-fedora-clang 0.63 42.06 NOTE --no-stop-on-test-error
r-devel-linux-x86_64-fedora-gcc 0.63 40.74 NOTE --no-stop-on-test-error
r-devel-macos-x86_64-clang 0.63 35.26 OK --no-stop-on-test-error
r-devel-windows-ix86+x86_64 0.63 3.00 48.00 51.00 OK
r-patched-linux-x86_64 0.63 0.66 21.20 21.86 NOTE
r-patched-solaris-sparc 0.63 259.90 OK
r-patched-solaris-x86 0.63 45.20 OK
r-release-linux-x86_64 0.63 0.57 21.53 22.10 NOTE
r-release-osx-x86_64-mavericks 0.63 OK
r-release-windows-ix86+x86_64 0.63 2.00 45.00 47.00 OK
r-oldrel-windows-ix86+x86_64 0.63 2.00 47.00 49.00 OK

Check Details

Version: 0.63
Check: Rd line widths
Result: NOTE
    Rd file 'sdafilter.Rd':
     \examples lines wider than 100 characters:
     plot(lon,lat,col="lightgrey",type="l",xlim=c(5,18), ylim=c(77.1,79.1),xlab="Longitude",ylab="Latitude")
    
    Rd file 'vmask.Rd':
     \examples lines wider than 100 characters:
     plot(lon,lat,col="lightgrey",type="l",xlim=c(5,18), ylim=c(77.1,79.1),xlab="Longitude",ylab="Latitude")
    
    These lines will be truncated in the PDF manual.
Flavors: r-devel-linux-x86_64-debian-clang, r-devel-linux-x86_64-debian-gcc, r-patched-linux-x86_64, r-release-linux-x86_64

Version: 0.63
Flags: --no-stop-on-test-error
Check: Rd line widths
Result: NOTE
    Rd file 'sdafilter.Rd':
     \examples lines wider than 100 characters:
     plot(lon,lat,col="lightgrey",type="l",xlim=c(5,18), ylim=c(77.1,79.1),xlab="Longitude",ylab="Latitude")
    
    Rd file 'vmask.Rd':
     \examples lines wider than 100 characters:
     plot(lon,lat,col="lightgrey",type="l",xlim=c(5,18), ylim=c(77.1,79.1),xlab="Longitude",ylab="Latitude")
    
    These lines will be truncated in the PDF manual.
Flavors: r-devel-linux-x86_64-fedora-clang, r-devel-linux-x86_64-fedora-gcc