CRAN Package Check Results for Package argosfilter

Last updated on 2015-03-05 08:49:04.

Flavor Version Tinstall Tcheck Ttotal Status Flags
r-devel-linux-x86_64-debian-clang 0.63 0.56 23.48 24.04 NOTE
r-devel-linux-x86_64-debian-gcc 0.63 0.55 23.79 24.34 NOTE
r-devel-linux-x86_64-fedora-clang 0.63 47.56 NOTE
r-devel-linux-x86_64-fedora-gcc 0.63 45.73 NOTE
r-devel-osx-x86_64-clang 0.63 49.05 OK
r-devel-windows-ix86+x86_64 0.63 2.00 38.00 40.00 OK
r-patched-linux-x86_64 0.63 0.63 27.46 28.10 NOTE
r-patched-solaris-sparc 0.63 337.50 OK
r-patched-solaris-x86 0.63 60.60 OK
r-release-linux-ix86 0.63 0.84 35.02 35.87 NOTE
r-release-linux-x86_64 0.63 0.58 26.68 27.26 NOTE
r-release-osx-x86_64-mavericks 0.63 OK
r-release-windows-ix86+x86_64 0.63 2.00 38.00 40.00 OK
r-oldrel-windows-ix86+x86_64 0.63 2.00 41.00 43.00 OK

Check Details

Version: 0.63
Check: Rd line widths
Result: NOTE
    Rd file 'sdafilter.Rd':
     \examples lines wider than 100 characters:
     plot(lon,lat,col="lightgrey",type="l",xlim=c(5,18), ylim=c(77.1,79.1),xlab="Longitude",ylab="Latitude")
    
    Rd file 'vmask.Rd':
     \examples lines wider than 100 characters:
     plot(lon,lat,col="lightgrey",type="l",xlim=c(5,18), ylim=c(77.1,79.1),xlab="Longitude",ylab="Latitude")
    
    These lines will be truncated in the PDF manual.
Flavors: r-devel-linux-x86_64-debian-clang, r-devel-linux-x86_64-debian-gcc, r-devel-linux-x86_64-fedora-clang, r-devel-linux-x86_64-fedora-gcc, r-patched-linux-x86_64, r-release-linux-ix86, r-release-linux-x86_64