CRAN Package Check Results for Package argosfilter

Last updated on 2017-11-25 09:49:11 CET.

Flavor Version Tinstall Tcheck Ttotal Status Flags
r-devel-linux-x86_64-debian-clang 0.63 0.81 60.84 61.65 NOTE
r-devel-linux-x86_64-debian-gcc 0.63 2.65 55.22 57.87 NOTE
r-devel-linux-x86_64-fedora-clang 0.63 40.84 NOTE
r-devel-linux-x86_64-fedora-gcc 0.63 40.10 NOTE
r-devel-windows-ix86+x86_64 0.63 5.00 49.00 54.00 OK
r-patched-linux-x86_64 0.63 0.98 61.55 62.53 NOTE
r-patched-solaris-x86 0.63 48.20 OK
r-release-linux-x86_64 0.63 0.90 58.80 59.70 NOTE
r-release-windows-ix86+x86_64 0.63 3.00 44.00 47.00 OK
r-release-osx-x86_64 0.63 OK
r-oldrel-windows-ix86+x86_64 0.63 2.00 45.00 47.00 OK
r-oldrel-osx-x86_64 0.63 OK

Check Details

Version: 0.63
Check: Rd line widths
Result: NOTE
    Rd file 'sdafilter.Rd':
     \examples lines wider than 100 characters:
     plot(lon,lat,col="lightgrey",type="l",xlim=c(5,18), ylim=c(77.1,79.1),xlab="Longitude",ylab="Latitude")
    
    Rd file 'vmask.Rd':
     \examples lines wider than 100 characters:
     plot(lon,lat,col="lightgrey",type="l",xlim=c(5,18), ylim=c(77.1,79.1),xlab="Longitude",ylab="Latitude")
    
    These lines will be truncated in the PDF manual.
Flavors: r-devel-linux-x86_64-debian-clang, r-devel-linux-x86_64-debian-gcc, r-devel-linux-x86_64-fedora-clang, r-devel-linux-x86_64-fedora-gcc, r-patched-linux-x86_64, r-release-linux-x86_64