CRAN Package Check Results for Package argosfilter

Last updated on 2014-08-28 06:46:37.

Flavor Version Tinstall Tcheck Ttotal Status Flags
r-devel-linux-x86_64-debian-clang 0.63 0.54 23.68 24.23 OK
r-devel-linux-x86_64-debian-gcc 0.63 0.52 23.13 23.65 OK
r-devel-linux-x86_64-fedora-clang 0.63 51.68 NOTE
r-devel-linux-x86_64-fedora-gcc 0.63 47.40 NOTE
r-devel-osx-x86_64-clang 0.63 43.47 OK
r-devel-windows-ix86+x86_64 0.63 2.00 35.00 37.00 OK
r-patched-linux-x86_64 0.63 0.59 25.76 26.35 OK
r-patched-solaris-sparc 0.63 301.80 OK
r-patched-solaris-x86 0.63 57.90 OK
r-release-linux-ix86 0.63 0.85 33.95 34.80 OK
r-release-linux-x86_64 0.63 0.56 26.61 27.18 OK
r-release-osx-x86_64-mavericks 0.63 OK
r-release-windows-ix86+x86_64 0.63 3.00 39.00 42.00 OK
r-oldrel-windows-ix86+x86_64 0.63 2.00 41.00 43.00 OK

Check Details

Version: 0.63
Check: Rd line widths
Result: NOTE
    Rd file 'sdafilter.Rd':
     \examples lines wider than 100 characters:
     plot(lon,lat,col="lightgrey",type="l",xlim=c(5,18), ylim=c(77.1,79.1),xlab="Longitude",ylab="Latitude")
    
    Rd file 'vmask.Rd':
     \examples lines wider than 100 characters:
     plot(lon,lat,col="lightgrey",type="l",xlim=c(5,18), ylim=c(77.1,79.1),xlab="Longitude",ylab="Latitude")
    
    These lines will be truncated in the PDF manual.
Flavors: r-devel-linux-x86_64-fedora-clang, r-devel-linux-x86_64-fedora-gcc