CRAN Package Check Results for Package argosfilter

Last updated on 2016-05-27 21:46:27.

Flavor Version Tinstall Tcheck Ttotal Status Flags
r-devel-linux-x86_64-debian-gcc 0.63 0.71 21.11 21.82 NOTE
r-devel-linux-x86_64-fedora-clang 0.63 42.41 NOTE
r-devel-linux-x86_64-fedora-gcc 0.63 37.91 NOTE
r-devel-osx-x86_64-clang 0.63 46.16 OK
r-devel-windows-ix86+x86_64 0.63 2.00 45.00 47.00 OK
r-patched-linux-x86_64 0.63 0.54 20.41 20.96 NOTE
r-patched-solaris-sparc 0.63 255.60 OK
r-patched-solaris-x86 0.63 46.20 OK
r-release-linux-x86_64 0.63 0.61 20.85 21.46 NOTE
r-release-osx-x86_64-mavericks 0.63 OK
r-release-windows-ix86+x86_64 0.63 2.00 57.00 59.00 OK

Check Details

Version: 0.63
Check: Rd line widths
Result: NOTE
    Rd file 'sdafilter.Rd':
     \examples lines wider than 100 characters:
     plot(lon,lat,col="lightgrey",type="l",xlim=c(5,18), ylim=c(77.1,79.1),xlab="Longitude",ylab="Latitude")
    
    Rd file 'vmask.Rd':
     \examples lines wider than 100 characters:
     plot(lon,lat,col="lightgrey",type="l",xlim=c(5,18), ylim=c(77.1,79.1),xlab="Longitude",ylab="Latitude")
    
    These lines will be truncated in the PDF manual.
Flavors: r-devel-linux-x86_64-debian-gcc, r-devel-linux-x86_64-fedora-clang, r-devel-linux-x86_64-fedora-gcc, r-patched-linux-x86_64, r-release-linux-x86_64