CRAN Package Check Results for Package argosfilter

Last updated on 2014-12-21 03:48:10.

Flavor Version Tinstall Tcheck Ttotal Status Flags
r-devel-linux-x86_64-debian-clang 0.63 0.58 23.90 24.49 NOTE
r-devel-linux-x86_64-debian-gcc 0.63 0.57 23.12 23.68 NOTE
r-devel-linux-x86_64-fedora-clang 0.63 52.49 NOTE
r-devel-linux-x86_64-fedora-gcc 0.63 47.92 NOTE
r-devel-osx-x86_64-clang 0.63 49.25 OK
r-devel-windows-ix86+x86_64 0.63 4.00 48.00 52.00 OK
r-patched-linux-x86_64 0.63 0.60 26.54 27.14 NOTE
r-patched-solaris-sparc 0.63 301.80 OK
r-patched-solaris-x86 0.63 60.70 OK
r-release-linux-ix86 0.63 0.86 35.53 36.39 OK
r-release-linux-x86_64 0.63 0.60 26.90 27.50 NOTE
r-release-osx-x86_64-mavericks 0.63 OK
r-release-windows-ix86+x86_64 0.63 2.00 38.00 40.00 OK
r-oldrel-windows-ix86+x86_64 0.63 2.00 41.00 43.00 OK

Check Details

Version: 0.63
Check: Rd line widths
Result: NOTE
    Rd file 'sdafilter.Rd':
     \examples lines wider than 100 characters:
     plot(lon,lat,col="lightgrey",type="l",xlim=c(5,18), ylim=c(77.1,79.1),xlab="Longitude",ylab="Latitude")
    
    Rd file 'vmask.Rd':
     \examples lines wider than 100 characters:
     plot(lon,lat,col="lightgrey",type="l",xlim=c(5,18), ylim=c(77.1,79.1),xlab="Longitude",ylab="Latitude")
    
    These lines will be truncated in the PDF manual.
Flavors: r-devel-linux-x86_64-debian-clang, r-devel-linux-x86_64-debian-gcc, r-devel-linux-x86_64-fedora-clang, r-devel-linux-x86_64-fedora-gcc, r-patched-linux-x86_64, r-release-linux-x86_64