CRAN Package Check Results for Package argosfilter

Last updated on 2016-02-12 23:47:50.

Flavor Version Tinstall Tcheck Ttotal Status Flags
r-devel-linux-x86_64-debian-gcc 0.63 0.62 20.10 20.72 NOTE
r-devel-linux-x86_64-fedora-clang 0.63 40.44 NOTE
r-devel-linux-x86_64-fedora-gcc 0.63 37.78 NOTE
r-devel-osx-x86_64-clang 0.63 45.44 OK
r-devel-windows-ix86+x86_64 0.63 4.00 54.00 58.00 OK
r-patched-linux-x86_64 0.63 0.60 22.80 23.41 NOTE
r-patched-solaris-sparc 0.63 276.20 OK
r-patched-solaris-x86 0.63 49.60 OK
r-release-linux-x86_64 0.63 0.59 23.62 24.21 NOTE
r-release-osx-x86_64-mavericks 0.63 OK
r-release-windows-ix86+x86_64 0.63 2.00 35.00 37.00 OK
r-oldrel-windows-ix86+x86_64 0.63 3.00 45.00 48.00 OK

Check Details

Version: 0.63
Check: Rd line widths
Result: NOTE
    Rd file 'sdafilter.Rd':
     \examples lines wider than 100 characters:
     plot(lon,lat,col="lightgrey",type="l",xlim=c(5,18), ylim=c(77.1,79.1),xlab="Longitude",ylab="Latitude")
    
    Rd file 'vmask.Rd':
     \examples lines wider than 100 characters:
     plot(lon,lat,col="lightgrey",type="l",xlim=c(5,18), ylim=c(77.1,79.1),xlab="Longitude",ylab="Latitude")
    
    These lines will be truncated in the PDF manual.
Flavors: r-devel-linux-x86_64-debian-gcc, r-devel-linux-x86_64-fedora-clang, r-devel-linux-x86_64-fedora-gcc, r-patched-linux-x86_64, r-release-linux-x86_64