CRAN Package Check Results for Package argosfilter

Last updated on 2014-11-23 19:47:40.

Flavor Version Tinstall Tcheck Ttotal Status Flags
r-devel-linux-x86_64-debian-clang 0.63 0.58 24.37 24.96 NOTE
r-devel-linux-x86_64-debian-gcc 0.63 0.58 25.59 26.17 NOTE
r-devel-linux-x86_64-fedora-clang 0.63 52.44 NOTE
r-devel-linux-x86_64-fedora-gcc 0.63 48.32 NOTE
r-devel-osx-x86_64-clang 0.63 50.34 OK
r-devel-windows-ix86+x86_64 0.63 2.00 38.00 40.00 OK
r-patched-linux-x86_64 0.63 0.59 26.59 27.18 NOTE
r-patched-solaris-sparc 0.63 301.80 OK
r-patched-solaris-x86 0.63 59.70 OK
r-release-linux-ix86 0.63 0.85 35.40 36.26 OK
r-release-linux-x86_64 0.63 0.60 26.75 27.35 NOTE
r-release-osx-x86_64-mavericks 0.63 OK
r-release-windows-ix86+x86_64 0.63 2.00 38.00 40.00 OK
r-oldrel-windows-ix86+x86_64 0.63 2.00 41.00 43.00 OK

Check Details

Version: 0.63
Check: Rd line widths
Result: NOTE
    Rd file 'sdafilter.Rd':
     \examples lines wider than 100 characters:
     plot(lon,lat,col="lightgrey",type="l",xlim=c(5,18), ylim=c(77.1,79.1),xlab="Longitude",ylab="Latitude")
    
    Rd file 'vmask.Rd':
     \examples lines wider than 100 characters:
     plot(lon,lat,col="lightgrey",type="l",xlim=c(5,18), ylim=c(77.1,79.1),xlab="Longitude",ylab="Latitude")
    
    These lines will be truncated in the PDF manual.
Flavors: r-devel-linux-x86_64-debian-clang, r-devel-linux-x86_64-debian-gcc, r-devel-linux-x86_64-fedora-clang, r-devel-linux-x86_64-fedora-gcc, r-patched-linux-x86_64, r-release-linux-x86_64