CRAN Package Check Results for Package argparse

Last updated on 2017-10-23 01:46:31.

Flavor Version Tinstall Tcheck Ttotal Status Flags
r-devel-linux-x86_64-debian-clang 1.0.7 0.61 20.20 20.81 OK
r-devel-linux-x86_64-debian-gcc 1.0.7 0.63 23.10 23.74 OK
r-devel-linux-x86_64-fedora-clang 1.0.7 42.89 OK
r-devel-linux-x86_64-fedora-gcc 1.0.7 40.85 OK
r-devel-windows-ix86+x86_64 1.0.7 3.00 46.00 49.00 OK --no-vignettes
r-patched-linux-x86_64 1.0.7 0.61 20.43 21.04 OK
r-patched-solaris-x86 1.0.7 34.20 OK --no-vignettes
r-release-linux-x86_64 1.0.7 0.58 20.89 21.48 OK
r-release-windows-ix86+x86_64 1.0.7 3.00 47.00 50.00 OK --no-vignettes
r-release-osx-x86_64 1.0.7 WARN
r-oldrel-windows-ix86+x86_64 1.0.7 2.00 42.00 44.00 OK --no-vignettes
r-oldrel-osx-x86_64 1.0.7 WARN

Check Details

Version: 1.0.7
Check: re-building of vignette outputs
Result: WARN
    Error in re-building vignettes:
     ...
    sh: +RTS: command not found
    Error: processing vignette 'argparse.Rrst' failed with diagnostics:
    pandoc document conversion failed with error 127
    Execution halted
Flavors: r-release-osx-x86_64, r-oldrel-osx-x86_64