CRAN Package Check Results for Package argparse

Last updated on 2017-06-28 01:54:39.

Flavor Version Tinstall Tcheck Ttotal Status Flags
r-devel-linux-x86_64-debian-clang 1.0.4 0.65 20.42 21.07 OK
r-devel-linux-x86_64-debian-gcc 1.0.4 0.58 20.15 20.73 OK
r-devel-linux-x86_64-fedora-clang 1.0.4 41.64 OK
r-devel-linux-x86_64-fedora-gcc 1.0.4 40.18 OK
r-devel-windows-ix86+x86_64 1.0.4 5.00 36.00 41.00 OK --no-vignettes
r-patched-linux-x86_64 1.0.4 0.66 20.10 20.76 OK
r-patched-solaris-sparc 1.0.4 141.90 OK --no-vignettes
r-patched-solaris-x86 1.0.4 33.80 OK --no-vignettes
r-release-linux-x86_64 1.0.4 0.60 19.50 20.10 OK
r-release-windows-ix86+x86_64 1.0.4 3.00 49.00 52.00 OK --no-vignettes
r-release-osx-x86_64 1.0.4 WARN
r-oldrel-windows-ix86+x86_64 1.0.4 3.00 41.00 44.00 OK --no-vignettes
r-oldrel-osx-x86_64 1.0.4 WARN

Check Details

Version: 1.0.4
Check: re-building of vignette outputs
Result: WARN
    Error in re-building vignettes:
     ...
    sh: rst2pdf: command not found
    Error: processing vignette 'argparse.Rrst' failed with diagnostics:
    conversion by rst2pdf failed!
    Execution halted
Flavors: r-release-osx-x86_64, r-oldrel-osx-x86_64