CRAN Package Check Results for Package argparse

Last updated on 2017-01-24 11:49:03.

Flavor Version Tinstall Tcheck Ttotal Status Flags
r-devel-linux-x86_64-debian-clang 1.0.4 0.64 22.02 22.66 OK
r-devel-linux-x86_64-debian-gcc 1.0.4 0.66 20.92 21.58 OK
r-devel-linux-x86_64-fedora-clang 1.0.4 38.60 OK --no-stop-on-test-error
r-devel-linux-x86_64-fedora-gcc 1.0.4 36.88 OK --no-stop-on-test-error
r-devel-windows-ix86+x86_64 1.0.4 5.00 51.00 56.00 OK --no-vignettes
r-patched-linux-x86_64 1.0.4 0.60 15.66 16.26 OK
r-patched-solaris-sparc 1.0.4 114.50 OK --no-vignettes
r-patched-solaris-x86 1.0.4 27.20 OK --no-vignettes
r-release-linux-x86_64 1.0.4 0.55 15.67 16.22 OK
r-release-osx-x86_64-mavericks 1.0.4 WARN
r-release-windows-ix86+x86_64 1.0.4 4.00 37.00 41.00 OK --no-vignettes
r-oldrel-windows-ix86+x86_64 1.0.4 10.00 37.00 47.00 OK --no-vignettes

Check Details

Version: 1.0.4
Check: re-building of vignette outputs
Result: WARN
    Error in re-building vignettes:
     ...
    sh: rst2pdf: command not found
    Error: processing vignette 'argparse.Rrst' failed with diagnostics:
    conversion by rst2pdf failed!
    Execution halted
Flavor: r-release-osx-x86_64-mavericks