CRAN Package Check Results for Package argparse

Last updated on 2017-04-28 06:48:27.

Flavor Version Tinstall Tcheck Ttotal Status Flags
r-devel-linux-x86_64-debian-clang 1.0.4 0.60 21.69 22.30 OK
r-devel-linux-x86_64-debian-gcc 1.0.4 0.68 21.46 22.14 OK
r-devel-linux-x86_64-fedora-clang 1.0.4 41.87 OK --no-stop-on-test-error
r-devel-linux-x86_64-fedora-gcc 1.0.4 40.69 OK --no-stop-on-test-error
r-devel-windows-ix86+x86_64 1.0.4 3.00 42.00 45.00 OK --no-vignettes
r-patched-linux-x86_64 1.0.4 0.61 21.82 22.43 OK
r-patched-solaris-sparc 1.0.4 141.90 OK --no-vignettes
r-patched-solaris-x86 1.0.4 32.90 OK --no-vignettes
r-release-linux-x86_64 1.0.4 0.58 21.54 22.12 OK
r-release-windows-ix86+x86_64 1.0.4 3.00 32.00 35.00 OK --no-vignettes
r-release-osx-x86_64 1.0.4 WARN
r-oldrel-windows-ix86+x86_64 1.0.4 4.00 32.00 36.00 OK --no-vignettes
r-oldrel-osx-x86_64 1.0.4 WARN

Check Details

Version: 1.0.4
Check: re-building of vignette outputs
Result: WARN
    Error in re-building vignettes:
     ...
    sh: rst2pdf: command not found
    Error: processing vignette 'argparse.Rrst' failed with diagnostics:
    conversion by rst2pdf failed!
    Execution halted
Flavors: r-release-osx-x86_64, r-oldrel-osx-x86_64