CRAN Package Check Results for Package argparse

Last updated on 2018-05-21 10:49:43 CEST.

Flavor Version Tinstall Tcheck Ttotal Status Flags
r-devel-linux-x86_64-debian-clang 1.1.1 1.06 27.47 28.53 OK
r-devel-linux-x86_64-debian-gcc 1.1.1 0.88 33.29 34.17 OK
r-devel-linux-x86_64-fedora-clang 1.1.1 55.27 OK
r-devel-linux-x86_64-fedora-gcc 1.1.1 53.76 OK
r-devel-windows-ix86+x86_64 1.1.1 5.00 68.00 73.00 OK --no-vignettes
r-patched-linux-x86_64 1.1.1 0.93 39.25 40.18 OK
r-patched-solaris-x86 1.1.1 50.70 OK --no-vignettes
r-release-linux-x86_64 1.1.1 0.94 38.99 39.93 OK
r-release-windows-ix86+x86_64 1.1.1 5.00 59.00 64.00 OK --no-vignettes
r-release-osx-x86_64 1.1.1 WARN
r-oldrel-windows-ix86+x86_64 1.1.1 2.00 58.00 60.00 OK --no-vignettes
r-oldrel-osx-x86_64 1.1.1 WARN

Check Details

Version: 1.1.1
Check: re-building of vignette outputs
Result: WARN
    Error in re-building vignettes:
     ...
    sh: +RTS: command not found
    Warning in system(command) : error in running command
    Error: processing vignette 'argparse.Rrst' failed with diagnostics:
    pandoc document conversion failed with error 127
    Execution halted
Flavor: r-release-osx-x86_64

Version: 1.1.1
Check: re-building of vignette outputs
Result: WARN
    Error in re-building vignettes:
     ...
    sh: +RTS: command not found
    Error: processing vignette 'argparse.Rrst' failed with diagnostics:
    pandoc document conversion failed with error 127
    Execution halted
Flavor: r-oldrel-osx-x86_64