CRAN Package Check Results for Package argparse

Last updated on 2015-08-28 12:47:44.

Flavor Version Tinstall Tcheck Ttotal Status Flags
r-devel-linux-x86_64-debian-clang 1.0.1 0.47 13.35 13.82 NOTE
r-devel-linux-x86_64-debian-gcc 1.0.1 0.52 13.79 14.32 NOTE
r-devel-linux-x86_64-fedora-clang 1.0.1 29.16 NOTE
r-devel-linux-x86_64-fedora-gcc 1.0.1 28.03 NOTE
r-devel-osx-x86_64-clang 1.0.1 32.15 NOTE
r-devel-windows-ix86+x86_64 1.0.1 4.00 55.00 59.00 NOTE
r-patched-linux-x86_64 1.0.1 0.60 14.98 15.58 NOTE
r-patched-solaris-sparc 1.0.1 163.80 NOTE --no-build-vignettes
r-patched-solaris-x86 1.0.1 35.10 NOTE --no-build-vignettes
r-release-linux-x86_64 1.0.1 0.52 15.01 15.53 NOTE
r-release-osx-x86_64-mavericks 1.0.1 NOTE
r-release-windows-ix86+x86_64 1.0.1 4.00 41.00 45.00 NOTE
r-oldrel-windows-ix86+x86_64 1.0.1 5.00 49.00 54.00 NOTE

Check Details

Version: 1.0.1
Check: DESCRIPTION meta-information
Result: NOTE
    Malformed Title field: should not end in a period.
Flavors: r-devel-linux-x86_64-debian-clang, r-devel-linux-x86_64-debian-gcc, r-devel-linux-x86_64-fedora-clang, r-devel-linux-x86_64-fedora-gcc, r-devel-osx-x86_64-clang, r-devel-windows-ix86+x86_64, r-patched-linux-x86_64, r-release-linux-x86_64, r-release-osx-x86_64-mavericks, r-release-windows-ix86+x86_64

Version: 1.0.1
Check: re-building of vignette outputs
Result: NOTE
    Error in re-building vignettes:
     ...
    sh: rst2pdf: command not found
    Error: processing vignette 'argparse.Rrst' failed with diagnostics:
    conversion by rst2pdf failed!
    Execution halted
Flavors: r-devel-osx-x86_64-clang, r-release-osx-x86_64-mavericks

Version: 1.0.1
Check: re-building of vignette outputs
Result: NOTE
    Error in re-building vignettes:
     ...
    Warning: running command '"rst2pdf" "argparse.rst" -o "argparse.pdf" ' had status 127
    Error: processing vignette 'argparse.Rrst' failed with diagnostics:
    conversion by rst2pdf failed!
    Execution halted
Flavors: r-devel-windows-ix86+x86_64, r-release-windows-ix86+x86_64, r-oldrel-windows-ix86+x86_64

Version: 1.0.1
Flags: --no-build-vignettes
Check: DESCRIPTION meta-information
Result: NOTE
    Malformed Title field: should not end in a period.
Flavors: r-patched-solaris-sparc, r-patched-solaris-x86