CRAN Package Check Results for Package argparse

Last updated on 2017-03-24 06:47:58.

Flavor Version Tinstall Tcheck Ttotal Status Flags
r-devel-linux-x86_64-debian-clang 1.0.4 0.69 22.50 23.20 OK
r-devel-linux-x86_64-debian-gcc 1.0.4 0.59 22.04 22.63 OK
r-devel-linux-x86_64-fedora-clang 1.0.4 42.39 OK --no-stop-on-test-error
r-devel-linux-x86_64-fedora-gcc 1.0.4 42.00 OK --no-stop-on-test-error
r-devel-windows-ix86+x86_64 1.0.4 3.00 54.00 57.00 OK --no-vignettes
r-patched-linux-x86_64 1.0.4 0.60 16.97 17.57 OK
r-patched-solaris-sparc 1.0.4 141.90 OK --no-vignettes
r-patched-solaris-x86 1.0.4 33.10 OK --no-vignettes
r-release-linux-x86_64 1.0.4 0.60 16.81 17.41 OK
r-release-osx-x86_64-mavericks 1.0.4 WARN
r-release-windows-ix86+x86_64 1.0.4 6.00 30.00 36.00 OK --no-vignettes
r-oldrel-windows-ix86+x86_64 1.0.4 6.00 40.00 46.00 OK --no-vignettes

Check Details

Version: 1.0.4
Check: re-building of vignette outputs
Result: WARN
    Error in re-building vignettes:
     ...
    sh: rst2pdf: command not found
    Error: processing vignette 'argparse.Rrst' failed with diagnostics:
    conversion by rst2pdf failed!
    Execution halted
Flavor: r-release-osx-x86_64-mavericks