CRAN Package Check Results for Package argparse

Last updated on 2017-02-19 23:47:56.

Flavor Version Tinstall Tcheck Ttotal Status Flags
r-devel-linux-x86_64-debian-clang 1.0.4 0.62 21.94 22.56 OK
r-devel-linux-x86_64-debian-gcc 1.0.4 0.59 21.33 21.92 OK
r-devel-linux-x86_64-fedora-clang 1.0.4 38.02 OK --no-stop-on-test-error
r-devel-linux-x86_64-fedora-gcc 1.0.4 36.88 OK --no-stop-on-test-error
r-devel-windows-ix86+x86_64 1.0.4 2.00 35.00 37.00 OK --no-vignettes
r-patched-linux-x86_64 1.0.4 0.58 15.75 16.34 OK
r-patched-solaris-sparc 1.0.4 114.50 OK --no-vignettes
r-patched-solaris-x86 1.0.4 28.60 OK --no-vignettes
r-release-linux-x86_64 1.0.4 0.61 16.28 16.89 OK
r-release-osx-x86_64-mavericks 1.0.4 WARN
r-release-windows-ix86+x86_64 1.0.4 3.00 35.00 38.00 OK --no-vignettes
r-oldrel-windows-ix86+x86_64 1.0.4 6.00 43.00 49.00 OK --no-vignettes

Check Details

Version: 1.0.4
Check: re-building of vignette outputs
Result: WARN
    Error in re-building vignettes:
     ...
    sh: rst2pdf: command not found
    Error: processing vignette 'argparse.Rrst' failed with diagnostics:
    conversion by rst2pdf failed!
    Execution halted
Flavor: r-release-osx-x86_64-mavericks