CRAN Package Check Results for Package argparse

Last updated on 2016-07-29 15:47:17.

Flavor Version Tinstall Tcheck Ttotal Status Flags
r-devel-linux-x86_64-debian-clang 1.0.1 0.56 15.31 15.87 NOTE
r-devel-linux-x86_64-debian-gcc 1.0.1 0.70 18.11 18.80 NOTE
r-devel-linux-x86_64-fedora-clang 1.0.1 27.60 NOTE
r-devel-linux-x86_64-fedora-gcc 1.0.1 25.64 NOTE
r-devel-osx-x86_64-clang 1.0.1 25.37 WARN
r-devel-windows-ix86+x86_64 1.0.1 5.00 47.00 52.00 WARN
r-patched-linux-x86_64 1.0.1 0.76 17.65 18.41 NOTE
r-patched-solaris-sparc 1.0.1 113.30 NOTE --no-build-vignettes
r-patched-solaris-x86 1.0.1 25.20 NOTE --no-build-vignettes
r-release-linux-x86_64 1.0.1 0.82 17.67 18.48 NOTE
r-release-osx-x86_64-mavericks 1.0.1 WARN
r-release-windows-ix86+x86_64 1.0.1 4.00 57.00 61.00 WARN
r-oldrel-windows-ix86+x86_64 1.0.1 4.00 59.00 63.00 NOTE

Check Details

Version: 1.0.1
Check: DESCRIPTION meta-information
Result: NOTE
    Malformed Title field: should not end in a period.
Flavors: r-devel-linux-x86_64-debian-clang, r-devel-linux-x86_64-debian-gcc, r-devel-linux-x86_64-fedora-clang, r-devel-linux-x86_64-fedora-gcc, r-devel-osx-x86_64-clang, r-devel-windows-ix86+x86_64, r-patched-linux-x86_64, r-release-linux-x86_64, r-release-osx-x86_64-mavericks, r-release-windows-ix86+x86_64, r-oldrel-windows-ix86+x86_64

Version: 1.0.1
Check: re-building of vignette outputs
Result: WARN
    Error in re-building vignettes:
     ...
    Traceback (most recent call last):
     File "/usr/local/bin/rst2pdf", line 5, in <module>
     from pkg_resources import load_entry_point
     File "/System/Library/Frameworks/Python.framework/Versions/2.7/Extras/lib/python/pkg_resources.py", line 2797, in <module>
     parse_requirements(__requires__), Environment()
     File "/System/Library/Frameworks/Python.framework/Versions/2.7/Extras/lib/python/pkg_resources.py", line 580, in resolve
     raise VersionConflict(dist,req) # XXX put more info here
    pkg_resources.VersionConflict: (setuptools 1.1.6 (/System/Library/Frameworks/Python.framework/Versions/2.7/Extras/lib/python), Requirement.parse('setuptools>=2.2'))
    Error: processing vignette 'argparse.Rrst' failed with diagnostics:
    conversion by rst2pdf failed!
    Execution halted
Flavor: r-devel-osx-x86_64-clang

Version: 1.0.1
Check: re-building of vignette outputs
Result: WARN
    Error in re-building vignettes:
     ...
    Warning: running command '"rst2pdf" "argparse.rst" -o "argparse.pdf" ' had status 127
    Error: processing vignette 'argparse.Rrst' failed with diagnostics:
    conversion by rst2pdf failed!
    Execution halted
Flavors: r-devel-windows-ix86+x86_64, r-release-windows-ix86+x86_64

Version: 1.0.1
Flags: --no-build-vignettes
Check: DESCRIPTION meta-information
Result: NOTE
    Malformed Title field: should not end in a period.
Flavors: r-patched-solaris-sparc, r-patched-solaris-x86

Version: 1.0.1
Check: re-building of vignette outputs
Result: WARN
    Error in re-building vignettes:
     ...
    sh: rst2pdf: command not found
    Error: processing vignette 'argparse.Rrst' failed with diagnostics:
    conversion by rst2pdf failed!
    Execution halted
Flavor: r-release-osx-x86_64-mavericks

Version: 1.0.1
Check: re-building of vignette outputs
Result: NOTE
    Error in re-building vignettes:
     ...
    Warning: running command '"rst2pdf" "argparse.rst" -o "argparse.pdf" ' had status 127
    Error: processing vignette 'argparse.Rrst' failed with diagnostics:
    conversion by rst2pdf failed!
    Execution halted
Flavor: r-oldrel-windows-ix86+x86_64