CRAN Package Check Results for Package argparse

Last updated on 2016-12-06 20:48:14.

Flavor Version Tinstall Tcheck Ttotal Status Flags
r-devel-linux-x86_64-debian-clang 1.0.4 0.65 20.73 21.38 OK
r-devel-linux-x86_64-debian-gcc 1.0.4 0.73 21.01 21.74 OK
r-devel-linux-x86_64-fedora-clang 1.0.4 40.88 OK --no-stop-on-test-error
r-devel-linux-x86_64-fedora-gcc 1.0.4 38.90 OK --no-stop-on-test-error
r-devel-macos-x86_64-clang 1.0.4 34.82 WARN --no-stop-on-test-error
r-devel-windows-ix86+x86_64 1.0.4 3.00 50.00 53.00 WARN
r-patched-linux-x86_64 1.0.4 0.62 15.38 16.00 OK
r-patched-solaris-sparc 1.0.4 118.20 OK --no-build-vignettes
r-patched-solaris-x86 1.0.4 26.10 OK --no-build-vignettes
r-release-linux-x86_64 1.0.4 0.68 15.96 16.63 OK
r-release-osx-x86_64-mavericks 1.0.4 WARN
r-release-windows-ix86+x86_64 1.0.4 3.00 47.00 50.00 WARN
r-oldrel-windows-ix86+x86_64 1.0.4 4.00 48.00 52.00 NOTE

Check Details

Version: 1.0.4
Flags: --no-stop-on-test-error
Check: re-building of vignette outputs
Result: WARN
    Error in re-building vignettes:
     ...
    Traceback (most recent call last):
     File "/usr/local/bin/rst2pdf", line 5, in <module>
     from pkg_resources import load_entry_point
     File "/System/Library/Frameworks/Python.framework/Versions/2.7/Extras/lib/python/pkg_resources/__init__.py", line 3095, in <module>
     @_call_aside
     File "/System/Library/Frameworks/Python.framework/Versions/2.7/Extras/lib/python/pkg_resources/__init__.py", line 3081, in _call_aside
     f(*args, **kwargs)
     File "/System/Library/Frameworks/Python.framework/Versions/2.7/Extras/lib/python/pkg_resources/__init__.py", line 3108, in _initialize_master_working_set
     working_set = WorkingSet._build_master()
     File "/System/Library/Frameworks/Python.framework/Versions/2.7/Extras/lib/python/pkg_resources/__init__.py", line 658, in _build_master
     ws.require(__requires__)
     File "/System/Library/Frameworks/Python.framework/Versions/2.7/Extras/lib/python/pkg_resources/__init__.py", line 959, in require
     needed = self.resolve(parse_requirements(requirements))
     File "/System/Library/Frameworks/Python.framework/Versions/2.7/Extras/lib/python/pkg_resources/__init__.py", line 846, in resolve
     raise DistributionNotFound(req, requirers)
    pkg_resources.DistributionNotFound: The 'pip>=1.4.1' distribution was not found and is required by reportlab
    Error: processing vignette 'argparse.Rrst' failed with diagnostics:
    conversion by rst2pdf failed!
    Execution halted
Flavor: r-devel-macos-x86_64-clang

Version: 1.0.4
Check: re-building of vignette outputs
Result: WARN
    Error in re-building vignettes:
     ...
    Warning: running command '"rst2pdf" "argparse.rst" -o "argparse.pdf" ' had status 127
    Error: processing vignette 'argparse.Rrst' failed with diagnostics:
    conversion by rst2pdf failed!
    Execution halted
Flavors: r-devel-windows-ix86+x86_64, r-release-windows-ix86+x86_64

Version: 1.0.4
Check: re-building of vignette outputs
Result: WARN
    Error in re-building vignettes:
     ...
    sh: rst2pdf: command not found
    Error: processing vignette 'argparse.Rrst' failed with diagnostics:
    conversion by rst2pdf failed!
    Execution halted
Flavor: r-release-osx-x86_64-mavericks

Version: 1.0.4
Check: re-building of vignette outputs
Result: NOTE
    Error in re-building vignettes:
     ...
    Warning: running command '"rst2pdf" "argparse.rst" -o "argparse.pdf" ' had status 127
    Error: processing vignette 'argparse.Rrst' failed with diagnostics:
    conversion by rst2pdf failed!
    Execution halted
Flavor: r-oldrel-windows-ix86+x86_64