CRAN Package Check Results for Package argparse

Last updated on 2016-05-25 21:46:29.

Flavor Version Tinstall Tcheck Ttotal Status Flags
r-devel-linux-x86_64-debian-gcc 1.0.1 0.57 15.44 16.01 NOTE
r-devel-linux-x86_64-fedora-clang 1.0.1 29.89 NOTE
r-devel-linux-x86_64-fedora-gcc 1.0.1 26.73 NOTE
r-devel-osx-x86_64-clang 1.0.1 35.77 WARN
r-devel-windows-ix86+x86_64 1.0.1 2.00 46.00 48.00 WARN
r-patched-linux-x86_64 1.0.1 0.50 15.03 15.53 NOTE
r-patched-solaris-sparc 1.0.1 137.00 NOTE --no-build-vignettes
r-patched-solaris-x86 1.0.1 27.00 NOTE --no-build-vignettes
r-release-linux-x86_64 1.0.1 0.53 14.91 15.45 NOTE
r-release-osx-x86_64-mavericks 1.0.1 WARN
r-release-windows-ix86+x86_64 1.0.1 4.00 47.00 51.00 WARN
r-oldrel-windows-ix86+x86_64 1.0.1 3.00 45.00 48.00 NOTE

Check Details

Version: 1.0.1
Check: DESCRIPTION meta-information
Result: NOTE
    Malformed Title field: should not end in a period.
Flavors: r-devel-linux-x86_64-debian-gcc, r-devel-linux-x86_64-fedora-clang, r-devel-linux-x86_64-fedora-gcc, r-devel-osx-x86_64-clang, r-devel-windows-ix86+x86_64, r-patched-linux-x86_64, r-release-linux-x86_64, r-release-osx-x86_64-mavericks, r-release-windows-ix86+x86_64, r-oldrel-windows-ix86+x86_64

Version: 1.0.1
Check: re-building of vignette outputs
Result: WARN
    Error in re-building vignettes:
     ...
    Traceback (most recent call last):
     File "/usr/local/bin/rst2pdf", line 5, in <module>
     from pkg_resources import load_entry_point
     File "/System/Library/Frameworks/Python.framework/Versions/2.7/Extras/lib/python/pkg_resources.py", line 2797, in <module>
     parse_requirements(__requires__), Environment()
     File "/System/Library/Frameworks/Python.framework/Versions/2.7/Extras/lib/python/pkg_resources.py", line 580, in resolve
     raise VersionConflict(dist,req) # XXX put more info here
    pkg_resources.VersionConflict: (setuptools 1.1.6 (/System/Library/Frameworks/Python.framework/Versions/2.7/Extras/lib/python), Requirement.parse('setuptools>=2.2'))
    Error: processing vignette 'argparse.Rrst' failed with diagnostics:
    conversion by rst2pdf failed!
    Execution halted
Flavor: r-devel-osx-x86_64-clang

Version: 1.0.1
Check: re-building of vignette outputs
Result: WARN
    Error in re-building vignettes:
     ...
    Warning: running command '"rst2pdf" "argparse.rst" -o "argparse.pdf" ' had status 127
    Error: processing vignette 'argparse.Rrst' failed with diagnostics:
    conversion by rst2pdf failed!
    Execution halted
Flavors: r-devel-windows-ix86+x86_64, r-release-windows-ix86+x86_64

Version: 1.0.1
Flags: --no-build-vignettes
Check: DESCRIPTION meta-information
Result: NOTE
    Malformed Title field: should not end in a period.
Flavors: r-patched-solaris-sparc, r-patched-solaris-x86

Version: 1.0.1
Check: re-building of vignette outputs
Result: WARN
    Error in re-building vignettes:
     ...
    sh: rst2pdf: command not found
    Error: processing vignette 'argparse.Rrst' failed with diagnostics:
    conversion by rst2pdf failed!
    Execution halted
Flavor: r-release-osx-x86_64-mavericks

Version: 1.0.1
Check: re-building of vignette outputs
Result: NOTE
    Error in re-building vignettes:
     ...
    Warning: running command '"rst2pdf" "argparse.rst" -o "argparse.pdf" ' had status 127
    Error: processing vignette 'argparse.Rrst' failed with diagnostics:
    conversion by rst2pdf failed!
    Execution halted
Flavor: r-oldrel-windows-ix86+x86_64