CRAN Package Check Results for Package argparse

Last updated on 2014-07-22 23:48:15.

Flavor Version Tinstall Tcheck Ttotal Status Flags
r-devel-linux-x86_64-debian-clang 1.0.1 0.61 16.91 17.52 OK
r-devel-linux-x86_64-debian-gcc 1.0.1 0.71 17.11 17.82 OK
r-devel-linux-x86_64-fedora-clang 1.0.1 38.02 OK
r-devel-linux-x86_64-fedora-gcc 1.0.1 36.38 OK
r-devel-osx-x86_64-clang 1.0.1 41.62 NOTE
r-devel-windows-ix86+x86_64 1.0.1 3.00 43.00 46.00 NOTE
r-patched-linux-x86_64 1.0.1 0.67 16.54 17.21 OK
r-patched-solaris-sparc 1.0.1 163.80 OK --no-build-vignettes
r-patched-solaris-x86 1.0.1 42.70 OK --no-build-vignettes
r-release-linux-ix86 1.0.1 0.99 30.78 31.77 OK
r-release-linux-x86_64 1.0.1 0.68 17.59 18.27 OK
r-release-osx-x86_64-mavericks 1.0.1 NOTE
r-release-osx-x86_64-snowleopard 1.0.1 ERROR
r-release-windows-ix86+x86_64 1.0.1 3.00 46.00 49.00 NOTE
r-oldrel-windows-ix86+x86_64 1.0.1 3.00 47.00 50.00 NOTE

Check Details

Version: 1.0.1
Check: re-building of vignette outputs
Result: NOTE
    Error in re-building vignettes:
     ...
    sh: rst2pdf: command not found
    Error: processing vignette 'argparse.Rrst' failed with diagnostics:
    conversion by rst2pdf failed!
    Execution halted
Flavors: r-devel-osx-x86_64-clang, r-release-osx-x86_64-mavericks

Version: 1.0.1
Check: re-building of vignette outputs
Result: NOTE
    Error in re-building vignettes:
     ...
    Warning: running command '"rst2pdf" "argparse.rst" -o "argparse.pdf" ' had status 127
    Error: processing vignette 'argparse.Rrst' failed with diagnostics:
    conversion by rst2pdf failed!
    Execution halted
Flavors: r-devel-windows-ix86+x86_64, r-release-windows-ix86+x86_64, r-oldrel-windows-ix86+x86_64

Version: 1.0.1
Check: examples
Result: ERROR
    Running examples in ‘argparse-Ex.R’ failed
    The error most likely occurred in:
    
    > ### Name: ArgumentParser
    > ### Title: Create a command line parser
    > ### Aliases: ArgumentParser
    >
    > ### ** Examples
    >
    > parser <- ArgumentParser(description='Process some integers')
    Warning in sprintf("python executable %s either is not installed,", python_cmd) :
     restarting interrupted promise evaluation
    Error in find_python_cmd(required_modules = c("argparse", "json | simplejson")) :
     Couldn't find a sufficient Python binary. If you haven't installed the Python dependency yet please do so. If you have but it isn't on the system path (as is default on Windows) please add it to path or set options('python_cmd'='/path/to/binary') or set the PYTHON, PYTHON2, or PYTHON3 environmental variables. Python must have access to the modules: argparse, json | simplejson
    Calls: ArgumentParser
    Execution halted
Flavor: r-release-osx-x86_64-snowleopard