CRAN Package Check Results for Package argparse

Last updated on 2017-08-17 07:46:45.

Flavor Version Tinstall Tcheck Ttotal Status Flags
r-devel-linux-x86_64-debian-clang 1.0.4 0.60 20.51 21.10 OK
r-devel-linux-x86_64-debian-gcc 1.0.4 0.64 20.21 20.85 OK
r-devel-linux-x86_64-fedora-clang 1.0.4 41.67 OK
r-devel-linux-x86_64-fedora-gcc 1.0.4 40.54 OK
r-devel-windows-ix86+x86_64 1.0.4 2.00 45.00 47.00 OK --no-vignettes
r-patched-linux-x86_64 1.0.4 0.67 19.95 20.62 OK
r-patched-solaris-x86 1.0.4 33.40 OK --no-vignettes
r-release-linux-x86_64 1.0.4 0.75 20.26 21.01 OK
r-release-windows-ix86+x86_64 1.0.4 3.00 35.00 38.00 OK --no-vignettes
r-release-osx-x86_64 1.0.4 WARN
r-oldrel-windows-ix86+x86_64 1.0.4 4.00 81.00 85.00 OK --no-vignettes
r-oldrel-osx-x86_64 1.0.4 WARN

Check Details

Version: 1.0.4
Check: re-building of vignette outputs
Result: WARN
    Error in re-building vignettes:
     ...
    sh: rst2pdf: command not found
    Error: processing vignette 'argparse.Rrst' failed with diagnostics:
    conversion by rst2pdf failed!
    Execution halted
Flavors: r-release-osx-x86_64, r-oldrel-osx-x86_64