CRAN Package Check Results for Package argparse

Last updated on 2016-09-29 10:47:57.

Flavor Version Tinstall Tcheck Ttotal Status Flags
r-devel-linux-x86_64-debian-clang 1.0.1 0.53 16.08 16.61 NOTE
r-devel-linux-x86_64-debian-gcc 1.0.1 0.54 15.77 16.32 NOTE
r-devel-linux-x86_64-fedora-clang 1.0.1 28.25 NOTE
r-devel-linux-x86_64-fedora-gcc 1.0.1 27.02 NOTE
r-devel-macos-x86_64-clang 1.0.1 25.78 WARN
r-devel-windows-ix86+x86_64 1.0.1 2.00 57.00 59.00 WARN
r-patched-linux-x86_64 1.0.1 0.53 14.97 15.50 NOTE
r-patched-solaris-sparc 1.0.1 113.30 NOTE --no-build-vignettes
r-patched-solaris-x86 1.0.1 25.10 NOTE --no-build-vignettes
r-release-linux-x86_64 1.0.1 0.93 15.70 16.63 NOTE
r-release-osx-x86_64-mavericks 1.0.1 WARN
r-release-windows-ix86+x86_64 1.0.1 4.00 47.00 51.00 WARN
r-oldrel-windows-ix86+x86_64 1.0.1 6.00 57.00 63.00 NOTE

Check Details

Version: 1.0.1
Check: DESCRIPTION meta-information
Result: NOTE
    Malformed Title field: should not end in a period.
Flavors: r-devel-linux-x86_64-debian-clang, r-devel-linux-x86_64-debian-gcc, r-devel-linux-x86_64-fedora-clang, r-devel-linux-x86_64-fedora-gcc, r-devel-macos-x86_64-clang, r-devel-windows-ix86+x86_64, r-patched-linux-x86_64, r-release-linux-x86_64, r-release-osx-x86_64-mavericks, r-release-windows-ix86+x86_64, r-oldrel-windows-ix86+x86_64

Version: 1.0.1
Check: re-building of vignette outputs
Result: WARN
    Error in re-building vignettes:
     ...
    Traceback (most recent call last):
     File "/usr/local/bin/rst2pdf", line 5, in <module>
     from pkg_resources import load_entry_point
     File "/System/Library/Frameworks/Python.framework/Versions/2.7/Extras/lib/python/pkg_resources/__init__.py", line 3095, in <module>
     @_call_aside
     File "/System/Library/Frameworks/Python.framework/Versions/2.7/Extras/lib/python/pkg_resources/__init__.py", line 3081, in _call_aside
     f(*args, **kwargs)
     File "/System/Library/Frameworks/Python.framework/Versions/2.7/Extras/lib/python/pkg_resources/__init__.py", line 3108, in _initialize_master_working_set
     working_set = WorkingSet._build_master()
     File "/System/Library/Frameworks/Python.framework/Versions/2.7/Extras/lib/python/pkg_resources/__init__.py", line 658, in _build_master
     ws.require(__requires__)
     File "/System/Library/Frameworks/Python.framework/Versions/2.7/Extras/lib/python/pkg_resources/__init__.py", line 959, in require
     needed = self.resolve(parse_requirements(requirements))
     File "/System/Library/Frameworks/Python.framework/Versions/2.7/Extras/lib/python/pkg_resources/__init__.py", line 846, in resolve
     raise DistributionNotFound(req, requirers)
    pkg_resources.DistributionNotFound: The 'pip>=1.4.1' distribution was not found and is required by reportlab
    Error: processing vignette 'argparse.Rrst' failed with diagnostics:
    conversion by rst2pdf failed!
    Execution halted
Flavor: r-devel-macos-x86_64-clang

Version: 1.0.1
Check: re-building of vignette outputs
Result: WARN
    Error in re-building vignettes:
     ...
    Warning: running command '"rst2pdf" "argparse.rst" -o "argparse.pdf" ' had status 127
    Error: processing vignette 'argparse.Rrst' failed with diagnostics:
    conversion by rst2pdf failed!
    Execution halted
Flavors: r-devel-windows-ix86+x86_64, r-release-windows-ix86+x86_64

Version: 1.0.1
Flags: --no-build-vignettes
Check: DESCRIPTION meta-information
Result: NOTE
    Malformed Title field: should not end in a period.
Flavors: r-patched-solaris-sparc, r-patched-solaris-x86

Version: 1.0.1
Check: re-building of vignette outputs
Result: WARN
    Error in re-building vignettes:
     ...
    sh: rst2pdf: command not found
    Error: processing vignette 'argparse.Rrst' failed with diagnostics:
    conversion by rst2pdf failed!
    Execution halted
Flavor: r-release-osx-x86_64-mavericks

Version: 1.0.1
Check: re-building of vignette outputs
Result: NOTE
    Error in re-building vignettes:
     ...
    Warning: running command '"rst2pdf" "argparse.rst" -o "argparse.pdf" ' had status 127
    Error: processing vignette 'argparse.Rrst' failed with diagnostics:
    conversion by rst2pdf failed!
    Execution halted
Flavor: r-oldrel-windows-ix86+x86_64