CRAN Package Check Results for Package argparse

Last updated on 2018-01-18 02:51:46 CET.

Flavor Version Tinstall Tcheck Ttotal Status Flags
r-devel-linux-x86_64-debian-clang 1.1.0 0.81 41.02 41.83 OK
r-devel-linux-x86_64-debian-gcc 1.1.0 0.58 36.00 36.58 OK
r-devel-linux-x86_64-fedora-clang 1.1.0 56.61 OK
r-devel-linux-x86_64-fedora-gcc 1.1.0 56.42 OK
r-devel-windows-ix86+x86_64 1.1.0 4.00 56.00 60.00 OK --no-vignettes
r-patched-linux-x86_64 1.1.0 0.70 43.52 44.22 OK
r-patched-solaris-x86 1.1.0 49.10 OK --no-vignettes
r-release-linux-x86_64 1.1.0 0.79 43.53 44.32 OK
r-release-windows-ix86+x86_64 1.1.0 2.00 55.00 57.00 OK --no-vignettes
r-release-osx-x86_64 1.1.0 ERROR
r-oldrel-windows-ix86+x86_64 1.1.0 3.00 54.00 57.00 OK --no-vignettes
r-oldrel-osx-x86_64 1.1.0 ERROR

Check Details

Version: 1.1.0
Check: tests
Result: ERROR
     Running ‘run-all.R’ [2s/2s]
    Running the tests in ‘tests/run-all.R’ failed.
    Last 13 lines of output:
     > test_check("argparse")
     Loading required package: argparse
     ── 1. Error: (unknown) (@test-argparse.R#24) ──────────────────────────────────
     Couldn't find a sufficient Python binary. If you haven't installed the Python dependency yet please do so. If you have but it isn't on the system path (as is default on Windows) please add it to path or set options('python_cmd'='/path/to/binary') or set the PYTHON, PYTHON2, or PYTHON3 environmental variables. Python must be at least version 3.0 Python must have access to the modules: argparse, json | simplejson
     1: options(python_cmd = find_python_cmd(minimum_version = "3.0", required_modules = c("argparse",
     "json | simplejson"))) at testthat/test-argparse.R:24
     2: find_python_cmd(minimum_version = "3.0", required_modules = c("argparse", "json | simplejson"))
     3: stop(error_message)
    
     ══ testthat results ═══════════════════════════════════════════════════════════
     OK: 0 SKIPPED: 0 FAILED: 1
     1. Error: (unknown) (@test-argparse.R#24)
    
     Error: testthat unit tests failed
     Execution halted
Flavor: r-release-osx-x86_64

Version: 1.1.0
Check: re-building of vignette outputs
Result: WARN
    Error in re-building vignettes:
     ...
    sh: +RTS: command not found
    Error: processing vignette 'argparse.Rrst' failed with diagnostics:
    pandoc document conversion failed with error 127
    Execution halted
Flavors: r-release-osx-x86_64, r-oldrel-osx-x86_64

Version: 1.1.0
Check: tests
Result: ERROR
    Running the tests in ‘tests/run-all.R’ failed.
    Last 13 lines of output:
     ── 1. Error: (unknown) (@test-argparse.R#24) ──────────────────────────────────
     Couldn't find a sufficient Python binary. If you haven't installed the Python dependency yet please do so. If you have but it isn't on the system path (as is default on Windows) please add it to path or set options('python_cmd'='/path/to/binary') or set the PYTHON, PYTHON2, or PYTHON3 environmental variables. Python must be at least version 3.0 Python must have access to the modules: argparse, json | simplejson
     1: options(python_cmd = find_python_cmd(minimum_version = "3.0", required_modules = c("argparse",
     "json | simplejson"))) at testthat/test-argparse.R:24
     2: find_python_cmd(minimum_version = "3.0", required_modules = c("argparse", "json | simplejson"))
     3: stop(error_message)
    
     ══ testthat results ═══════════════════════════════════════════════════════════
     OK: 0 SKIPPED: 0 FAILED: 1
     1. Error: (unknown) (@test-argparse.R#24)
    
     Error: testthat unit tests failed
     Execution halted
Flavor: r-oldrel-osx-x86_64