CRAN Package Check Results for Package argparse

Last updated on 2015-07-07 15:46:20.

Flavor Version Tinstall Tcheck Ttotal Status Flags
r-devel-linux-x86_64-debian-clang 1.0.1 0.50 13.81 14.31 NOTE
r-devel-linux-x86_64-debian-gcc 1.0.1 0.48 13.84 14.32 NOTE
r-devel-linux-x86_64-fedora-clang 1.0.1 29.22 NOTE
r-devel-linux-x86_64-fedora-gcc 1.0.1 28.05 NOTE
r-devel-osx-x86_64-clang 1.0.1 32.43 NOTE
r-devel-windows-ix86+x86_64 1.0.1 4.00 33.00 37.00 NOTE
r-patched-linux-x86_64 1.0.1 0.53 13.93 14.46 NOTE
r-patched-solaris-sparc 1.0.1 175.30 NOTE --no-build-vignettes
r-patched-solaris-x86 1.0.1 32.00 NOTE --no-build-vignettes
r-release-linux-x86_64 1.0.1 0.51 14.17 14.68 NOTE
r-release-osx-x86_64-mavericks 1.0.1 NOTE
r-release-windows-ix86+x86_64 1.0.1 4.00 36.00 40.00 NOTE
r-oldrel-windows-ix86+x86_64 1.0.1 4.00 43.00 47.00 NOTE

Check Details

Version: 1.0.1
Check: DESCRIPTION meta-information
Result: NOTE
    Malformed Title field: should not end in a period.
Flavors: r-devel-linux-x86_64-debian-clang, r-devel-linux-x86_64-debian-gcc, r-devel-linux-x86_64-fedora-clang, r-devel-linux-x86_64-fedora-gcc, r-devel-osx-x86_64-clang, r-devel-windows-ix86+x86_64, r-patched-linux-x86_64, r-release-linux-x86_64, r-release-osx-x86_64-mavericks, r-release-windows-ix86+x86_64

Version: 1.0.1
Check: re-building of vignette outputs
Result: NOTE
    Error in re-building vignettes:
     ...
    sh: rst2pdf: command not found
    Error: processing vignette 'argparse.Rrst' failed with diagnostics:
    conversion by rst2pdf failed!
    Execution halted
Flavors: r-devel-osx-x86_64-clang, r-release-osx-x86_64-mavericks

Version: 1.0.1
Check: re-building of vignette outputs
Result: NOTE
    Error in re-building vignettes:
     ...
    Warning: running command '"rst2pdf" "argparse.rst" -o "argparse.pdf" ' had status 127
    Error: processing vignette 'argparse.Rrst' failed with diagnostics:
    conversion by rst2pdf failed!
    Execution halted
Flavors: r-devel-windows-ix86+x86_64, r-release-windows-ix86+x86_64, r-oldrel-windows-ix86+x86_64

Version: 1.0.1
Flags: --no-build-vignettes
Check: DESCRIPTION meta-information
Result: NOTE
    Malformed Title field: should not end in a period.
Flavors: r-patched-solaris-sparc, r-patched-solaris-x86