CRAN Package Check Results for Package arkdb

Last updated on 2020-02-29 07:50:06 CET.

Flavor Version Tinstall Tcheck Ttotal Status Flags
r-devel-linux-x86_64-debian-clang 0.0.5 3.22 215.73 218.95 NOTE
r-devel-linux-x86_64-debian-gcc 0.0.5 2.64 170.41 173.05 NOTE
r-devel-linux-x86_64-fedora-clang 0.0.5 268.17 NOTE
r-devel-linux-x86_64-fedora-gcc 0.0.5 277.77 NOTE
r-devel-windows-ix86+x86_64 0.0.5 14.00 251.00 265.00 OK
r-devel-windows-ix86+x86_64-gcc8 0.0.5 10.00 229.00 239.00 NOTE
r-patched-linux-x86_64 0.0.5 2.62 205.69 208.31 NOTE
r-patched-solaris-x86 0.0.5 355.80 NOTE
r-release-linux-x86_64 0.0.5 2.78 208.78 211.56 NOTE
r-release-windows-ix86+x86_64 0.0.5 6.00 324.00 330.00 OK
r-release-osx-x86_64 0.0.5 OK
r-oldrel-windows-ix86+x86_64 0.0.5 3.00 242.00 245.00 OK
r-oldrel-osx-x86_64 0.0.5 OK

Check Details

Version: 0.0.5
Check: package dependencies
Result: NOTE
    Package suggested but not available for checking: 'MonetDBLite'
Flavors: r-devel-linux-x86_64-debian-clang, r-devel-linux-x86_64-debian-gcc, r-devel-linux-x86_64-fedora-clang, r-devel-linux-x86_64-fedora-gcc, r-devel-windows-ix86+x86_64-gcc8, r-patched-linux-x86_64, r-patched-solaris-x86, r-release-linux-x86_64