CRAN Package Check Results for Package arm

Last updated on 2016-05-05 06:47:09.

Flavor Version Tinstall Tcheck Ttotal Status Flags
r-devel-linux-x86_64-debian-gcc 1.8-6 3.78 49.40 53.18 NOTE
r-devel-linux-x86_64-fedora-clang 1.8-6 106.51 NOTE
r-devel-linux-x86_64-fedora-gcc 1.8-6 100.19 NOTE
r-devel-osx-x86_64-clang 1.8-6 111.11 NOTE
r-devel-windows-ix86+x86_64 1.8-6 9.00 85.00 94.00 NOTE
r-patched-linux-x86_64 1.8-6 3.88 49.40 53.28 NOTE
r-patched-solaris-sparc 1.8-6 629.60 NOTE
r-patched-solaris-x86 1.8-6 134.50 NOTE
r-release-linux-x86_64 1.8-6 3.78 50.17 53.95 NOTE
r-release-osx-x86_64-mavericks 1.8-6 OK
r-release-windows-ix86+x86_64 1.8-6 9.00 85.00 94.00 NOTE
r-oldrel-windows-ix86+x86_64 1.8-6 16.00 121.00 137.00 OK

Check Details

Version: 1.8-6
Check: whether the namespace can be loaded with stated dependencies
Result: NOTE
    Warning: no function found corresponding to methods exports from ‘arm’ for: ‘show’
    
    A namespace must be able to be loaded with just the base namespace
    loaded: otherwise if the namespace gets loaded by a saved object, the
    session will be unable to start.
    
    Probably some imports need to be declared in the NAMESPACE file.
Flavors: r-devel-linux-x86_64-debian-gcc, r-devel-linux-x86_64-fedora-clang, r-devel-linux-x86_64-fedora-gcc, r-devel-osx-x86_64-clang, r-devel-windows-ix86+x86_64, r-patched-linux-x86_64, r-patched-solaris-sparc, r-patched-solaris-x86, r-release-linux-x86_64, r-release-windows-ix86+x86_64