CRAN Package Check Results for Package arm

Last updated on 2014-08-28 10:46:53.

Flavor Version Tinstall Tcheck Ttotal Status Flags
r-devel-linux-x86_64-debian-clang 1.7-07 5.29 63.76 69.05 OK
r-devel-linux-x86_64-debian-gcc 1.7-07 4.99 62.37 67.36 OK
r-devel-linux-x86_64-fedora-clang 1.7-07 171.50 OK
r-devel-linux-x86_64-fedora-gcc 1.7-07 157.96 OK
r-devel-osx-x86_64-clang 1.7-07 127.87 OK
r-devel-windows-ix86+x86_64 1.7-05 14.00 88.00 102.00 NOTE
r-patched-linux-x86_64 1.7-05 5.27 65.51 70.78 OK
r-patched-solaris-sparc 1.7-07 811.50 OK
r-patched-solaris-x86 1.7-07 165.00 OK
r-release-linux-ix86 1.7-05 6.30 78.60 84.89 OK
r-release-linux-x86_64 1.7-05 5.40 65.69 71.09 OK
r-release-osx-x86_64-mavericks 1.7-07 OK
r-release-osx-x86_64-snowleopard 1.7-05 OK
r-release-windows-ix86+x86_64 1.7-07 14.00 92.00 106.00 OK
r-oldrel-windows-ix86+x86_64 1.7-07 16.00 94.00 110.00 OK

Check Details

Version: 1.7-05
Check: R code for possible problems
Result: NOTE
    extractDIC.merMod: no visible global function definition for 'isREML'
    extractDIC.merMod: no visible global function definition for 'refitML'
Flavor: r-devel-windows-ix86+x86_64