CRAN Package Check Results for Package arm

Last updated on 2016-02-11 09:50:13.

Flavor Version Tinstall Tcheck Ttotal Status Flags
r-devel-linux-x86_64-debian-gcc 1.8-6 4.25 48.34 52.58 NOTE
r-devel-linux-x86_64-fedora-clang 1.8-6 106.07 NOTE
r-devel-linux-x86_64-fedora-gcc 1.8-6 101.15 NOTE
r-devel-osx-x86_64-clang 1.8-6 109.45 NOTE
r-devel-windows-ix86+x86_64 1.8-6 15.00 79.00 94.00 NOTE
r-patched-linux-x86_64 1.8-6 4.15 52.21 56.36 OK
r-patched-solaris-sparc 1.8-6 676.70 OK
r-patched-solaris-x86 1.8-6 137.90 OK
r-release-linux-x86_64 1.8-6 4.04 52.46 56.50 OK
r-release-osx-x86_64-mavericks 1.8-6 OK
r-release-windows-ix86+x86_64 1.8-6 15.00 78.00 93.00 OK
r-oldrel-windows-ix86+x86_64 1.8-6 21.00 113.00 134.00 OK

Check Details

Version: 1.8-6
Check: whether the namespace can be loaded with stated dependencies
Result: NOTE
    Warning: no function found corresponding to methods exports from ‘arm’ for: ‘show’
    
    A namespace must be able to be loaded with just the base namespace
    loaded: otherwise if the namespace gets loaded by a saved object, the
    session will be unable to start.
    
    Probably some imports need to be declared in the NAMESPACE file.
Flavors: r-devel-linux-x86_64-debian-gcc, r-devel-linux-x86_64-fedora-clang, r-devel-linux-x86_64-fedora-gcc, r-devel-osx-x86_64-clang, r-devel-windows-ix86+x86_64