CRAN Package Check Results for Package arm

Last updated on 2015-09-03 23:47:22.

Flavor Version Tinstall Tcheck Ttotal Status Flags
r-devel-linux-x86_64-debian-clang 1.8-6 3.74 49.81 53.54 NOTE
r-devel-linux-x86_64-debian-gcc 1.8-6 3.68 49.22 52.90 NOTE
r-devel-linux-x86_64-fedora-clang 1.8-6 109.08 NOTE
r-devel-linux-x86_64-fedora-gcc 1.8-6 104.10 NOTE
r-devel-osx-x86_64-clang 1.8-6 83.73 NOTE
r-devel-windows-ix86+x86_64 1.8-6 9.00 72.00 81.00 NOTE
r-patched-linux-x86_64 1.8-6 3.98 51.83 55.81 OK
r-patched-solaris-sparc 1.8-6 713.30 OK
r-patched-solaris-x86 1.8-6 148.20 OK
r-release-linux-x86_64 1.8-6 4.18 51.95 56.14 OK
r-release-osx-x86_64-mavericks 1.8-6 OK
r-release-windows-ix86+x86_64 1.8-6 15.00 88.00 103.00 OK
r-oldrel-windows-ix86+x86_64 1.8-6 22.00 102.00 124.00 OK

Check Details

Version: 1.8-6
Check: whether the namespace can be loaded with stated dependencies
Result: NOTE
    Warning: no function found corresponding to methods exports from ‘arm’ for: ‘show’
    
    A namespace must be able to be loaded with just the base namespace
    loaded: otherwise if the namespace gets loaded by a saved object, the
    session will be unable to start.
    
    Probably some imports need to be declared in the NAMESPACE file.
Flavors: r-devel-linux-x86_64-debian-clang, r-devel-linux-x86_64-debian-gcc, r-devel-linux-x86_64-fedora-clang, r-devel-linux-x86_64-fedora-gcc, r-devel-osx-x86_64-clang, r-devel-windows-ix86+x86_64