CRAN Package Check Results for Package arm

Last updated on 2014-04-24 19:53:53.

Flavor Version Tinstall Tcheck Ttotal Status Flags
r-devel-linux-x86_64-debian-clang 1.7-02 5.62 68.94 74.56 OK
r-devel-linux-x86_64-debian-gcc 1.6-10 5.92 69.24 75.16 OK
r-devel-linux-x86_64-fedora-clang 1.7-02 110.00 OK
r-devel-linux-x86_64-fedora-gcc 1.7-02 109.60 OK
r-devel-osx-x86_64-clang 1.7-02 129.92 OK
r-devel-osx-x86_64-gcc 1.6-10 NOTE
r-devel-windows-ix86+x86_64 1.7-02 15.00 93.00 108.00 OK
r-patched-linux-x86_64 1.6-10 5.75 68.73 74.48 OK
r-patched-solaris-sparc 1.7-02 827.10 OK
r-patched-solaris-x86 1.7-02 168.50 OK
r-release-linux-ix86 1.6-10 8.00 105.00 113.00 OK
r-release-linux-x86_64 1.6-10 5.60 68.68 74.28 OK
r-release-osx-x86_64-mavericks 1.6-10 OK
r-release-osx-x86_64-snowleopard 1.6-10 OK
r-release-windows-ix86+x86_64 1.6-10 14.00 99.00 113.00 OK
r-oldrel-windows-ix86+x86_64 1.6-10 11.00 88.00 99.00 OK

Check Details

Version: 1.6-10
Check: Rd cross-references
Result: NOTE
    Package unavailable to check Rd xrefs: ‘survey’
Flavor: r-devel-osx-x86_64-gcc