CRAN Package Check Results for Package arm

Last updated on 2015-04-18 08:48:35.

Flavor Version Tinstall Tcheck Ttotal Status Flags
r-devel-linux-x86_64-debian-clang 1.8-4 4.25 50.99 55.24 OK
r-devel-linux-x86_64-debian-gcc 1.8-4 3.93 51.19 55.12 OK
r-devel-linux-x86_64-fedora-clang 1.8-4 113.80 OK
r-devel-linux-x86_64-fedora-gcc 1.8-4 106.28 OK
r-devel-osx-x86_64-clang 1.8-4 95.90 OK
r-prerel-windows-ix86+x86_64 1.8-4 11.00 79.00 90.00 OK
r-prerel-linux-x86_64 1.8-4 3.88 52.87 56.75 OK
r-prerel-solaris-sparc 1.8-4 620.80 OK
r-prerel-solaris-x86 1.8-4 139.40 OK
r-release-linux-x86_64 1.8-4 5.59 67.76 73.34 OK
r-release-osx-x86_64-mavericks 1.8-4 OK
r-release-osx-x86_64-snowleopard 1.8-4 OK
r-release-windows-ix86+x86_64 1.8-4 19.00 124.00 143.00 OK
r-oldrel-windows-ix86+x86_64 1.8-03 17.00 84.00 101.00 ERROR

Check Details

Version: 1.8-03
Check: R code for possible problems
Result: NOTE
    bayesglm.fit: no visible global function definition for 'anyNA'
Flavor: r-oldrel-windows-ix86+x86_64

Version: 1.8-03
Check: examples
Result: ERROR
    Running examples in 'arm-Ex.R' failed
    The error most likely occurred in:
    
    > ### Name: bayesglm
    > ### Title: Bayesian generalized linear models.
    > ### Aliases: bayesglm-class bayesglm bayesglm.fit print,bayesglm-method
    > ### show,bayesglm-method predict.bayesglm
    > ### Keywords: models methods regression
    >
    > ### ** Examples
    >
    > n <- 100
    > x1 <- rnorm (n)
    > x2 <- rbinom (n, 1, .5)
    > b0 <- 1
    > b1 <- 1.5
    > b2 <- 2
    > y <- rbinom (n, 1, invlogit(b0+b1*x1+b2*x2))
    >
    > M1 <- glm (y ~ x1 + x2, family=binomial(link="logit"))
    > display (M1)
    glm(formula = y ~ x1 + x2, family = binomial(link = "logit"))
     coef.est coef.se
    (Intercept) 0.67 0.29
    x1 0.99 0.33
    x2 2.02 0.71
    ---
     n = 100, k = 3
     residual deviance = 89.6, null deviance = 110.2 (difference = 20.6)
    >
    > M2 <- bayesglm (y ~ x1 + x2, family=binomial(link="logit"),
    + prior.scale=Inf, prior.df=Inf)
    Error: could not find function "anyNA"
    Execution halted
Flavor: r-oldrel-windows-ix86+x86_64