CRAN Package Check Results for Package arm

Last updated on 2016-07-23 16:46:42.

Flavor Version Tinstall Tcheck Ttotal Status Flags
r-devel-linux-x86_64-debian-clang 1.8-6 5.56 60.08 65.64 NOTE
r-devel-linux-x86_64-debian-gcc 1.8-6 4.38 59.37 63.75 NOTE
r-devel-linux-x86_64-fedora-clang 1.8-6 107.97 NOTE
r-devel-linux-x86_64-fedora-gcc 1.8-6 103.33 NOTE
r-devel-osx-x86_64-clang 1.8-6 87.10 NOTE
r-devel-windows-ix86+x86_64 1.8-6 14.00 115.00 129.00 NOTE
r-patched-linux-x86_64 1.8-6 4.83 53.59 58.42 NOTE
r-patched-solaris-sparc 1.8-6 640.80 NOTE
r-patched-solaris-x86 1.8-6 131.40 NOTE
r-release-linux-x86_64 1.8-6 4.92 56.57 61.49 NOTE
r-release-osx-x86_64-mavericks 1.8-6 NOTE
r-release-windows-ix86+x86_64 1.8-6 11.00 88.00 99.00 NOTE
r-oldrel-windows-ix86+x86_64 1.8-6 14.00 114.00 128.00 OK

Check Details

Version: 1.8-6
Check: whether the namespace can be loaded with stated dependencies
Result: NOTE
    Warning: no function found corresponding to methods exports from ‘arm’ for: ‘show’
    
    A namespace must be able to be loaded with just the base namespace
    loaded: otherwise if the namespace gets loaded by a saved object, the
    session will be unable to start.
    
    Probably some imports need to be declared in the NAMESPACE file.
Flavors: r-devel-linux-x86_64-debian-clang, r-devel-linux-x86_64-debian-gcc, r-devel-linux-x86_64-fedora-clang, r-devel-linux-x86_64-fedora-gcc, r-devel-osx-x86_64-clang, r-devel-windows-ix86+x86_64, r-patched-linux-x86_64, r-patched-solaris-sparc, r-patched-solaris-x86, r-release-linux-x86_64, r-release-osx-x86_64-mavericks, r-release-windows-ix86+x86_64