CRAN Package Check Results for Package arm

Last updated on 2015-06-30 06:46:48.

Flavor Version Tinstall Tcheck Ttotal Status Flags
r-devel-linux-x86_64-debian-clang 1.8-5 4.21 48.43 52.64 NOTE
r-devel-linux-x86_64-debian-gcc 1.8-5 3.86 48.73 52.59 NOTE
r-devel-linux-x86_64-fedora-clang 1.8-5 112.74 OK
r-devel-linux-x86_64-fedora-gcc 1.8-5 105.16 OK
r-devel-osx-x86_64-clang 1.8-5 97.76 OK
r-devel-windows-ix86+x86_64 1.8-5 11.00 80.00 91.00 NOTE
r-patched-linux-x86_64 1.8-5 4.28 49.92 54.20 OK
r-patched-solaris-sparc 1.8-5 677.00 OK
r-patched-solaris-x86 1.8-5 144.50 OK
r-release-linux-x86_64 1.8-5 3.77 49.33 53.10 OK
r-release-osx-x86_64-mavericks 1.8-5 OK
r-release-windows-ix86+x86_64 1.8-5 14.00 77.00 91.00 OK
r-oldrel-windows-ix86+x86_64 1.8-5 13.00 112.00 125.00 OK

Check Details

Version: 1.8-5
Check: R code for possible problems
Result: NOTE
    .onAttach: no visible global function definition for
     ‘packageDescription’
    as.matrix.VarCorr : <anonymous>: no visible global function definition
     for ‘as’
    balance: no visible global function definition for ‘formula’
    balance: no visible global function definition for ‘terms’
    balance: no visible global function definition for ‘as.formula’
    balance: no visible global function definition for ‘var’
    bayesglm: no visible binding for global variable ‘gaussian’
    bayesglm: no visible global function definition for ‘model.response’
    bayesglm: no visible global function definition for ‘is.empty.model’
    bayesglm: no visible global function definition for ‘model.weights’
    bayesglm: no visible global function definition for ‘model.offset’
    bayesglm: no visible global function definition for ‘model.extract’
    bayesglm.fit: Error while checking: invalid ‘envir’ argument
    bayespolr : dt.deriv: no visible global function definition for ‘dt’
    bayespolr : fmin: no visible global function definition for ‘dt’
    bayespolr: no visible binding for global variable ‘plogis’
    bayespolr: no visible binding for global variable ‘pnorm’
    bayespolr: no visible binding for global variable ‘pcauchy’
    bayespolr: no visible binding for global variable ‘dlogis’
    bayespolr: no visible binding for global variable ‘dnorm’
    bayespolr: no visible binding for global variable ‘dcauchy’
    bayespolr: no visible global function definition for ‘model.matrix’
    bayespolr: no visible global function definition for ‘model.weights’
    bayespolr: no visible global function definition for ‘model.offset’
    bayespolr: no visible global function definition for ‘model.response’
    bayespolr: Error while checking: invalid ‘envir’ argument
    binned.resids: no visible global function definition for ‘sd’
    binnedplot: no visible global function definition for ‘plot’
    binnedplot: no visible global function definition for ‘abline’
    binnedplot: no visible global function definition for ‘lines’
    binnedplot: no visible global function definition for ‘points’
    coefplot.default: no visible global function definition for ‘par’
    coefplot.default: no visible global function definition for ‘axis’
    coefplot.default: no visible global function definition for ‘abline’
    coefplot.default: no visible global function definition for ‘points’
    coefplot.default: no visible global function definition for ‘segments’
    corrplot: no visible global function definition for ‘cor’
    discrete.hist: no visible global function definition for ‘par’
    discrete.hist: no visible global function definition for ‘plot’
    discrete.hist: no visible global function definition for ‘axis’
    discrete.hist: no visible global function definition for ‘polygon’
    discrete.histogram: no visible global function definition for ‘par’
    discrete.histogram: no visible global function definition for ‘plot’
    discrete.histogram: no visible global function definition for ‘axis’
    discrete.histogram: no visible global function definition for ‘polygon’
    extractDIC.merMod: no visible global function definition for ‘logLik’
    extractDIC.merMod: no visible global function definition for ‘deviance’
    go: no visible global function definition for ‘na.omit’
    mcplot: no visible global function definition for ‘par’
    mcplot: no visible global function definition for ‘image’
    mcplot: no visible global function definition for ‘box’
    mcplot: no visible global function definition for ‘axis’
    mcplot: no visible global function definition for ‘title’
    mcplot: no visible global function definition for ‘lines’
    mcplot: no visible global function definition for ‘text’
    model.matrixBayes: no visible global function definition for ‘terms’
    model.matrixBayes: no visible global function definition for
     ‘terms.formula’
    model.matrixBayes: no visible global function definition for
     ‘contrasts<-’
    model.matrixBayes: no visible global function definition for
     ‘model.matrix.default’
    multicomp.plot: no visible global function definition for ‘par’
    multicomp.plot: no visible global function definition for ‘image’
    multicomp.plot: no visible global function definition for ‘box’
    multicomp.plot: no visible global function definition for ‘axis’
    multicomp.plot: no visible global function definition for ‘title’
    multicomp.plot: no visible global function definition for ‘lines’
    multicomp.plot: no visible global function definition for ‘text’
    plot.balance: no visible global function definition for ‘par’
    plot.balance: no visible global function definition for ‘abline’
    plot.balance: no visible global function definition for ‘points’
    plot.balance: no visible global function definition for ‘axis’
    predict.bayesglm: no visible binding for global variable ‘na.pass’
    predict.bayesglm: no visible global function definition for ‘family’
    predictLM: no visible binding for global variable ‘na.pass’
    predictLM: no visible global function definition for ‘model.matrix’
    predictLM: no visible global function definition for ‘delete.response’
    predictLM: no visible global function definition for ‘.checkMFClasses’
    predictLM: no visible global function definition for ‘qt’
    read.columns: no visible global function definition for ‘read.fwf’
    rescale: no visible global function definition for ‘sd’
    residual.plot: no visible global function definition for ‘plot’
    residual.plot: no visible global function definition for ‘abline’
    rwish: no visible global function definition for ‘rchisq’
    rwish: no visible global function definition for ‘rnorm’
    sd.scalar: no visible global function definition for ‘var’
    se.fixef: no visible global function definition for ‘vcov’
    standardize.default: no visible global function definition for
     ‘as.formula’
    triangleplot: no visible global function definition for ‘layout’
    triangleplot: no visible global function definition for ‘na.exclude’
    triangleplot: no visible global function definition for ‘heat.colors’
    triangleplot: no visible global function definition for ‘gray’
    triangleplot: no visible global function definition for ‘par’
    triangleplot: no visible global function definition for ‘plot’
    triangleplot: no visible global function definition for ‘rect’
    triangleplot: no visible global function definition for ‘text’
    triangleplot: no visible global function definition for ‘image’
    triangleplot: no visible global function definition for ‘points’
Flavors: r-devel-linux-x86_64-debian-clang, r-devel-linux-x86_64-debian-gcc, r-devel-windows-ix86+x86_64