CRAN Package Check Results for Package arm

Last updated on 2016-06-28 08:48:27.

Flavor Version Tinstall Tcheck Ttotal Status Flags
r-devel-linux-x86_64-debian-gcc 1.8-6 3.77 49.38 53.15 NOTE
r-devel-linux-x86_64-fedora-clang 1.8-6 105.82 NOTE
r-devel-linux-x86_64-fedora-gcc 1.8-6 101.60 NOTE
r-devel-osx-x86_64-clang 1.8-6 82.95 NOTE
r-devel-windows-ix86+x86_64 1.8-6 15.00 101.00 116.00 NOTE
r-patched-linux-x86_64 1.8-6 4.11 50.88 54.99 NOTE
r-patched-solaris-sparc 1.8-6 640.80 NOTE
r-patched-solaris-x86 1.8-6 133.90 NOTE
r-release-linux-x86_64 1.8-6 3.89 49.17 53.06 NOTE
r-release-osx-x86_64-mavericks 1.8-6 NOTE
r-release-windows-ix86+x86_64 1.8-6 13.00 83.00 96.00 NOTE
r-oldrel-windows-ix86+x86_64 1.8-6 17.00 87.00 104.00 OK

Check Details

Version: 1.8-6
Check: whether the namespace can be loaded with stated dependencies
Result: NOTE
    Warning: no function found corresponding to methods exports from ‘arm’ for: ‘show’
    
    A namespace must be able to be loaded with just the base namespace
    loaded: otherwise if the namespace gets loaded by a saved object, the
    session will be unable to start.
    
    Probably some imports need to be declared in the NAMESPACE file.
Flavors: r-devel-linux-x86_64-debian-gcc, r-devel-linux-x86_64-fedora-clang, r-devel-linux-x86_64-fedora-gcc, r-devel-osx-x86_64-clang, r-devel-windows-ix86+x86_64, r-patched-linux-x86_64, r-patched-solaris-sparc, r-patched-solaris-x86, r-release-linux-x86_64, r-release-osx-x86_64-mavericks, r-release-windows-ix86+x86_64