CRAN Package Check Results for Package arm

Last updated on 2016-08-26 12:48:56.

Flavor Version Tinstall Tcheck Ttotal Status Flags
r-devel-linux-x86_64-debian-clang 1.9-1 4.08 51.53 55.61 OK
r-devel-linux-x86_64-debian-gcc 1.9-1 5.47 64.99 70.46 OK
r-devel-linux-x86_64-fedora-clang 1.9-1 68.90 OK
r-devel-linux-x86_64-fedora-gcc 1.9-1 67.36 OK
r-devel-osx-x86_64-clang 1.9-1 89.13 OK
r-devel-windows-ix86+x86_64 1.8-6 15.00 95.00 110.00 NOTE
r-patched-linux-x86_64 1.9-1 3.78 48.75 52.53 OK
r-patched-solaris-sparc 1.9-1 641.30 OK
r-patched-solaris-x86 1.9-1 125.10 OK
r-release-linux-x86_64 1.9-1 3.84 49.67 53.50 OK
r-release-osx-x86_64-mavericks 1.9-1 OK
r-release-windows-ix86+x86_64 1.9-1 10.00 99.00 109.00 OK
r-oldrel-windows-ix86+x86_64 1.9-1 12.00 93.00 105.00 OK

Check Details

Version: 1.8-6
Check: whether the namespace can be loaded with stated dependencies
Result: NOTE
    Warning: no function found corresponding to methods exports from 'arm' for: 'show'
    
    A namespace must be able to be loaded with just the base namespace
    loaded: otherwise if the namespace gets loaded by a saved object, the
    session will be unable to start.
    
    Probably some imports need to be declared in the NAMESPACE file.
Flavor: r-devel-windows-ix86+x86_64