CRAN Package Check Results for Package arm

Last updated on 2021-02-28 14:48:02 CET.

Flavor Version Tinstall Tcheck Ttotal Status Flags
r-devel-linux-x86_64-debian-clang 1.11-2 16.37 134.27 150.64 OK
r-devel-linux-x86_64-debian-gcc 1.11-2 13.61 98.52 112.13 OK
r-devel-linux-x86_64-fedora-clang 1.11-2 186.41 NOTE
r-devel-linux-x86_64-fedora-gcc 1.11-2 174.07 OK
r-devel-windows-ix86+x86_64 1.11-2 27.00 116.00 143.00 OK
r-patched-linux-x86_64 1.11-2 14.61 122.28 136.89 OK
r-patched-solaris-x86 1.11-2 247.90 OK
r-release-linux-x86_64 1.11-2 16.30 122.92 139.22 OK
r-release-macos-x86_64 1.11-2 OK
r-release-windows-ix86+x86_64 1.11-2 43.00 159.00 202.00 OK
r-oldrel-macos-x86_64 1.11-2 OK
r-oldrel-windows-ix86+x86_64 1.11-2 23.00 159.00 182.00 OK

Check Details

Version: 1.11-2
Check: Rd cross-references
Result: NOTE
    Undeclared packages ‘survey’, ‘Matching’ in Rd xrefs
Flavor: r-devel-linux-x86_64-fedora-clang