CRAN Package Check Results for Package armada

Last updated on 2021-12-07 12:53:57 CET.

Flavor Version Tinstall Tcheck Ttotal Status Flags
r-devel-linux-x86_64-debian-clang 0.1.0 16.76 190.78 207.54 OK
r-devel-linux-x86_64-debian-gcc 0.1.0 16.95 147.04 163.99 OK
r-devel-linux-x86_64-fedora-clang 0.1.0 256.38 NOTE
r-devel-linux-x86_64-fedora-gcc 0.1.0 242.66 NOTE
r-devel-windows-x86_64-new-UL 0.1.0 30.00 230.00 260.00 OK
r-devel-windows-x86_64-new-TK 0.1.0 NOTE
r-devel-windows-x86_64-old 0.1.0 26.00 216.00 242.00 OK
r-patched-linux-x86_64 0.1.0 15.83 186.24 202.07 OK
r-release-linux-x86_64 0.1.0 16.97 184.27 201.24 OK
r-release-macos-arm64 0.1.0 NOTE
r-release-macos-x86_64 0.1.0 NOTE
r-release-windows-ix86+x86_64 0.1.0 31.00 216.00 247.00 OK
r-oldrel-macos-x86_64 0.1.0 NOTE
r-oldrel-windows-ix86+x86_64 0.1.0 42.00 220.00 262.00 OK

Check Details

Version: 0.1.0
Check: dependencies in R code
Result: NOTE
    Namespace in Imports field not imported from: ‘mvtnorm’
     All declared Imports should be used.
Flavors: r-devel-linux-x86_64-fedora-clang, r-devel-linux-x86_64-fedora-gcc, r-devel-windows-x86_64-new-TK, r-release-macos-arm64, r-release-macos-x86_64, r-oldrel-macos-x86_64