CRAN Package Check Results for Package arnie

Last updated on 2019-05-25 05:46:33 CEST.

Flavor Version Tinstall Tcheck Ttotal Status Flags
r-devel-linux-x86_64-debian-clang 0.1.2 1.23 16.22 17.45 NOTE
r-devel-linux-x86_64-debian-gcc 0.1.2 1.14 13.53 14.67 NOTE
r-devel-linux-x86_64-fedora-clang 0.1.2 21.43 NOTE
r-devel-linux-x86_64-fedora-gcc 0.1.2 20.51 NOTE
r-devel-windows-ix86+x86_64 0.1.2 20.00 38.00 58.00 NOTE
r-patched-linux-x86_64 0.1.2 NOTE
r-patched-solaris-x86 0.1.2 35.80 NOTE
r-release-linux-x86_64 0.1.2 1.38 16.10 17.48 NOTE
r-release-windows-ix86+x86_64 0.1.2 6.00 34.00 40.00 NOTE
r-release-osx-x86_64 0.1.2 NOTE
r-oldrel-windows-ix86+x86_64 0.1.2 2.00 25.00 27.00 NOTE
r-oldrel-osx-x86_64 0.1.2 NOTE

Check Details

Version: 0.1.2
Check: DESCRIPTION meta-information
Result: NOTE
    Malformed Description field: should contain one or more complete sentences.
Flavors: r-devel-linux-x86_64-debian-clang, r-devel-linux-x86_64-debian-gcc, r-devel-linux-x86_64-fedora-clang, r-devel-linux-x86_64-fedora-gcc, r-devel-windows-ix86+x86_64, r-patched-linux-x86_64, r-patched-solaris-x86, r-release-linux-x86_64, r-release-windows-ix86+x86_64, r-release-osx-x86_64, r-oldrel-windows-ix86+x86_64, r-oldrel-osx-x86_64