CRAN Package Check Results for Package aroma.affymetrix

Last updated on 2016-02-13 21:47:01.

Flavor Version Tinstall Tcheck Ttotal Status Flags
r-devel-linux-x86_64-debian-gcc 3.0.0 8.53 138.72 147.25 NOTE
r-devel-linux-x86_64-fedora-clang 3.0.0 269.14 NOTE
r-devel-linux-x86_64-fedora-gcc 3.0.0 250.76 NOTE
r-devel-osx-x86_64-clang 3.0.0 320.67 NOTE
r-devel-windows-ix86+x86_64 3.0.0 43.00 236.00 279.00 NOTE
r-patched-linux-x86_64 3.0.0 9.26 152.71 161.97 OK
r-patched-solaris-sparc 3.0.0 1685.90 NOTE
r-patched-solaris-x86 3.0.0 336.50 OK
r-release-linux-x86_64 3.0.0 9.04 154.08 163.12 OK
r-release-osx-x86_64-mavericks 3.0.0 NOTE
r-release-windows-ix86+x86_64 3.0.0 40.00 214.00 254.00 NOTE
r-oldrel-windows-ix86+x86_64 3.0.0 60.00 356.00 416.00 NOTE

Check Details

Version: 3.0.0
Check: package dependencies
Result: NOTE
    Packages suggested but not available for checking:
     ‘affxparser’ ‘oligo’ ‘pdInfoBuilder’
Flavors: r-devel-linux-x86_64-debian-gcc, r-devel-linux-x86_64-fedora-clang, r-devel-linux-x86_64-fedora-gcc, r-devel-osx-x86_64-clang

Version: 3.0.0
Check: Rd cross-references
Result: NOTE
    Packages unavailable to check Rd xrefs: ‘affxparser’, ‘oligo’
Flavors: r-devel-linux-x86_64-debian-gcc, r-devel-linux-x86_64-fedora-clang, r-devel-linux-x86_64-fedora-gcc, r-devel-osx-x86_64-clang

Version: 3.0.0
Check: package dependencies
Result: NOTE
    Package suggested but not available for checking: 'AffymetrixDataTestFiles'
Flavors: r-devel-windows-ix86+x86_64, r-release-windows-ix86+x86_64, r-oldrel-windows-ix86+x86_64

Version: 3.0.0
Check: package dependencies
Result: NOTE
    Packages suggested but not available for checking:
     ‘pdInfoBuilder’ ‘dChipIO’
Flavor: r-patched-solaris-sparc

Version: 3.0.0
Check: package dependencies
Result: NOTE
    Packages suggested but not available for checking:
     ‘affyPLM’ ‘oligo’ ‘pdInfoBuilder’ ‘AffymetrixDataTestFiles’
Flavor: r-release-osx-x86_64-mavericks

Version: 3.0.0
Check: Rd cross-references
Result: NOTE
    Packages unavailable to check Rd xrefs: ‘affyPLM’, ‘oligo’
Flavor: r-release-osx-x86_64-mavericks