CRAN Package Check Results for Package aroma.affymetrix

Last updated on 2015-04-25 19:47:16.

Flavor Version Tinstall Tcheck Ttotal Status Flags
r-devel-linux-x86_64-debian-clang 2.13.0 9.75 153.38 163.12 NOTE
r-devel-linux-x86_64-debian-gcc 2.13.0 8.87 144.13 153.00 NOTE
r-devel-linux-x86_64-fedora-clang 2.13.0 311.89 NOTE
r-devel-linux-x86_64-fedora-gcc 2.13.0 284.76 NOTE
r-devel-osx-x86_64-clang 2.13.0 256.17 NOTE
r-devel-windows-ix86+x86_64 2.13.0 32.00 180.00 212.00 NOTE
r-patched-linux-x86_64 2.13.0 9.36 144.55 153.91 NOTE
r-patched-solaris-sparc 2.13.0 1869.50 NOTE
r-patched-solaris-x86 2.13.0 332.90 NOTE
r-release-linux-x86_64 2.13.0 9.54 143.82 153.36 NOTE
r-release-osx-x86_64-mavericks 2.13.0 NOTE
r-release-osx-x86_64-snowleopard 2.13.0 ERROR
r-release-windows-ix86+x86_64 2.13.0 29.00 184.00 213.00 NOTE
r-oldrel-windows-ix86+x86_64 2.13.0 24.00 217.00 241.00 NOTE

Check Details

Version: 2.13.0
Check: package dependencies
Result: NOTE
    Packages suggested but not available for checking:
     'dChipIO' 'AffymetrixDataTestFiles'
Flavors: r-devel-windows-ix86+x86_64, r-release-windows-ix86+x86_64, r-oldrel-windows-ix86+x86_64