CRAN Package Check Results for Package aroma.affymetrix

Last updated on 2016-06-29 10:50:09.

Flavor Version Tinstall Tcheck Ttotal Status Flags
r-devel-linux-x86_64-debian-gcc 3.0.0 9.30 157.56 166.86 OK
r-devel-linux-x86_64-fedora-clang 3.0.0 293.42 OK
r-devel-linux-x86_64-fedora-gcc 3.0.0 274.20 OK
r-devel-osx-x86_64-clang 3.0.0 252.11 OK
r-devel-windows-ix86+x86_64 3.0.0 30.00 196.00 226.00 NOTE
r-patched-linux-x86_64 3.0.0 9.73 160.25 169.98 OK
r-patched-solaris-sparc 3.0.0 1792.80 NOTE
r-patched-solaris-x86 3.0.0 324.80 OK
r-release-linux-x86_64 3.0.0 8.30 154.40 162.71 OK
r-release-osx-x86_64-mavericks 3.0.0 NOTE
r-release-windows-ix86+x86_64 3.0.0 37.00 209.00 246.00 NOTE
r-oldrel-windows-ix86+x86_64 3.0.0 48.00 249.00 297.00 NOTE

Check Details

Version: 3.0.0
Check: package dependencies
Result: NOTE
    Package suggested but not available for checking: 'AffymetrixDataTestFiles'
Flavors: r-devel-windows-ix86+x86_64, r-release-osx-x86_64-mavericks, r-release-windows-ix86+x86_64, r-oldrel-windows-ix86+x86_64

Version: 3.0.0
Check: package dependencies
Result: NOTE
    Package suggested but not available for checking: ‘pdInfoBuilder’
Flavor: r-patched-solaris-sparc