CRAN Package Check Results for Package aroma.affymetrix

Last updated on 2017-01-21 08:46:46.

Flavor Version Tinstall Tcheck Ttotal Status Flags
r-devel-linux-x86_64-debian-clang 3.0.0 10.51 182.58 193.09 OK
r-devel-linux-x86_64-debian-gcc 3.0.0 10.10 179.74 189.84 OK
r-devel-linux-x86_64-fedora-clang 3.0.0 353.41 OK --no-stop-on-test-error
r-devel-linux-x86_64-fedora-gcc 3.0.0 340.39 OK --no-stop-on-test-error
r-devel-macos-x86_64-clang 3.0.0 287.72 OK --no-stop-on-test-error
r-devel-windows-ix86+x86_64 3.0.0 42.00 237.00 279.00 NOTE
r-patched-linux-x86_64 3.0.0 9.00 157.13 166.13 OK
r-patched-solaris-sparc 3.0.0 1845.80 NOTE
r-patched-solaris-x86 3.0.0 319.30 OK
r-release-linux-x86_64 3.0.0 8.69 161.54 170.23 OK
r-release-osx-x86_64-mavericks 3.0.0 NOTE
r-release-windows-ix86+x86_64 3.0.0 44.00 290.00 334.00 NOTE
r-oldrel-windows-ix86+x86_64 3.0.0 47.00 302.00 349.00 NOTE

Check Details

Version: 3.0.0
Check: package dependencies
Result: NOTE
    Package suggested but not available for checking: 'AffymetrixDataTestFiles'
Flavors: r-devel-windows-ix86+x86_64, r-release-osx-x86_64-mavericks, r-release-windows-ix86+x86_64, r-oldrel-windows-ix86+x86_64

Version: 3.0.0
Check: package dependencies
Result: NOTE
    Package suggested but not available for checking: ‘pdInfoBuilder’
Flavor: r-patched-solaris-sparc