CRAN Package Check Results for Package aroma.affymetrix

Last updated on 2017-06-26 10:47:01.

Flavor Version Tinstall Tcheck Ttotal Status Flags
r-devel-linux-x86_64-debian-clang 3.1.0 11.31 177.20 188.52 OK
r-devel-linux-x86_64-debian-gcc 3.1.0 9.79 179.47 189.26 OK
r-devel-linux-x86_64-fedora-clang 3.1.0 351.16 OK
r-devel-linux-x86_64-fedora-gcc 3.1.0 341.50 OK
r-devel-windows-ix86+x86_64 3.1.0 49.00 328.00 377.00 NOTE
r-patched-linux-x86_64 3.1.0 10.05 183.69 193.74 OK
r-patched-solaris-sparc 3.1.0 2043.90 NOTE
r-patched-solaris-x86 3.1.0 384.30 OK
r-release-linux-x86_64 3.1.0 10.00 180.04 190.05 OK
r-release-windows-ix86+x86_64 3.1.0 40.00 331.00 371.00 NOTE
r-release-osx-x86_64 3.1.0 ERROR
r-oldrel-windows-ix86+x86_64 3.1.0 28.00 277.00 305.00 NOTE
r-oldrel-osx-x86_64 3.1.0 NOTE

Check Details

Version: 3.1.0
Check: package dependencies
Result: NOTE
    Package suggested but not available for checking: 'AffymetrixDataTestFiles'
Flavors: r-devel-windows-ix86+x86_64, r-release-windows-ix86+x86_64, r-oldrel-windows-ix86+x86_64, r-oldrel-osx-x86_64

Version: 3.1.0
Check: package dependencies
Result: NOTE
    Package suggested but not available for checking: ‘pdInfoBuilder’
Flavor: r-patched-solaris-sparc

Version: 3.1.0
Check: package dependencies
Result: ERROR
    Package required but not available: ‘aroma.core’
    
    Packages suggested but not available for checking:
     ‘affxparser’ ‘affyPLM’ ‘aroma.light’ ‘gcrma’ ‘oligo’ ‘oligoClasses’
     ‘pdInfoBuilder’ ‘AffymetrixDataTestFiles’
    
    See section ‘The DESCRIPTION file’ in the ‘Writing R Extensions’
    manual.
Flavor: r-release-osx-x86_64