CRAN Package Check Results for Package aroma.affymetrix

Last updated on 2016-09-30 23:47:45.

Flavor Version Tinstall Tcheck Ttotal Status Flags
r-devel-linux-x86_64-debian-clang 3.0.0 9.91 166.70 176.61 OK
r-devel-linux-x86_64-debian-gcc 3.0.0 8.57 165.65 174.22 OK
r-devel-linux-x86_64-fedora-clang 3.0.0 301.13 OK
r-devel-linux-x86_64-fedora-gcc 3.0.0 275.41 OK
r-devel-macos-x86_64-clang 3.0.0 239.79 OK
r-devel-windows-ix86+x86_64 3.0.0 58.00 268.00 326.00 NOTE
r-patched-linux-x86_64 3.0.0 13.35 155.61 168.96 OK
r-patched-solaris-sparc 3.0.0 1792.80 NOTE
r-patched-solaris-x86 3.0.0 319.90 OK
r-release-linux-x86_64 3.0.0 8.50 157.49 165.99 OK
r-release-osx-x86_64-mavericks 3.0.0 NOTE
r-release-windows-ix86+x86_64 3.0.0 29.00 225.00 254.00 NOTE
r-oldrel-windows-ix86+x86_64 3.0.0 68.00 282.00 350.00 NOTE

Check Details

Version: 3.0.0
Check: package dependencies
Result: NOTE
    Package suggested but not available for checking: 'AffymetrixDataTestFiles'
Flavors: r-devel-windows-ix86+x86_64, r-release-osx-x86_64-mavericks, r-release-windows-ix86+x86_64, r-oldrel-windows-ix86+x86_64

Version: 3.0.0
Check: package dependencies
Result: NOTE
    Package suggested but not available for checking: ‘pdInfoBuilder’
Flavor: r-patched-solaris-sparc