CRAN Package Check Results for Package aroma.affymetrix

Last updated on 2017-12-12 02:49:24 CET.

Flavor Version Tinstall Tcheck Ttotal Status Flags
r-devel-linux-x86_64-debian-clang 3.1.0 13.21 248.17 261.38 OK
r-devel-linux-x86_64-debian-gcc 3.1.0 12.72 231.29 244.01 OK
r-devel-linux-x86_64-fedora-clang 3.1.0 343.82 OK
r-devel-linux-x86_64-fedora-gcc 3.1.0 340.22 OK
r-devel-windows-ix86+x86_64 3.1.0 43.00 269.00 312.00 NOTE
r-patched-linux-x86_64 3.1.0 14.06 316.50 330.56 OK
r-patched-solaris-x86 3.1.0 379.70 OK
r-release-linux-x86_64 3.1.0 14.10 315.12 329.22 OK
r-release-windows-ix86+x86_64 3.1.0 32.00 257.00 289.00 NOTE
r-release-osx-x86_64 3.1.0 ERROR
r-oldrel-windows-ix86+x86_64 3.1.0 34.00 273.00 307.00 NOTE
r-oldrel-osx-x86_64 3.1.0 NOTE

Check Details

Version: 3.1.0
Check: package dependencies
Result: NOTE
    Package suggested but not available for checking: 'AffymetrixDataTestFiles'
Flavors: r-devel-windows-ix86+x86_64, r-release-windows-ix86+x86_64, r-oldrel-windows-ix86+x86_64, r-oldrel-osx-x86_64

Version: 3.1.0
Check: package dependencies
Result: ERROR
    Package required but not available: ‘aroma.core’
    
    Packages suggested but not available for checking:
     ‘affxparser’ ‘affyPLM’ ‘aroma.light’ ‘gcrma’ ‘oligo’ ‘oligoClasses’
     ‘pdInfoBuilder’ ‘AffymetrixDataTestFiles’
    
    See section ‘The DESCRIPTION file’ in the ‘Writing R Extensions’
    manual.
Flavor: r-release-osx-x86_64