CRAN Package Check Results for Package aroma.affymetrix

Last updated on 2016-12-11 14:47:17.

Flavor Version Tinstall Tcheck Ttotal Status Flags
r-devel-linux-x86_64-debian-clang 3.0.0 11.11 194.04 205.15 OK
r-devel-linux-x86_64-debian-gcc 3.0.0 11.12 187.37 198.49 OK
r-devel-linux-x86_64-fedora-clang 3.0.0 385.58 OK --no-stop-on-test-error
r-devel-linux-x86_64-fedora-gcc 3.0.0 356.16 OK --no-stop-on-test-error
r-devel-macos-x86_64-clang 3.0.0 294.89 OK --no-stop-on-test-error
r-devel-windows-ix86+x86_64 3.0.0 33.00 363.00 396.00 NOTE
r-patched-linux-x86_64 3.0.0 8.99 160.30 169.29 OK
r-patched-solaris-sparc 3.0.0 1792.80 NOTE
r-patched-solaris-x86 3.0.0 322.30 OK
r-release-linux-x86_64 3.0.0 8.76 159.13 167.89 OK
r-release-osx-x86_64-mavericks 3.0.0 NOTE
r-release-windows-ix86+x86_64 3.0.0 37.00 218.00 255.00 NOTE
r-oldrel-windows-ix86+x86_64 3.0.0 45.00 296.00 341.00 NOTE

Check Details

Version: 3.0.0
Check: package dependencies
Result: NOTE
    Package suggested but not available for checking: 'AffymetrixDataTestFiles'
Flavors: r-devel-windows-ix86+x86_64, r-release-osx-x86_64-mavericks, r-release-windows-ix86+x86_64, r-oldrel-windows-ix86+x86_64

Version: 3.0.0
Check: package dependencies
Result: NOTE
    Package suggested but not available for checking: ‘pdInfoBuilder’
Flavor: r-patched-solaris-sparc