CRAN Package Check Results for Package aroma.affymetrix

Last updated on 2016-07-24 03:50:56.

Flavor Version Tinstall Tcheck Ttotal Status Flags
r-devel-linux-x86_64-debian-clang 3.0.0 10.47 182.64 193.11 OK
r-devel-linux-x86_64-debian-gcc 3.0.0 9.31 165.09 174.40 OK
r-devel-linux-x86_64-fedora-clang 3.0.0 292.07 OK
r-devel-linux-x86_64-fedora-gcc 3.0.0 275.83 OK
r-devel-osx-x86_64-clang 3.0.0 254.49 OK
r-devel-windows-ix86+x86_64 3.0.0 26.00 256.00 282.00 NOTE
r-patched-linux-x86_64 3.0.0 9.80 164.96 174.76 OK
r-patched-solaris-sparc 3.0.0 1792.80 NOTE
r-patched-solaris-x86 3.0.0 317.80 OK
r-release-linux-x86_64 3.0.0 10.32 171.45 181.77 OK
r-release-osx-x86_64-mavericks 3.0.0 NOTE
r-release-windows-ix86+x86_64 3.0.0 33.00 214.00 247.00 NOTE
r-oldrel-windows-ix86+x86_64 3.0.0 49.00 224.00 273.00 NOTE

Check Details

Version: 3.0.0
Check: package dependencies
Result: NOTE
    Package suggested but not available for checking: 'AffymetrixDataTestFiles'
Flavors: r-devel-windows-ix86+x86_64, r-release-osx-x86_64-mavericks, r-release-windows-ix86+x86_64, r-oldrel-windows-ix86+x86_64

Version: 3.0.0
Check: package dependencies
Result: NOTE
    Package suggested but not available for checking: ‘pdInfoBuilder’
Flavor: r-patched-solaris-sparc