CRAN Package Check Results for Package aroma.affymetrix

Last updated on 2017-04-30 05:48:09.

Flavor Version Tinstall Tcheck Ttotal Status Flags
r-devel-linux-x86_64-debian-clang 3.1.0 11.35 179.71 191.06 OK
r-devel-linux-x86_64-debian-gcc 3.1.0 10.44 178.63 189.07 OK
r-devel-linux-x86_64-fedora-clang 3.1.0 356.97 OK --no-stop-on-test-error
r-devel-linux-x86_64-fedora-gcc 3.1.0 348.22 OK --no-stop-on-test-error
r-devel-windows-ix86+x86_64 3.1.0 69.00 312.00 381.00 NOTE
r-patched-linux-x86_64 3.1.0 10.41 168.15 178.56 NOTE
r-patched-solaris-sparc 3.1.0 2043.90 NOTE
r-patched-solaris-x86 3.1.0 380.60 OK
r-release-linux-x86_64 3.1.0 10.48 176.46 186.94 OK
r-release-windows-ix86+x86_64 3.1.0 46.00 330.00 376.00 NOTE
r-release-osx-x86_64 3.1.0 ERROR
r-oldrel-windows-ix86+x86_64 3.1.0 48.00 273.00 321.00 NOTE
r-oldrel-osx-x86_64 3.1.0 NOTE

Check Details

Version: 3.1.0
Check: package dependencies
Result: NOTE
    Package suggested but not available for checking: 'AffymetrixDataTestFiles'
Flavors: r-devel-windows-ix86+x86_64, r-patched-linux-x86_64, r-release-windows-ix86+x86_64, r-oldrel-windows-ix86+x86_64, r-oldrel-osx-x86_64

Version: 3.1.0
Check: package dependencies
Result: NOTE
    Package suggested but not available for checking: ‘pdInfoBuilder’
Flavor: r-patched-solaris-sparc

Version: 3.1.0
Check: package dependencies
Result: ERROR
    Package required but not available: ‘aroma.core’
    
    Packages suggested but not available for checking:
     ‘affxparser’ ‘affyPLM’ ‘aroma.light’ ‘gcrma’ ‘oligo’ ‘oligoClasses’
     ‘pdInfoBuilder’ ‘AffymetrixDataTestFiles’
    
    See section ‘The DESCRIPTION file’ in the ‘Writing R Extensions’
    manual.
Flavor: r-release-osx-x86_64