CRAN Package Check Results for Package aroma.affymetrix

Last updated on 2017-08-23 09:47:02.

Flavor Version Tinstall Tcheck Ttotal Status Flags
r-devel-linux-x86_64-debian-clang 3.1.0 9.92 178.81 188.73 OK
r-devel-linux-x86_64-debian-gcc 3.1.0 9.72 174.04 183.76 OK
r-devel-linux-x86_64-fedora-clang 3.1.0 350.81 OK
r-devel-linux-x86_64-fedora-gcc 3.1.0 343.11 OK
r-devel-windows-ix86+x86_64 3.1.0 31.00 333.00 364.00 NOTE
r-patched-linux-x86_64 3.1.0 10.89 182.09 192.98 OK
r-patched-solaris-x86 3.1.0 381.40 OK
r-release-linux-x86_64 3.1.0 10.81 183.43 194.25 OK
r-release-windows-ix86+x86_64 3.1.0 31.00 357.00 388.00 NOTE
r-release-osx-x86_64 3.1.0 ERROR
r-oldrel-windows-ix86+x86_64 3.1.0 47.00 219.00 266.00 NOTE
r-oldrel-osx-x86_64 3.1.0 NOTE

Check Details

Version: 3.1.0
Check: package dependencies
Result: NOTE
    Package suggested but not available for checking: 'AffymetrixDataTestFiles'
Flavors: r-devel-windows-ix86+x86_64, r-release-windows-ix86+x86_64, r-oldrel-windows-ix86+x86_64, r-oldrel-osx-x86_64

Version: 3.1.0
Check: package dependencies
Result: ERROR
    Package required but not available: ‘aroma.core’
    
    Packages suggested but not available for checking:
     ‘affxparser’ ‘affyPLM’ ‘aroma.light’ ‘gcrma’ ‘oligo’ ‘oligoClasses’
     ‘pdInfoBuilder’ ‘AffymetrixDataTestFiles’
    
    See section ‘The DESCRIPTION file’ in the ‘Writing R Extensions’
    manual.
Flavor: r-release-osx-x86_64