CRAN Package Check Results for Package aroma.affymetrix

Last updated on 2017-03-23 03:47:35.

Flavor Version Tinstall Tcheck Ttotal Status Flags
r-devel-linux-x86_64-debian-clang 3.0.0 10.45 181.25 191.70 OK
r-devel-linux-x86_64-debian-gcc 3.0.0 10.48 176.94 187.42 OK
r-devel-linux-x86_64-fedora-clang 3.0.0 370.57 OK --no-stop-on-test-error
r-devel-linux-x86_64-fedora-gcc 3.0.0 345.60 OK --no-stop-on-test-error
r-devel-macos-x86_64-clang 3.0.0 285.44 OK --no-stop-on-test-error
r-devel-windows-ix86+x86_64 3.0.0 34.00 245.00 279.00 NOTE
r-patched-linux-x86_64 3.0.0 8.77 158.67 167.44 OK
r-patched-solaris-sparc 3.0.0 2136.60 NOTE
r-patched-solaris-x86 3.0.0 378.00 OK
r-release-linux-x86_64 3.0.0 8.35 160.53 168.88 OK
r-release-osx-x86_64-mavericks 3.0.0 NOTE
r-release-windows-ix86+x86_64 3.0.0 36.00 214.00 250.00 NOTE
r-oldrel-windows-ix86+x86_64 3.0.0 44.00 317.00 361.00 NOTE

Check Details

Version: 3.0.0
Check: package dependencies
Result: NOTE
    Package suggested but not available for checking: 'AffymetrixDataTestFiles'
Flavors: r-devel-windows-ix86+x86_64, r-release-osx-x86_64-mavericks, r-release-windows-ix86+x86_64, r-oldrel-windows-ix86+x86_64

Version: 3.0.0
Check: package dependencies
Result: NOTE
    Package suggested but not available for checking: ‘pdInfoBuilder’
Flavor: r-patched-solaris-sparc