CRAN Package Check Results for Package aroma.affymetrix

Last updated on 2017-10-19 01:46:05.

Flavor Version Tinstall Tcheck Ttotal Status Flags
r-devel-linux-x86_64-debian-clang 3.1.0 10.19 185.79 195.97 OK
r-devel-linux-x86_64-debian-gcc 3.1.0 10.54 186.03 196.56 OK
r-devel-linux-x86_64-fedora-clang 3.1.0 368.31 OK
r-devel-linux-x86_64-fedora-gcc 3.1.0 373.42 OK
r-devel-windows-ix86+x86_64 3.1.0 32.00 240.00 272.00 NOTE
r-patched-linux-x86_64 3.1.0 10.91 185.85 196.76 OK
r-patched-solaris-x86 3.1.0 382.00 OK
r-release-linux-x86_64 3.1.0 10.37 185.61 195.98 OK
r-release-windows-ix86+x86_64 3.1.0 46.00 290.00 336.00 NOTE
r-release-osx-x86_64 3.1.0 ERROR
r-oldrel-windows-ix86+x86_64 3.1.0 45.00 270.00 315.00 NOTE
r-oldrel-osx-x86_64 3.1.0 NOTE

Check Details

Version: 3.1.0
Check: package dependencies
Result: NOTE
    Package suggested but not available for checking: 'AffymetrixDataTestFiles'
Flavors: r-devel-windows-ix86+x86_64, r-release-windows-ix86+x86_64, r-oldrel-windows-ix86+x86_64, r-oldrel-osx-x86_64

Version: 3.1.0
Check: package dependencies
Result: ERROR
    Package required but not available: ‘aroma.core’
    
    Packages suggested but not available for checking:
     ‘affxparser’ ‘affyPLM’ ‘aroma.light’ ‘gcrma’ ‘oligo’ ‘oligoClasses’
     ‘pdInfoBuilder’ ‘AffymetrixDataTestFiles’
    
    See section ‘The DESCRIPTION file’ in the ‘Writing R Extensions’
    manual.
Flavor: r-release-osx-x86_64