CRAN Package Check Results for Package aroma.affymetrix

Last updated on 2016-05-05 23:49:49.

Flavor Version Tinstall Tcheck Ttotal Status Flags
r-devel-linux-x86_64-debian-gcc 3.0.0 9.21 156.23 165.44 OK
r-devel-linux-x86_64-fedora-clang 3.0.0 298.35 OK
r-devel-linux-x86_64-fedora-gcc 3.0.0 273.34 OK
r-devel-osx-x86_64-clang 3.0.0 348.28 OK
r-devel-windows-ix86+x86_64 3.0.0 29.00 212.00 241.00 NOTE
r-patched-linux-x86_64 3.0.0 8.31 150.84 159.15 OK
r-patched-solaris-sparc 3.0.0 1767.50 NOTE
r-patched-solaris-x86 3.0.0 324.70 OK
r-release-linux-x86_64 3.0.0 8.20 158.83 167.04 OK
r-release-osx-x86_64-mavericks 3.0.0 NOTE
r-release-windows-ix86+x86_64 3.0.0 29.00 212.00 241.00 NOTE
r-oldrel-windows-ix86+x86_64 3.0.0 44.00 276.00 320.00 NOTE

Check Details

Version: 3.0.0
Check: package dependencies
Result: NOTE
    Package suggested but not available for checking: 'AffymetrixDataTestFiles'
Flavors: r-devel-windows-ix86+x86_64, r-release-windows-ix86+x86_64, r-oldrel-windows-ix86+x86_64

Version: 3.0.0
Check: package dependencies
Result: NOTE
    Package suggested but not available for checking: ‘pdInfoBuilder’
Flavor: r-patched-solaris-sparc

Version: 3.0.0
Check: package dependencies
Result: NOTE
    Packages suggested but not available for checking:
     ‘affyPLM’ ‘oligo’ ‘pdInfoBuilder’ ‘AffymetrixDataTestFiles’
Flavor: r-release-osx-x86_64-mavericks

Version: 3.0.0
Check: Rd cross-references
Result: NOTE
    Packages unavailable to check Rd xrefs: ‘affyPLM’, ‘oligo’
Flavor: r-release-osx-x86_64-mavericks