CRAN Package Check Results for Package aroma.affymetrix

Last updated on 2016-08-26 11:47:12.

Flavor Version Tinstall Tcheck Ttotal Status Flags
r-devel-linux-x86_64-debian-clang 3.0.0 8.25 158.02 166.27 OK
r-devel-linux-x86_64-debian-gcc 3.0.0 11.09 201.53 212.62 OK
r-devel-linux-x86_64-fedora-clang 3.0.0 294.06 OK
r-devel-linux-x86_64-fedora-gcc 3.0.0 273.09 OK
r-devel-osx-x86_64-clang 3.0.0 252.24 OK
r-devel-windows-ix86+x86_64 3.0.0 38.00 218.00 256.00 NOTE
r-patched-linux-x86_64 3.0.0 8.41 157.72 166.13 OK
r-patched-solaris-sparc 3.0.0 1792.80 NOTE
r-patched-solaris-x86 3.0.0 318.10 OK
r-release-linux-x86_64 3.0.0 9.20 156.82 166.02 OK
r-release-osx-x86_64-mavericks 3.0.0 NOTE
r-release-windows-ix86+x86_64 3.0.0 25.00 198.00 223.00 NOTE
r-oldrel-windows-ix86+x86_64 3.0.0 32.00 223.00 255.00 NOTE

Check Details

Version: 3.0.0
Check: package dependencies
Result: NOTE
    Package suggested but not available for checking: 'AffymetrixDataTestFiles'
Flavors: r-devel-windows-ix86+x86_64, r-release-osx-x86_64-mavericks, r-release-windows-ix86+x86_64, r-oldrel-windows-ix86+x86_64

Version: 3.0.0
Check: package dependencies
Result: NOTE
    Package suggested but not available for checking: ‘pdInfoBuilder’
Flavor: r-patched-solaris-sparc