CRAN Package Check Results for Package aroma.affymetrix

Last updated on 2017-02-26 17:51:06.

Flavor Version Tinstall Tcheck Ttotal Status Flags
r-devel-linux-x86_64-debian-clang 3.0.0 9.79 184.58 194.37 OK
r-devel-linux-x86_64-debian-gcc 3.0.0 10.62 180.80 191.42 OK
r-devel-linux-x86_64-fedora-clang 3.0.0 350.36 OK --no-stop-on-test-error
r-devel-linux-x86_64-fedora-gcc 3.0.0 343.44 OK --no-stop-on-test-error
r-devel-macos-x86_64-clang 3.0.0 287.94 OK --no-stop-on-test-error
r-devel-windows-ix86+x86_64 3.0.0 48.00 314.00 362.00 NOTE
r-patched-linux-x86_64 3.0.0 8.20 156.58 164.78 OK
r-patched-solaris-sparc 3.0.0 1845.80 NOTE
r-patched-solaris-x86 3.0.0 320.00 OK
r-release-linux-x86_64 3.0.0 8.89 154.87 163.76 OK
r-release-osx-x86_64-mavericks 3.0.0 NOTE
r-release-windows-ix86+x86_64 3.0.0 36.00 314.00 350.00 NOTE
r-oldrel-windows-ix86+x86_64 3.0.0 43.00 298.00 341.00 NOTE

Check Details

Version: 3.0.0
Check: package dependencies
Result: NOTE
    Package suggested but not available for checking: 'AffymetrixDataTestFiles'
Flavors: r-devel-windows-ix86+x86_64, r-release-osx-x86_64-mavericks, r-release-windows-ix86+x86_64, r-oldrel-windows-ix86+x86_64

Version: 3.0.0
Check: package dependencies
Result: NOTE
    Package suggested but not available for checking: ‘pdInfoBuilder’
Flavor: r-patched-solaris-sparc