CRAN Package Check Results for Package aroma.apd

Last updated on 2014-10-24 08:49:02.

Flavor Version Tinstall Tcheck Ttotal Status Flags
r-devel-linux-x86_64-debian-clang 0.5.0 1.15 17.36 18.51 NOTE
r-devel-linux-x86_64-debian-gcc 0.5.0 1.15 17.34 18.49 NOTE
r-devel-linux-x86_64-fedora-clang 0.5.0 36.76 NOTE
r-devel-linux-x86_64-fedora-gcc 0.5.0 37.77 NOTE
r-devel-osx-x86_64-clang 0.5.0 37.05 NOTE
r-devel-windows-ix86+x86_64 0.5.0 4.00 28.00 32.00 NOTE
r-patched-linux-x86_64 0.5.0 1.18 17.13 18.31 NOTE
r-patched-solaris-sparc 0.5.0 206.80 NOTE
r-patched-solaris-x86 0.5.0 49.40 NOTE
r-release-linux-ix86 0.5.0 1.52 23.68 25.20 OK
r-release-linux-x86_64 0.5.0 1.14 17.01 18.14 OK
r-release-osx-x86_64-mavericks 0.5.0 NOTE
r-release-osx-x86_64-snowleopard 0.5.0 NOTE
r-release-windows-ix86+x86_64 0.5.0 4.00 31.00 35.00 OK
r-oldrel-windows-ix86+x86_64 0.5.0 4.00 31.00 35.00 OK

Check Details

Version: 0.5.0
Check: R code for possible problems
Result: NOTE
    cdfToApdMap.default: no visible global function definition for
     ‘readCdfHeader’
    cdfToApdMap.default: no visible global function definition for
     ‘readCdfUnitsWriteMap’
    cdfToApdMap.default: no visible global function definition for
     ‘invertMap’
    celToApd.default: no visible global function definition for ‘readCel’
    celToApd.default: no visible global function definition for ‘invertMap’
    gtypeCelToPQ.default: no visible global function definition for
     ‘readCelHeader’
    gtypeCelToPQ.default: no visible global function definition for
     ‘findCdf’
    gtypeCelToPQ.default: no visible global function definition for
     ‘readCdfUnits’
    gtypeCelToPQ.default: no visible global function definition for
     ‘applyCdfGroups’
    gtypeCelToPQ.default: no visible binding for global variable
     ‘cdfGtypeCelToPQ’
    gtypeCelToPQ.default: no visible global function definition for
     ‘readCelUnits’
    readApdRectangle.default: no visible global function definition for
     ‘findCdf’
    readApdRectangle.default: no visible global function definition for
     ‘readCdfHeader’
    readApdUnits.default: no visible global function definition for
     ‘findCdf’
    readApdUnits.default: no visible global function definition for
     ‘readCdfCellIndices’
    readApdUnits.default: no visible global function definition for
     ‘applyCdfGroups’
    readApdUnits.default: no visible binding for global variable
     ‘cdfGetFields’
    readApdUnits.default: no visible global function definition for
     ‘readCdfHeader’
    updateApdUnits.default: no visible global function definition for
     ‘findCdf’
    updateApdUnits.default: no visible global function definition for
     ‘readCdfCellIndices’
    updateApdUnits.default: no visible global function definition for
     ‘applyCdfGroups’
    updateApdUnits.default: no visible binding for global variable
     ‘cdfGetFields’
    updateApdUnits.default: no visible global function definition for
     ‘readCdfHeader’
Flavors: r-devel-linux-x86_64-debian-clang, r-devel-linux-x86_64-debian-gcc, r-devel-linux-x86_64-fedora-clang, r-devel-linux-x86_64-fedora-gcc, r-devel-osx-x86_64-clang, r-devel-windows-ix86+x86_64, r-patched-linux-x86_64, r-patched-solaris-sparc, r-patched-solaris-x86, r-release-osx-x86_64-mavericks, r-release-osx-x86_64-snowleopard

Version: 0.5.0
Check: package dependencies
Result: NOTE
    Package suggested but not available for checking: ‘affxparser’
Flavors: r-release-osx-x86_64-mavericks, r-release-osx-x86_64-snowleopard

Version: 0.5.0
Check: Rd cross-references
Result: NOTE
    Package unavailable to check Rd xrefs: ‘affxparser’
Flavors: r-release-osx-x86_64-mavericks, r-release-osx-x86_64-snowleopard