CRAN Package Check Results for Package aroma.apd

Last updated on 2016-02-09 20:46:58.

Flavor Version Tinstall Tcheck Ttotal Status Flags
r-devel-linux-x86_64-debian-gcc 0.6.0 0.86 16.96 17.82 NOTE
r-devel-linux-x86_64-fedora-clang 0.6.0 32.13 NOTE
r-devel-linux-x86_64-fedora-gcc 0.6.0 30.41 NOTE
r-devel-osx-x86_64-clang 0.6.0 38.27 NOTE
r-devel-windows-ix86+x86_64 0.6.0 5.00 43.00 48.00 OK
r-patched-linux-x86_64 0.6.0 0.96 16.79 17.76 OK
r-patched-solaris-sparc 0.6.0 210.00 OK
r-patched-solaris-x86 0.6.0 45.60 OK
r-release-linux-x86_64 0.6.0 1.02 16.89 17.91 OK
r-release-osx-x86_64-mavericks 0.6.0 OK
r-release-windows-ix86+x86_64 0.6.0 5.00 34.00 39.00 OK
r-oldrel-windows-ix86+x86_64 0.6.0 8.00 43.00 51.00 OK

Check Details

Version: 0.6.0
Check: package dependencies
Result: NOTE
    Package suggested but not available for checking: ‘affxparser’
Flavors: r-devel-linux-x86_64-debian-gcc, r-devel-linux-x86_64-fedora-clang, r-devel-linux-x86_64-fedora-gcc, r-devel-osx-x86_64-clang

Version: 0.6.0
Check: Rd cross-references
Result: NOTE
    Package unavailable to check Rd xrefs: ‘affxparser’
Flavors: r-devel-linux-x86_64-debian-gcc, r-devel-linux-x86_64-fedora-clang, r-devel-linux-x86_64-fedora-gcc, r-devel-osx-x86_64-clang