CRAN Package Check Results for Package aroma.apd

Last updated on 2017-08-23 09:47:02.

Flavor Version Tinstall Tcheck Ttotal Status Flags
r-devel-linux-x86_64-debian-clang 0.6.0 1.41 25.64 27.05 OK
r-devel-linux-x86_64-debian-gcc 0.6.0 1.42 25.28 26.70 OK
r-devel-linux-x86_64-fedora-clang 0.6.0 49.68 OK
r-devel-linux-x86_64-fedora-gcc 0.6.0 47.75 OK
r-devel-windows-ix86+x86_64 0.6.0 5.00 64.00 69.00 OK
r-patched-linux-x86_64 0.6.0 1.43 25.07 26.50 OK
r-patched-solaris-x86 0.6.0 65.40 OK
r-release-linux-x86_64 0.6.0 1.43 25.51 26.94 OK
r-release-windows-ix86+x86_64 0.6.0 5.00 68.00 73.00 OK
r-release-osx-x86_64 0.6.0 NOTE
r-oldrel-windows-ix86+x86_64 0.6.0 6.00 58.00 64.00 OK
r-oldrel-osx-x86_64 0.6.0 OK

Check Details

Version: 0.6.0
Check: package dependencies
Result: NOTE
    Package suggested but not available for checking: ‘affxparser’
Flavor: r-release-osx-x86_64

Version: 0.6.0
Check: Rd cross-references
Result: NOTE
    Package unavailable to check Rd xrefs: ‘affxparser’
Flavor: r-release-osx-x86_64