CRAN Package Check Results for Package aroma.apd

Last updated on 2017-05-24 07:49:32.

Flavor Version Tinstall Tcheck Ttotal Status Flags
r-devel-linux-x86_64-debian-clang 0.6.0 1.46 25.12 26.58 OK
r-devel-linux-x86_64-debian-gcc 0.6.0 1.46 24.94 26.40 OK
r-devel-linux-x86_64-fedora-clang 0.6.0 50.01 OK --no-stop-on-test-error
r-devel-linux-x86_64-fedora-gcc 0.6.0 47.78 OK --no-stop-on-test-error
r-devel-windows-ix86+x86_64 0.6.0 7.00 56.00 63.00 OK
r-patched-linux-x86_64 0.6.0 1.46 24.82 26.28 OK
r-patched-solaris-sparc 0.6.0 299.30 OK
r-patched-solaris-x86 0.6.0 64.50 OK
r-release-linux-x86_64 0.6.0 1.32 24.52 25.83 OK
r-release-windows-ix86+x86_64 0.6.0 4.00 77.00 81.00 OK
r-release-osx-x86_64 0.6.0 NOTE
r-oldrel-windows-ix86+x86_64 0.6.0 5.00 56.00 61.00 OK
r-oldrel-osx-x86_64 0.6.0 OK

Check Details

Version: 0.6.0
Check: package dependencies
Result: NOTE
    Package suggested but not available for checking: ‘affxparser’
Flavor: r-release-osx-x86_64

Version: 0.6.0
Check: Rd cross-references
Result: NOTE
    Package unavailable to check Rd xrefs: ‘affxparser’
Flavor: r-release-osx-x86_64