CRAN Package Check Results for Package aroma.apd

Last updated on 2014-09-19 23:46:43.

Flavor Version Tinstall Tcheck Ttotal Status Flags
r-devel-linux-x86_64-debian-clang 0.5.0 1.04 16.29 17.34 NOTE
r-devel-linux-x86_64-debian-gcc 0.5.0 1.02 16.51 17.53 NOTE
r-devel-linux-x86_64-fedora-clang 0.5.0 33.86 NOTE
r-devel-linux-x86_64-fedora-gcc 0.5.0 32.70 NOTE
r-devel-osx-x86_64-clang 0.5.0 36.15 NOTE
r-devel-windows-ix86+x86_64 0.5.0 4.00 27.00 31.00 NOTE
r-patched-linux-x86_64 0.5.0 1.07 16.56 17.63 OK
r-patched-solaris-sparc 0.5.0 215.10 OK
r-patched-solaris-x86 0.5.0 47.60 OK
r-release-linux-ix86 0.5.0 1.50 23.89 25.38 OK
r-release-linux-x86_64 0.5.0 1.20 17.63 18.83 OK
r-release-osx-x86_64-mavericks 0.5.0 NOTE
r-release-osx-x86_64-snowleopard 0.5.0 NOTE
r-release-windows-ix86+x86_64 0.5.0 4.00 30.00 34.00 OK
r-oldrel-windows-ix86+x86_64 0.5.0 5.00 34.00 39.00 OK

Check Details

Version: 0.5.0
Check: R code for possible problems
Result: NOTE
    cdfToApdMap.default: no visible global function definition for
     ‘readCdfHeader’
    cdfToApdMap.default: no visible global function definition for
     ‘readCdfUnitsWriteMap’
    cdfToApdMap.default: no visible global function definition for
     ‘invertMap’
    celToApd.default: no visible global function definition for ‘readCel’
    celToApd.default: no visible global function definition for ‘invertMap’
    gtypeCelToPQ.default: no visible global function definition for
     ‘readCelHeader’
    gtypeCelToPQ.default: no visible global function definition for
     ‘findCdf’
    gtypeCelToPQ.default: no visible global function definition for
     ‘readCdfUnits’
    gtypeCelToPQ.default: no visible global function definition for
     ‘applyCdfGroups’
    gtypeCelToPQ.default: no visible binding for global variable
     ‘cdfGtypeCelToPQ’
    gtypeCelToPQ.default: no visible global function definition for
     ‘readCelUnits’
    readApdRectangle.default: no visible global function definition for
     ‘findCdf’
    readApdRectangle.default: no visible global function definition for
     ‘readCdfHeader’
    readApdUnits.default: no visible global function definition for
     ‘findCdf’
    readApdUnits.default: no visible global function definition for
     ‘readCdfCellIndices’
    readApdUnits.default: no visible global function definition for
     ‘applyCdfGroups’
    readApdUnits.default: no visible binding for global variable
     ‘cdfGetFields’
    readApdUnits.default: no visible global function definition for
     ‘readCdfHeader’
    updateApdUnits.default: no visible global function definition for
     ‘findCdf’
    updateApdUnits.default: no visible global function definition for
     ‘readCdfCellIndices’
    updateApdUnits.default: no visible global function definition for
     ‘applyCdfGroups’
    updateApdUnits.default: no visible binding for global variable
     ‘cdfGetFields’
    updateApdUnits.default: no visible global function definition for
     ‘readCdfHeader’
Flavors: r-devel-linux-x86_64-debian-clang, r-devel-linux-x86_64-debian-gcc, r-devel-linux-x86_64-fedora-clang, r-devel-linux-x86_64-fedora-gcc, r-devel-osx-x86_64-clang, r-devel-windows-ix86+x86_64, r-release-osx-x86_64-mavericks, r-release-osx-x86_64-snowleopard

Version: 0.5.0
Check: package dependencies
Result: NOTE
    Package suggested but not available for checking: ‘affxparser’
Flavors: r-release-osx-x86_64-mavericks, r-release-osx-x86_64-snowleopard

Version: 0.5.0
Check: Rd cross-references
Result: NOTE
    Package unavailable to check Rd xrefs: ‘affxparser’
Flavors: r-release-osx-x86_64-mavericks, r-release-osx-x86_64-snowleopard