CRAN Package Check Results for Package aroma.apd

Last updated on 2014-04-18 09:49:14.

Flavor Version Tinstall Tcheck Ttotal Status Flags
r-devel-linux-x86_64-debian-clang 0.5.0 1.14 17.24 18.38 OK
r-devel-linux-x86_64-debian-gcc OK
r-devel-linux-x86_64-fedora-clang 0.5.0 35.77 OK
r-devel-linux-x86_64-fedora-gcc 0.5.0 33.62 OK
r-devel-macosx-x86_64-clang 0.5.0 37.99 OK
r-devel-macosx-x86_64-gcc 0.5.0 NOTE
r-devel-windows-ix86+x86_64 0.5.0 5.00 37.00 42.00 OK
r-patched-linux-x86_64 0.5.0 1.17 17.46 18.62 OK
r-patched-solaris-sparc 0.5.0 205.10 OK
r-patched-solaris-x86 0.5.0 50.30 OK
r-release-linux-ix86 0.5.0 6.00 33.00 39.00 OK
r-release-linux-x86_64 0.5.0 1.17 17.39 18.56 OK
r-release-macosx-x86_64 0.5.0 NOTE
r-release-windows-ix86+x86_64 0.5.0 4.00 38.00 42.00 OK
r-oldrel-windows-ix86+x86_64 0.5.0 3.00 28.00 31.00 OK

Check Details

Version: 0.5.0
Check: package dependencies
Result: NOTE
    Package suggested but not available for checking: ‘affxparser’
Flavors: r-devel-macosx-x86_64-gcc, r-release-macosx-x86_64

Version: 0.5.0
Check: R code for possible problems
Result: NOTE
    cdfToApdMap.default: no visible global function definition for
     ‘readCdfHeader’
    cdfToApdMap.default: no visible global function definition for
     ‘readCdfUnitsWriteMap’
    cdfToApdMap.default: no visible global function definition for
     ‘invertMap’
    celToApd.default: no visible global function definition for ‘readCel’
    celToApd.default: no visible global function definition for ‘invertMap’
    gtypeCelToPQ.default: no visible global function definition for
     ‘readCelHeader’
    gtypeCelToPQ.default: no visible global function definition for
     ‘findCdf’
    gtypeCelToPQ.default: no visible global function definition for
     ‘readCdfUnits’
    gtypeCelToPQ.default: no visible global function definition for
     ‘applyCdfGroups’
    gtypeCelToPQ.default: no visible binding for global variable
     ‘cdfGtypeCelToPQ’
    gtypeCelToPQ.default: no visible global function definition for
     ‘readCelUnits’
    readApdRectangle.default: no visible global function definition for
     ‘findCdf’
    readApdRectangle.default: no visible global function definition for
     ‘readCdfHeader’
    readApdUnits.default: no visible global function definition for
     ‘findCdf’
    readApdUnits.default: no visible global function definition for
     ‘readCdfCellIndices’
    readApdUnits.default: no visible global function definition for
     ‘applyCdfGroups’
    readApdUnits.default: no visible binding for global variable
     ‘cdfGetFields’
    readApdUnits.default: no visible global function definition for
     ‘readCdfHeader’
    updateApdUnits.default: no visible global function definition for
     ‘findCdf’
    updateApdUnits.default: no visible global function definition for
     ‘readCdfCellIndices’
    updateApdUnits.default: no visible global function definition for
     ‘applyCdfGroups’
    updateApdUnits.default: no visible binding for global variable
     ‘cdfGetFields’
    updateApdUnits.default: no visible global function definition for
     ‘readCdfHeader’
Flavors: r-devel-macosx-x86_64-gcc, r-release-macosx-x86_64

Version: 0.5.0
Check: Rd cross-references
Result: NOTE
    Package unavailable to check Rd xrefs: ‘affxparser’
Flavors: r-devel-macosx-x86_64-gcc, r-release-macosx-x86_64