CRAN Package Check Results for Package aroma.apd

Last updated on 2017-10-20 04:46:59.

Flavor Version Tinstall Tcheck Ttotal Status Flags
r-devel-linux-x86_64-debian-clang 0.6.0 1.24 24.94 26.19 OK
r-devel-linux-x86_64-debian-gcc 0.6.0 1.72 27.18 28.90 OK
r-devel-linux-x86_64-fedora-clang 0.6.0 51.63 OK
r-devel-linux-x86_64-fedora-gcc 0.6.0 50.27 OK
r-devel-windows-ix86+x86_64 0.6.0 7.00 49.00 56.00 OK
r-patched-linux-x86_64 0.6.0 1.40 25.69 27.09 OK
r-patched-solaris-x86 0.6.0 65.00 OK
r-release-linux-x86_64 0.6.0 1.36 25.89 27.24 OK
r-release-windows-ix86+x86_64 0.6.0 8.00 50.00 58.00 OK
r-release-osx-x86_64 0.6.0 NOTE
r-oldrel-windows-ix86+x86_64 0.6.0 3.00 55.00 58.00 OK
r-oldrel-osx-x86_64 0.6.0 OK

Check Details

Version: 0.6.0
Check: package dependencies
Result: NOTE
    Package suggested but not available for checking: ‘affxparser’
Flavor: r-release-osx-x86_64

Version: 0.6.0
Check: Rd cross-references
Result: NOTE
    Package unavailable to check Rd xrefs: ‘affxparser’
Flavor: r-release-osx-x86_64