CRAN Package Check Results for Package aroma.apd

Last updated on 2017-12-11 19:48:02 CET.

Flavor Version Tinstall Tcheck Ttotal Status Flags
r-devel-linux-x86_64-debian-clang 0.6.0 1.91 32.73 34.64 OK
r-devel-linux-x86_64-debian-gcc 0.6.0 1.70 30.41 32.11 OK
r-devel-linux-x86_64-fedora-clang 0.6.0 46.55 OK
r-devel-linux-x86_64-fedora-gcc 0.6.0 45.35 OK
r-devel-windows-ix86+x86_64 0.6.0 6.00 62.00 68.00 OK
r-patched-linux-x86_64 0.6.0 1.85 38.65 40.50 OK
r-patched-solaris-x86 0.6.0 64.60 OK
r-release-linux-x86_64 0.6.0 1.63 39.28 40.91 OK
r-release-windows-ix86+x86_64 0.6.0 4.00 81.00 85.00 OK
r-release-osx-x86_64 0.6.0 NOTE
r-oldrel-windows-ix86+x86_64 0.6.0 6.00 53.00 59.00 OK
r-oldrel-osx-x86_64 0.6.0 OK

Check Details

Version: 0.6.0
Check: package dependencies
Result: NOTE
    Package suggested but not available for checking: ‘affxparser’
Flavor: r-release-osx-x86_64

Version: 0.6.0
Check: Rd cross-references
Result: NOTE
    Package unavailable to check Rd xrefs: ‘affxparser’
Flavor: r-release-osx-x86_64