CRAN Package Check Results for Package aroma.apd

Last updated on 2022-01-25 05:54:35 CET.

Flavor Version Tinstall Tcheck Ttotal Status Flags
r-devel-linux-x86_64-debian-clang 0.6.0 3.73 44.06 47.79 OK
r-devel-linux-x86_64-debian-gcc 0.6.0 3.24 37.53 40.77 OK
r-devel-linux-x86_64-fedora-clang 0.6.0 59.55 OK
r-devel-linux-x86_64-fedora-gcc 0.6.0 48.08 OK
r-devel-windows-x86_64-new-UL 0.6.0 46.00 84.00 130.00 OK
r-devel-windows-x86_64-new-TK 0.6.0 OK
r-patched-linux-x86_64 0.6.0 2.77 42.92 45.69 OK
r-release-linux-x86_64 0.6.0 2.90 42.92 45.82 OK
r-release-macos-arm64 0.6.0 NOTE
r-release-macos-x86_64 0.6.0 OK
r-release-windows-ix86+x86_64 0.6.0 8.00 56.00 64.00 OK
r-oldrel-macos-x86_64 0.6.0 OK
r-oldrel-windows-ix86+x86_64 0.6.0 8.00 55.00 63.00 OK

Check Details

Version: 0.6.0
Check: package dependencies
Result: NOTE
    Package suggested but not available for checking: ‘affxparser’
Flavor: r-release-macos-arm64

Version: 0.6.0
Check: Rd cross-references
Result: NOTE
    Package unavailable to check Rd xrefs: ‘affxparser’
Flavor: r-release-macos-arm64