CRAN Package Check Results for Package aroma.apd

Last updated on 2015-05-04 03:47:06.

Flavor Version Tinstall Tcheck Ttotal Status Flags
r-devel-linux-x86_64-debian-clang 0.6.0 0.93 17.43 18.36 OK
r-devel-linux-x86_64-debian-gcc 0.6.0 0.90 17.16 18.06 OK
r-devel-linux-x86_64-fedora-clang 0.6.0 36.43 OK
r-devel-linux-x86_64-fedora-gcc 0.6.0 33.28 OK
r-devel-osx-x86_64-clang 0.6.0 36.43 OK
r-devel-windows-ix86+x86_64 0.6.0 5.00 32.00 37.00 OK
r-patched-linux-x86_64 0.6.0 0.97 16.96 17.92 OK
r-patched-solaris-sparc 0.6.0 246.40 OK
r-patched-solaris-x86 0.6.0 51.20 OK
r-release-linux-x86_64 0.6.0 0.92 16.50 17.42 OK
r-release-osx-x86_64-mavericks 0.6.0 OK
r-release-osx-x86_64-snowleopard 0.6.0 NOTE
r-release-windows-ix86+x86_64 0.6.0 5.00 35.00 40.00 OK
r-oldrel-windows-ix86+x86_64 0.6.0 6.00 40.00 46.00 OK

Check Details

Version: 0.6.0
Check: package dependencies
Result: NOTE
    Package suggested but not available for checking: ‘affxparser’
Flavor: r-release-osx-x86_64-snowleopard

Version: 0.6.0
Check: Rd cross-references
Result: NOTE
    Package unavailable to check Rd xrefs: ‘affxparser’
Flavor: r-release-osx-x86_64-snowleopard