CRAN Package Check Results for Package aroma.apd

Last updated on 2018-06-25 09:46:30 CEST.

Flavor Version Tinstall Tcheck Ttotal Status Flags
r-devel-linux-x86_64-debian-clang 0.6.0 1.64 27.62 29.26 OK
r-devel-linux-x86_64-debian-gcc 0.6.0 1.58 25.10 26.68 OK
r-devel-linux-x86_64-fedora-clang 0.6.0 39.33 OK
r-devel-linux-x86_64-fedora-gcc 0.6.0 37.56 OK
r-devel-windows-ix86+x86_64 0.6.0 8.00 50.00 58.00 OK
r-patched-linux-x86_64 0.6.0 1.65 29.75 31.40 OK
r-patched-solaris-x86 0.6.0 58.40 OK
r-release-linux-x86_64 0.6.0 2.39 30.05 32.44 OK
r-release-windows-ix86+x86_64 0.6.0 7.00 67.00 74.00 OK
r-release-osx-x86_64 0.6.0 OK
r-oldrel-windows-ix86+x86_64 0.6.0 7.00 78.00 85.00 OK
r-oldrel-osx-x86_64 0.6.0 NOTE

Check Details

Version: 0.6.0
Check: package dependencies
Result: NOTE
    Package suggested but not available for checking: ‘affxparser’
Flavor: r-oldrel-osx-x86_64

Version: 0.6.0
Check: Rd cross-references
Result: NOTE
    Package unavailable to check Rd xrefs: ‘affxparser’
Flavor: r-oldrel-osx-x86_64