CRAN Package Check Results for Package aroma.apd

Last updated on 2018-02-18 23:50:30 CET.

Flavor Version Tinstall Tcheck Ttotal Status Flags
r-devel-linux-x86_64-debian-clang 0.6.0 1.91 26.92 28.83 OK
r-devel-linux-x86_64-debian-gcc 0.6.0 1.81 23.38 25.19 OK
r-devel-linux-x86_64-fedora-clang 0.6.0 38.81 NOTE
r-devel-linux-x86_64-fedora-gcc 0.6.0 37.75 NOTE
r-devel-windows-ix86+x86_64 0.6.0 4.00 42.00 46.00 OK
r-patched-linux-x86_64 0.6.0 2.14 39.92 42.06 OK
r-patched-solaris-x86 0.6.0 65.60 OK
r-release-linux-x86_64 0.6.0 1.45 39.89 41.34 OK
r-release-windows-ix86+x86_64 0.6.0 8.00 69.00 77.00 OK
r-release-osx-x86_64 0.6.0 NOTE
r-oldrel-windows-ix86+x86_64 0.6.0 3.00 54.00 57.00 OK
r-oldrel-osx-x86_64 0.6.0 OK

Check Details

Version: 0.6.0
Check: package dependencies
Result: NOTE
    Package suggested but not available for checking: ‘affxparser’
Flavors: r-devel-linux-x86_64-fedora-clang, r-devel-linux-x86_64-fedora-gcc, r-release-osx-x86_64

Version: 0.6.0
Check: Rd cross-references
Result: NOTE
    Package unavailable to check Rd xrefs: ‘affxparser’
Flavors: r-devel-linux-x86_64-fedora-clang, r-devel-linux-x86_64-fedora-gcc, r-release-osx-x86_64