CRAN Package Check Results for Package aroma.apd

Last updated on 2018-09-22 14:46:15 CEST.

Flavor Version Tinstall Tcheck Ttotal Status Flags
r-devel-linux-x86_64-debian-clang 0.6.0 2.46 31.73 34.19 OK
r-devel-linux-x86_64-debian-gcc 0.6.0 1.78 25.58 27.36 OK
r-devel-linux-x86_64-fedora-clang 0.6.0 39.95 OK
r-devel-linux-x86_64-fedora-gcc 0.6.0 38.40 OK
r-devel-windows-ix86+x86_64 0.6.0 6.00 47.00 53.00 OK
r-patched-linux-x86_64 0.6.0 2.41 29.27 31.68 OK
r-patched-solaris-x86 0.6.0 58.10 OK
r-release-linux-x86_64 0.6.0 2.59 29.80 32.39 OK
r-release-windows-ix86+x86_64 0.6.0 4.00 66.00 70.00 OK
r-release-osx-x86_64 0.6.0 OK
r-oldrel-windows-ix86+x86_64 0.6.0 3.00 73.00 76.00 OK
r-oldrel-osx-x86_64 0.6.0 NOTE

Check Details

Version: 0.6.0
Check: package dependencies
Result: NOTE
    Package suggested but not available for checking: ‘affxparser’
Flavor: r-oldrel-osx-x86_64

Version: 0.6.0
Check: Rd cross-references
Result: NOTE
    Package unavailable to check Rd xrefs: ‘affxparser’
Flavor: r-oldrel-osx-x86_64