CRAN Package Check Results for Package aroma.apd

Last updated on 2017-06-27 04:47:56.

Flavor Version Tinstall Tcheck Ttotal Status Flags
r-devel-linux-x86_64-debian-clang 0.6.0 1.42 25.23 26.65 OK
r-devel-linux-x86_64-debian-gcc 0.6.0 1.28 25.28 26.56 OK
r-devel-linux-x86_64-fedora-clang 0.6.0 49.37 OK
r-devel-linux-x86_64-fedora-gcc 0.6.0 47.85 OK
r-devel-windows-ix86+x86_64 0.6.0 7.00 53.00 60.00 OK
r-patched-linux-x86_64 0.6.0 1.38 24.90 26.28 OK
r-patched-solaris-sparc 0.6.0 299.30 OK
r-patched-solaris-x86 0.6.0 64.90 OK
r-release-linux-x86_64 0.6.0 1.28 24.98 26.26 OK
r-release-windows-ix86+x86_64 0.6.0 4.00 66.00 70.00 OK
r-release-osx-x86_64 0.6.0 NOTE
r-oldrel-windows-ix86+x86_64 0.6.0 5.00 61.00 66.00 OK
r-oldrel-osx-x86_64 0.6.0 OK

Check Details

Version: 0.6.0
Check: package dependencies
Result: NOTE
    Package suggested but not available for checking: ‘affxparser’
Flavor: r-release-osx-x86_64

Version: 0.6.0
Check: Rd cross-references
Result: NOTE
    Package unavailable to check Rd xrefs: ‘affxparser’
Flavor: r-release-osx-x86_64