CRAN Package Check Results for Package aroma.apd

Last updated on 2015-02-01 20:48:29.

Flavor Version Tinstall Tcheck Ttotal Status Flags
r-devel-linux-x86_64-debian-clang 0.5.0 0.92 14.63 15.55 NOTE
r-devel-linux-x86_64-debian-gcc 0.5.0 0.90 14.88 15.77 NOTE
r-devel-linux-x86_64-fedora-clang 0.5.0 31.53 NOTE
r-devel-linux-x86_64-fedora-gcc 0.5.0 30.77 NOTE
r-devel-osx-x86_64-clang 0.5.0 37.98 NOTE
r-devel-windows-ix86+x86_64 0.5.0 7.00 29.00 36.00 NOTE
r-patched-linux-x86_64 0.5.0 1.16 17.67 18.83 NOTE
r-patched-solaris-sparc 0.5.0 234.10 NOTE
r-patched-solaris-x86 0.5.0 52.90 NOTE
r-release-linux-ix86 0.5.0 1.53 23.62 25.15 NOTE
r-release-linux-x86_64 0.5.0 1.16 17.02 18.18 NOTE
r-release-osx-x86_64-mavericks 0.5.0 NOTE
r-release-osx-x86_64-snowleopard 0.5.0 NOTE
r-release-windows-ix86+x86_64 0.5.0 5.00 30.00 35.00 NOTE
r-oldrel-windows-ix86+x86_64 0.5.0 5.00 31.00 36.00 OK

Check Details

Version: 0.5.0
Check: dependencies in R code
Result: NOTE
    'library' or 'require' call to ‘affxparser’ in package code.
     Please use :: or requireNamespace() instead.
     See section 'Suggested packages' in the 'Writing R Extensions' manual.
Flavors: r-devel-linux-x86_64-debian-clang, r-devel-linux-x86_64-debian-gcc, r-devel-linux-x86_64-fedora-clang, r-devel-linux-x86_64-fedora-gcc, r-devel-osx-x86_64-clang, r-devel-windows-ix86+x86_64

Version: 0.5.0
Check: R code for possible problems
Result: NOTE
    cdfToApdMap.default: no visible global function definition for
     ‘readCdfHeader’
    cdfToApdMap.default: no visible global function definition for
     ‘readCdfUnitsWriteMap’
    cdfToApdMap.default: no visible global function definition for
     ‘invertMap’
    celToApd.default: no visible global function definition for ‘readCel’
    celToApd.default: no visible global function definition for ‘invertMap’
    gtypeCelToPQ.default: no visible global function definition for
     ‘readCelHeader’
    gtypeCelToPQ.default: no visible global function definition for
     ‘findCdf’
    gtypeCelToPQ.default: no visible global function definition for
     ‘readCdfUnits’
    gtypeCelToPQ.default: no visible global function definition for
     ‘applyCdfGroups’
    gtypeCelToPQ.default: no visible binding for global variable
     ‘cdfGtypeCelToPQ’
    gtypeCelToPQ.default: no visible global function definition for
     ‘readCelUnits’
    readApdRectangle.default: no visible global function definition for
     ‘findCdf’
    readApdRectangle.default: no visible global function definition for
     ‘readCdfHeader’
    readApdUnits.default: no visible global function definition for
     ‘findCdf’
    readApdUnits.default: no visible global function definition for
     ‘readCdfCellIndices’
    readApdUnits.default: no visible global function definition for
     ‘applyCdfGroups’
    readApdUnits.default: no visible binding for global variable
     ‘cdfGetFields’
    readApdUnits.default: no visible global function definition for
     ‘readCdfHeader’
    updateApdUnits.default: no visible global function definition for
     ‘findCdf’
    updateApdUnits.default: no visible global function definition for
     ‘readCdfCellIndices’
    updateApdUnits.default: no visible global function definition for
     ‘applyCdfGroups’
    updateApdUnits.default: no visible binding for global variable
     ‘cdfGetFields’
    updateApdUnits.default: no visible global function definition for
     ‘readCdfHeader’
Flavors: r-devel-linux-x86_64-debian-clang, r-devel-linux-x86_64-debian-gcc, r-devel-linux-x86_64-fedora-clang, r-devel-linux-x86_64-fedora-gcc, r-devel-osx-x86_64-clang, r-devel-windows-ix86+x86_64, r-patched-linux-x86_64, r-patched-solaris-sparc, r-patched-solaris-x86, r-release-linux-ix86, r-release-linux-x86_64, r-release-osx-x86_64-mavericks, r-release-osx-x86_64-snowleopard, r-release-windows-ix86+x86_64

Version: 0.5.0
Check: package dependencies
Result: NOTE
    Package suggested but not available for checking: ‘affxparser’
Flavor: r-release-osx-x86_64-snowleopard

Version: 0.5.0
Check: Rd cross-references
Result: NOTE
    Package unavailable to check Rd xrefs: ‘affxparser’
Flavor: r-release-osx-x86_64-snowleopard