CRAN Package Check Results for Package aroma.cn

Last updated on 2014-07-25 12:47:29.

Flavor Version Tinstall Tcheck Ttotal Status Flags
r-devel-linux-x86_64-debian-clang 1.5.0 3.26 49.66 52.91 OK
r-devel-linux-x86_64-debian-gcc 1.5.0 3.18 51.57 54.75 OK
r-devel-linux-x86_64-fedora-clang 1.5.0 114.15 NOTE
r-devel-linux-x86_64-fedora-gcc 1.5.0 116.60 OK
r-devel-osx-x86_64-clang 1.5.0 95.62 NOTE
r-devel-windows-ix86+x86_64 1.5.0 10.00 71.00 81.00 OK
r-patched-linux-x86_64 1.5.0 3.42 50.34 53.75 OK
r-patched-solaris-sparc 1.5.0 662.20 NOTE
r-patched-solaris-x86 1.5.0 128.00 NOTE
r-release-linux-ix86 1.5.0 4.58 74.11 78.70 OK
r-release-linux-x86_64 1.5.0 3.53 52.23 55.76 OK
r-release-osx-x86_64-mavericks 1.5.0 NOTE
r-release-osx-x86_64-snowleopard 1.5.0 NOTE
r-release-windows-ix86+x86_64 1.5.0 11.00 80.00 91.00 OK
r-oldrel-windows-ix86+x86_64 1.5.0 12.00 82.00 94.00 OK

Check Details

Version: 1.5.0
Check: package dependencies
Result: NOTE
    Package suggested but not available for checking: ‘GLAD’
Flavors: r-devel-linux-x86_64-fedora-clang, r-devel-osx-x86_64-clang, r-patched-solaris-sparc, r-patched-solaris-x86, r-release-osx-x86_64-mavericks, r-release-osx-x86_64-snowleopard