CRAN Package Check Results for Package aroma.cn

Last updated on 2015-03-05 16:46:50.

Flavor Version Tinstall Tcheck Ttotal Status Flags
r-devel-linux-x86_64-debian-clang 1.6.0 2.93 42.36 45.28 OK
r-devel-linux-x86_64-debian-gcc 1.6.0 2.86 41.46 44.33 OK
r-devel-linux-x86_64-fedora-clang 1.6.0 89.09 NOTE
r-devel-linux-x86_64-fedora-gcc 1.6.0 85.81 OK
r-devel-osx-x86_64-clang 1.6.0 81.27 NOTE
r-devel-windows-ix86+x86_64 1.6.0 10.00 60.00 70.00 OK
r-patched-linux-x86_64 1.6.0 4.75 56.36 61.11 OK
r-patched-solaris-sparc 1.6.0 700.70 OK
r-patched-solaris-x86 1.6.0 140.50 OK
r-release-linux-ix86 1.6.0 7.42 67.11 74.52 OK
r-release-linux-x86_64 1.6.0 4.36 55.31 59.67 OK
r-release-osx-x86_64-mavericks 1.6.0 NOTE
r-release-osx-x86_64-snowleopard 1.6.0 NOTE
r-release-windows-ix86+x86_64 1.6.0 17.00 88.00 105.00 OK
r-oldrel-windows-ix86+x86_64 1.6.0 16.00 94.00 110.00 OK

Check Details

Version: 1.6.0
Check: package dependencies
Result: NOTE
    Package suggested but not available for checking: ‘GLAD’
Flavors: r-devel-linux-x86_64-fedora-clang, r-devel-osx-x86_64-clang, r-release-osx-x86_64-mavericks, r-release-osx-x86_64-snowleopard