CRAN Package Check Results for Package aroma.cn

Last updated on 2014-09-20 07:48:05.

Flavor Version Tinstall Tcheck Ttotal Status Flags
r-devel-linux-x86_64-debian-clang 1.5.0 3.04 47.58 50.62 NOTE
r-devel-linux-x86_64-debian-gcc 1.5.0 3.23 46.64 49.88 NOTE
r-devel-linux-x86_64-fedora-clang 1.5.0 108.62 NOTE
r-devel-linux-x86_64-fedora-gcc 1.5.0 101.39 NOTE
r-devel-osx-x86_64-clang 1.5.0 90.18 NOTE
r-devel-windows-ix86+x86_64 1.5.0 11.00 65.00 76.00 NOTE
r-patched-linux-x86_64 1.5.0 3.25 51.37 54.62 OK
r-patched-solaris-sparc 1.5.0 632.00 NOTE
r-patched-solaris-x86 1.5.0 129.70 NOTE
r-release-linux-ix86 1.5.0 4.56 68.21 72.77 OK
r-release-linux-x86_64 1.5.0 3.55 53.86 57.41 OK
r-release-osx-x86_64-mavericks 1.5.0 NOTE
r-release-osx-x86_64-snowleopard 1.5.0 NOTE
r-release-windows-ix86+x86_64 1.5.0 11.00 86.00 97.00 OK
r-oldrel-windows-ix86+x86_64 1.5.0 13.00 76.00 89.00 OK

Check Details

Version: 1.5.0
Check: R code for possible problems
Result: NOTE
    backtransformOne.PrincipalCurveNormalization: no visible global
     function definition for ‘backtransformPrincipalCurve’
    backtransformOne.XYCurveNormalization: no visible global function
     definition for ‘backtransformXYCurve’
    calibrateC1C2.PairedPSCBS: no visible global function definition for
     ‘devSet’
    callAllelicBalanceByBAFs.PairedPSCBS: no visible global function
     definition for ‘findPeaksAndValleys’
    callGenotypes.TotalFracBSnpData: no visible global function definition
     for ‘findPeaksAndValleys’
    callXXorXY.numeric: no visible global function definition for
     ‘findPeaksAndValleys’
    drawC1C2Density.PairedPSCBS: no visible global function definition for
     ‘findPeaksAndValleys’
    estimateDeshearingParameter.PSCBS: no visible global function
     definition for ‘findPeaksAndValleys’
    estimateDeshearingParameter_20130815.PSCBS: no visible global function
     definition for ‘findPeaksAndValleys’
    fitC1C2Densities.PairedPSCBS : <anonymous>: no visible global function
     definition for ‘findPeaksAndValleys’
    fitC1C2Peaks.PairedPSCBS: no visible global function definition for
     ‘devSet’
    fitDeltaXYShearModel.matrix: no visible global function definition for
     ‘findPeaksAndValleys’
    fitOne.MultiSourceCopyNumberNormalization: no visible global function
     definition for ‘backtransformPrincipalCurve’
    fitOne.MultiSourceCopyNumberNormalization: no visible global function
     definition for ‘normalizeDifferencesToAverage’
    fitOne.PrincipalCurveNormalization: no visible global function
     definition for ‘fitPrincipalCurve’
    fitOne.XYCurveNormalization: no visible global function definition for
     ‘fitXYCurve’
    getAllNames.MultiSourceCopyNumberNormalization: no visible binding for
     global variable ‘getNames’
    getBacktransforms.PrincipalCurve: no visible global function definition
     for ‘backtransformPrincipalCurve’
    getOutputDataSet0.TotalCnSmoothing: no visible binding for global
     variable ‘Class’
    getOutputFileClass.TotalCnSmoothing: no visible binding for global
     variable ‘Class’
    getOutputFileSetClass.TotalCnSmoothing: no visible binding for global
     variable ‘Class’
    getPrincipalCurveEstimator.MultiSourceCopyNumberNormalization :
     robustSmoother: no visible global function definition for
     ‘robustSmoothSpline’
    getPrincipalCurveEstimator.MultiSourceCopyNumberNormalization : fcn: no
     visible global function definition for ‘fitPrincipalCurve’
    normalizeMirroredBAFsByRegions.matrix: no visible global function
     definition for ‘fitXYCurve’
    normalizeMirroredBAFsByRegions.matrix: no visible global function
     definition for ‘devSet’
    normalizeOne.MultiSourceCopyNumberNormalization: no visible global
     function definition for ‘backtransformPrincipalCurve’
    normalizePrincipalCurve.matrix: no visible global function definition
     for ‘fitPrincipalCurve’
    process.NaiveFracBGenotyping: no visible binding for global variable
     ‘AromaUnitGenotypeCallSet’
    process.NaiveFracBGenotyping: no visible binding for global variable
     ‘AromaUnitSignalBinarySet’
    smoothRawCopyNumbers.TotalCnBinnedSmoothing: no visible binding for
     global variable ‘colBinnedSmoothing.matrix’
    smoothRawCopyNumbers.TotalCnKernelSmoothing: no visible binding for
     global variable ‘colKernelSmoothing.matrix’
Flavors: r-devel-linux-x86_64-debian-clang, r-devel-linux-x86_64-debian-gcc, r-devel-linux-x86_64-fedora-clang, r-devel-linux-x86_64-fedora-gcc, r-devel-osx-x86_64-clang, r-devel-windows-ix86+x86_64

Version: 1.5.0
Check: package dependencies
Result: NOTE
    Package suggested but not available for checking: ‘GLAD’
Flavors: r-devel-linux-x86_64-fedora-clang, r-devel-osx-x86_64-clang, r-patched-solaris-sparc, r-patched-solaris-x86, r-release-osx-x86_64-mavericks, r-release-osx-x86_64-snowleopard