CRAN Package Check Results for Package aroma.cn

Last updated on 2016-08-24 20:54:11.

Flavor Version Tinstall Tcheck Ttotal Status Flags
r-devel-linux-x86_64-debian-clang 1.6.1 2.55 43.48 46.03 OK
r-devel-linux-x86_64-debian-gcc 1.6.1 2.78 41.65 44.43 OK
r-devel-linux-x86_64-fedora-clang 1.6.1 82.03 NOTE
r-devel-linux-x86_64-fedora-gcc 1.6.1 78.14 OK
r-devel-osx-x86_64-clang 1.6.1 70.63 OK
r-devel-windows-ix86+x86_64 1.6.1 16.00 70.00 86.00 OK
r-patched-linux-x86_64 1.6.1 2.46 41.45 43.91 OK
r-patched-solaris-sparc 1.6.1 493.50 OK
r-patched-solaris-x86 1.6.1 96.30 OK
r-release-linux-x86_64 1.6.1 2.66 41.92 44.57 OK
r-release-osx-x86_64-mavericks 1.6.1 OK
r-release-windows-ix86+x86_64 1.6.1 14.00 71.00 85.00 OK
r-oldrel-windows-ix86+x86_64 1.6.1 10.00 72.00 82.00 OK

Check Details

Version: 1.6.1
Check: package dependencies
Result: NOTE
    Package suggested but not available for checking: ‘GLAD’
Flavor: r-devel-linux-x86_64-fedora-clang