CRAN Package Check Results for Package aroma.cn

Last updated on 2017-08-18 04:46:32.

Flavor Version Tinstall Tcheck Ttotal Status Flags
r-devel-linux-x86_64-debian-clang 1.6.1 4.42 60.93 65.35 OK
r-devel-linux-x86_64-debian-gcc 1.6.1 6.11 59.53 65.63 OK
r-devel-linux-x86_64-fedora-clang 1.6.1 123.65 OK
r-devel-linux-x86_64-fedora-gcc 1.6.1 123.60 OK
r-devel-windows-ix86+x86_64 1.6.1 14.00 94.00 108.00 OK
r-patched-linux-x86_64 1.6.1 4.53 61.46 65.99 OK
r-patched-solaris-x86 1.6.1 140.10 OK
r-release-linux-x86_64 1.6.1 4.48 62.02 66.50 OK
r-release-windows-ix86+x86_64 1.6.1 13.00 98.00 111.00 OK
r-release-osx-x86_64 1.6.1 ERROR
r-oldrel-windows-ix86+x86_64 1.6.1 8.00 98.00 106.00 OK
r-oldrel-osx-x86_64 1.6.1 OK

Check Details

Version: 1.6.1
Check: package dependencies
Result: ERROR
    Packages required but not available: ‘aroma.core’ ‘PSCBS’
    
    Packages suggested but not available for checking: ‘aroma.light’ ‘GLAD’
    
    See section ‘The DESCRIPTION file’ in the ‘Writing R Extensions’
    manual.
Flavor: r-release-osx-x86_64