CRAN Package Check Results for Package aroma.cn

Last updated on 2015-05-25 22:47:00.

Flavor Version Tinstall Tcheck Ttotal Status Flags
r-devel-linux-x86_64-debian-clang 1.6.0 2.62 43.33 45.95 OK
r-devel-linux-x86_64-debian-gcc 1.6.0 2.81 41.47 44.28 OK
r-devel-linux-x86_64-fedora-clang 1.6.0 89.51 NOTE
r-devel-linux-x86_64-fedora-gcc 1.6.0 85.10 OK
r-devel-osx-x86_64-clang 1.6.0 78.96 NOTE
r-devel-windows-ix86+x86_64 1.6.0 12.00 64.00 76.00 OK
r-patched-linux-x86_64 1.6.0 2.82 41.73 44.56 OK
r-patched-solaris-sparc 1.6.0 521.00 OK
r-patched-solaris-x86 1.6.0 104.50 OK
r-release-linux-x86_64 1.6.0 2.97 42.41 45.38 OK
r-release-osx-x86_64-mavericks 1.6.0 NOTE
r-release-osx-x86_64-snowleopard 1.6.0 ERROR
r-release-windows-ix86+x86_64 1.6.0 12.00 60.00 72.00 OK
r-oldrel-windows-ix86+x86_64 1.6.0 16.00 94.00 110.00 OK

Check Details

Version: 1.6.0
Check: package dependencies
Result: NOTE
    Package suggested but not available for checking: ‘GLAD’
Flavors: r-devel-linux-x86_64-fedora-clang, r-devel-osx-x86_64-clang, r-release-osx-x86_64-mavericks

Version: 1.6.0
Check: package dependencies
Result: ERROR
    Packages required but not available: ‘aroma.core’ ‘PSCBS’
    
    Packages suggested but not available for checking:
     ‘aroma.light’ ‘DNAcopy’ ‘GLAD’
    
    See section ‘The DESCRIPTION file’ in the ‘Writing R Extensions’
    manual.
Flavor: r-release-osx-x86_64-snowleopard