CRAN Package Check Results for Package aroma.cn

Last updated on 2016-06-26 16:46:33.

Flavor Version Tinstall Tcheck Ttotal Status Flags
r-devel-linux-x86_64-debian-gcc 1.6.1 2.78 42.91 45.69 OK
r-devel-linux-x86_64-fedora-clang 1.6.1 83.50 NOTE
r-devel-linux-x86_64-fedora-gcc 1.6.1 77.97 OK
r-devel-osx-x86_64-clang 1.6.1 70.76 OK
r-devel-windows-ix86+x86_64 1.6.1 17.00 79.00 96.00 OK
r-patched-linux-x86_64 1.6.1 2.57 42.97 45.54 OK
r-patched-solaris-sparc 1.6.1 493.50 OK
r-patched-solaris-x86 1.6.1 96.70 OK
r-release-linux-x86_64 1.6.1 2.71 42.71 45.42 OK
r-release-osx-x86_64-mavericks 1.6.1 OK
r-release-windows-ix86+x86_64 1.6.1 8.00 71.00 79.00 OK
r-oldrel-windows-ix86+x86_64 1.6.1 17.00 77.00 94.00 OK

Check Details

Version: 1.6.1
Check: package dependencies
Result: NOTE
    Package suggested but not available for checking: ‘GLAD’
Flavor: r-devel-linux-x86_64-fedora-clang