CRAN Package Check Results for Package aroma.cn

Last updated on 2018-06-25 07:47:22 CEST.

Flavor Version Tinstall Tcheck Ttotal Status Flags
r-devel-linux-x86_64-debian-clang 1.6.1 10.01 64.60 74.61 OK
r-devel-linux-x86_64-debian-gcc 1.6.1 8.71 57.89 66.60 OK
r-devel-linux-x86_64-fedora-clang 1.6.1 98.72 OK
r-devel-linux-x86_64-fedora-gcc 1.6.1 94.69 OK
r-devel-windows-ix86+x86_64 1.6.1 26.00 81.00 107.00 OK
r-patched-linux-x86_64 1.6.1 8.96 70.88 79.84 OK
r-patched-solaris-x86 1.6.1 120.70 OK
r-release-linux-x86_64 1.6.1 8.29 70.90 79.19 OK
r-release-windows-ix86+x86_64 1.6.1 23.00 87.00 110.00 OK
r-release-osx-x86_64 1.6.1 NOTE
r-oldrel-windows-ix86+x86_64 1.6.1 17.00 95.00 112.00 OK
r-oldrel-osx-x86_64 1.6.1 ERROR

Check Details

Version: 1.6.1
Check: package dependencies
Result: NOTE
    Package suggested but not available for checking: ‘GLAD’
Flavor: r-release-osx-x86_64

Version: 1.6.1
Check: package dependencies
Result: ERROR
    Packages required but not available: ‘aroma.core’ ‘PSCBS’
    
    Packages suggested but not available for checking: ‘aroma.light’ ‘GLAD’
    
    See section ‘The DESCRIPTION file’ in the ‘Writing R Extensions’
    manual.
Flavor: r-oldrel-osx-x86_64