CRAN Package Check Results for Package aroma.cn

Last updated on 2016-07-27 02:46:52.

Flavor Version Tinstall Tcheck Ttotal Status Flags
r-devel-linux-x86_64-debian-clang 1.6.1 2.99 48.12 51.11 OK
r-devel-linux-x86_64-debian-gcc 1.6.1 2.90 48.56 51.46 OK
r-devel-linux-x86_64-fedora-clang 1.6.1 81.49 NOTE
r-devel-linux-x86_64-fedora-gcc 1.6.1 76.41 OK
r-devel-osx-x86_64-clang 1.6.1 70.40 OK
r-devel-windows-ix86+x86_64 1.6.1 17.00 103.00 120.00 OK
r-patched-linux-x86_64 1.6.1 3.21 47.55 50.76 OK
r-patched-solaris-sparc 1.6.1 493.50 OK
r-patched-solaris-x86 1.6.1 95.90 OK
r-release-linux-x86_64 1.6.1 3.40 47.37 50.77 OK
r-release-osx-x86_64-mavericks 1.6.1 OK
r-release-windows-ix86+x86_64 1.6.1 14.00 109.00 123.00 OK
r-oldrel-windows-ix86+x86_64 1.6.1 15.00 79.00 94.00 OK

Check Details

Version: 1.6.1
Check: package dependencies
Result: NOTE
    Package suggested but not available for checking: ‘GLAD’
Flavor: r-devel-linux-x86_64-fedora-clang