CRAN Package Check Results for Package aroma.cn

Last updated on 2017-12-13 01:54:29 CET.

Flavor Version Tinstall Tcheck Ttotal Status Flags
r-devel-linux-x86_64-debian-clang 1.6.1 5.93 100.74 106.67 OK
r-devel-linux-x86_64-debian-gcc 1.6.1 5.36 77.11 82.47 OK
r-devel-linux-x86_64-fedora-clang 1.6.1 121.10 OK
r-devel-linux-x86_64-fedora-gcc 1.6.1 122.92 OK
r-devel-windows-ix86+x86_64 1.6.1 27.00 105.00 132.00 OK
r-patched-linux-x86_64 1.6.1 4.88 102.62 107.50 OK
r-patched-solaris-x86 1.6.1 139.20 OK
r-release-linux-x86_64 1.6.1 5.68 99.79 105.47 OK
r-release-windows-ix86+x86_64 1.6.1 13.00 108.00 121.00 OK
r-release-osx-x86_64 1.6.1 ERROR
r-oldrel-windows-ix86+x86_64 1.6.1 9.00 94.00 103.00 OK
r-oldrel-osx-x86_64 1.6.1 OK

Check Details

Version: 1.6.1
Check: package dependencies
Result: ERROR
    Packages required but not available: ‘aroma.core’ ‘PSCBS’
    
    Packages suggested but not available for checking: ‘aroma.light’ ‘GLAD’
    
    See section ‘The DESCRIPTION file’ in the ‘Writing R Extensions’
    manual.
Flavor: r-release-osx-x86_64