CRAN Package Check Results for Package aroma.cn

Last updated on 2018-04-24 10:46:44 CEST.

Flavor Version Tinstall Tcheck Ttotal Status Flags
r-devel-linux-x86_64-debian-clang 1.6.1 10.57 65.18 75.75 OK
r-devel-linux-x86_64-debian-gcc 1.6.1 9.13 54.64 63.77 OK
r-devel-linux-x86_64-fedora-clang 1.6.1 96.06 OK
r-devel-linux-x86_64-fedora-gcc 1.6.1 95.17 OK
r-devel-windows-ix86+x86_64 1.6.1 24.00 76.00 100.00 OK
r-patched-linux-x86_64 1.6.1 9.86 69.63 79.49 OK
r-patched-solaris-x86 1.6.1 122.80 OK
r-release-linux-x86_64 1.6.1 9.98 70.30 80.28 OK
r-release-windows-ix86+x86_64 1.6.1 24.00 76.00 100.00 OK
r-release-osx-x86_64 1.6.1 NOTE
r-oldrel-windows-ix86+x86_64 1.6.1 13.00 152.00 165.00 OK
r-oldrel-osx-x86_64 1.6.1 ERROR

Check Details

Version: 1.6.1
Check: package dependencies
Result: NOTE
    Package suggested but not available for checking: ‘GLAD’
Flavor: r-release-osx-x86_64

Version: 1.6.1
Check: package dependencies
Result: ERROR
    Packages required but not available: ‘aroma.core’ ‘PSCBS’
    
    Packages suggested but not available for checking: ‘aroma.light’ ‘GLAD’
    
    See section ‘The DESCRIPTION file’ in the ‘Writing R Extensions’
    manual.
Flavor: r-oldrel-osx-x86_64