CRAN Package Check Results for Package aroma.cn

Last updated on 2018-02-25 10:46:59 CET.

Flavor Version Tinstall Tcheck Ttotal Status Flags
r-devel-linux-x86_64-debian-clang 1.6.1 9.34 70.02 79.36 OK
r-devel-linux-x86_64-debian-gcc 1.6.1 7.19 54.48 61.67 OK
r-devel-windows-ix86+x86_64 1.6.1 27.00 109.00 136.00 OK
r-patched-linux-x86_64 1.6.1 6.59 107.07 113.66 OK
r-patched-solaris-x86 1.6.1 146.50 OK
r-release-linux-x86_64 1.6.1 6.04 106.90 112.94 OK
r-release-windows-ix86+x86_64 1.6.1 19.00 160.00 179.00 OK
r-release-osx-x86_64 1.6.1 ERROR
r-oldrel-windows-ix86+x86_64 1.6.1 8.00 84.00 92.00 OK
r-oldrel-osx-x86_64 1.6.1 OK

Check Details

Version: 1.6.1
Check: package dependencies
Result: ERROR
    Packages required but not available: ‘aroma.core’ ‘PSCBS’
    
    Packages suggested but not available for checking: ‘aroma.light’ ‘GLAD’
    
    See section ‘The DESCRIPTION file’ in the ‘Writing R Extensions’
    manual.
Flavor: r-release-osx-x86_64