CRAN Package Check Results for Package aroma.cn

Last updated on 2016-05-30 13:47:22.

Flavor Version Tinstall Tcheck Ttotal Status Flags
r-devel-linux-x86_64-debian-gcc 1.6.1 2.90 42.12 45.02 OK
r-devel-linux-x86_64-fedora-clang 1.6.1 86.80 NOTE
r-devel-linux-x86_64-fedora-gcc 1.6.1 79.55 OK
r-devel-osx-x86_64-clang 1.6.1 94.04 OK
r-devel-windows-ix86+x86_64 1.6.1 13.00 74.00 87.00 OK
r-patched-linux-x86_64 1.6.1 2.70 41.82 44.52 OK
r-patched-solaris-sparc 1.6.1 486.10 OK
r-patched-solaris-x86 1.6.1 97.20 OK
r-release-linux-x86_64 1.6.1 2.77 40.81 43.58 OK
r-release-osx-x86_64-mavericks 1.6.1 OK
r-release-windows-ix86+x86_64 1.6.1 11.00 78.00 89.00 OK
r-oldrel-windows-ix86+x86_64 1.6.1 9.00 71.00 80.00 OK

Check Details

Version: 1.6.1
Check: package dependencies
Result: NOTE
    Package suggested but not available for checking: ‘GLAD’
Flavor: r-devel-linux-x86_64-fedora-clang