CRAN Package Check Results for Package aroma.cn

Last updated on 2015-04-26 23:46:40.

Flavor Version Tinstall Tcheck Ttotal Status Flags
r-devel-linux-x86_64-debian-clang 1.6.0 2.98 41.92 44.90 OK
r-devel-linux-x86_64-debian-gcc 1.6.0 2.69 41.71 44.40 OK
r-devel-linux-x86_64-fedora-clang 1.6.0 91.68 NOTE
r-devel-linux-x86_64-fedora-gcc 1.6.0 82.26 OK
r-devel-osx-x86_64-clang 1.6.0 78.81 NOTE
r-devel-windows-ix86+x86_64 1.6.0 13.00 56.00 69.00 OK
r-patched-linux-x86_64 1.6.0 2.66 41.48 44.14 OK
r-patched-solaris-sparc 1.6.0 540.00 OK
r-patched-solaris-x86 1.6.0 104.30 OK
r-release-linux-x86_64 1.6.0 2.72 41.28 44.00 OK
r-release-osx-x86_64-mavericks 1.6.0 NOTE
r-release-osx-x86_64-snowleopard 1.6.0 ERROR
r-release-windows-ix86+x86_64 1.6.0 8.00 59.00 67.00 OK
r-oldrel-windows-ix86+x86_64 1.6.0 14.00 85.00 99.00 OK

Check Details

Version: 1.6.0
Check: package dependencies
Result: NOTE
    Package suggested but not available for checking: ‘GLAD’
Flavors: r-devel-linux-x86_64-fedora-clang, r-devel-osx-x86_64-clang, r-release-osx-x86_64-mavericks

Version: 1.6.0
Check: package dependencies
Result: ERROR
    Packages required but not available: ‘aroma.core’ ‘PSCBS’
    
    Packages suggested but not available for checking:
     ‘aroma.light’ ‘DNAcopy’ ‘GLAD’
    
    See section ‘The DESCRIPTION file’ in the ‘Writing R Extensions’
    manual.
Flavor: r-release-osx-x86_64-snowleopard