CRAN Package Check Results for Package aroma.cn

Last updated on 2017-04-28 23:52:06.

Flavor Version Tinstall Tcheck Ttotal Status Flags
r-devel-linux-x86_64-debian-clang 1.6.1 4.36 61.88 66.24 OK
r-devel-linux-x86_64-debian-gcc 1.6.1 4.54 60.89 65.43 OK
r-devel-linux-x86_64-fedora-clang 1.6.1 126.99 OK --no-stop-on-test-error
r-devel-linux-x86_64-fedora-gcc 1.6.1 123.53 OK --no-stop-on-test-error
r-devel-windows-ix86+x86_64 1.6.1 13.00 135.00 148.00 OK
r-patched-linux-x86_64 1.6.1 4.30 60.60 64.91 OK
r-patched-solaris-sparc 1.6.1 742.50 OK
r-patched-solaris-x86 1.6.1 138.10 OK
r-release-linux-x86_64 1.6.1 4.35 61.38 65.73 OK
r-release-windows-ix86+x86_64 1.6.1 20.00 148.00 168.00 OK
r-release-osx-x86_64 1.6.1 ERROR
r-oldrel-windows-ix86+x86_64 1.6.1 12.00 69.00 81.00 OK
r-oldrel-osx-x86_64 1.6.1 OK

Check Details

Version: 1.6.1
Check: package dependencies
Result: ERROR
    Packages required but not available: ‘aroma.core’ ‘PSCBS’
    
    Packages suggested but not available for checking: ‘aroma.light’ ‘GLAD’
    
    See section ‘The DESCRIPTION file’ in the ‘Writing R Extensions’
    manual.
Flavor: r-release-osx-x86_64