CRAN Package Check Results for Package aroma.cn

Last updated on 2014-04-18 05:48:00.

Flavor Version Tinstall Tcheck Ttotal Status Flags
r-devel-linux-x86_64-debian-clang 1.5.0 3.70 54.41 58.11 OK
r-devel-linux-x86_64-debian-gcc OK
r-devel-linux-x86_64-fedora-clang 1.5.0 117.18 NOTE
r-devel-linux-x86_64-fedora-gcc 1.5.0 111.08 OK
r-devel-macosx-x86_64-clang 1.5.0 108.91 NOTE
r-devel-macosx-x86_64-gcc 1.5.0 ERROR
r-devel-windows-ix86+x86_64 1.5.0 12.00 75.00 87.00 OK
r-patched-linux-x86_64 1.5.0 3.89 55.44 59.32 OK
r-patched-solaris-sparc 1.5.0 662.20 NOTE
r-patched-solaris-x86 1.5.0 141.80 NOTE
r-release-linux-ix86 1.5.0 8.00 90.00 98.00 OK
r-release-linux-x86_64 1.5.0 3.60 54.12 57.72 OK
r-release-macosx-x86_64 1.5.0 ERROR
r-release-windows-ix86+x86_64 1.5.0 12.00 76.00 88.00 OK
r-oldrel-windows-ix86+x86_64 1.5.0 12.00 76.00 88.00 OK

Check Details

Version: 1.5.0
Check: package dependencies
Result: NOTE
    Package suggested but not available for checking: ‘GLAD’
Flavors: r-devel-linux-x86_64-fedora-clang, r-devel-macosx-x86_64-clang, r-patched-solaris-sparc, r-patched-solaris-x86

Version: 1.5.0
Check: package dependencies
Result: ERROR
    Packages required but not available: ‘aroma.core’ ‘PSCBS’
    
    Packages suggested but not available for checking:
     ‘aroma.light’ ‘DNAcopy’ ‘GLAD’
    
    See the information on DESCRIPTION files in the chapter ‘Creating R
    packages’ of the ‘Writing R Extensions’ manual.
Flavors: r-devel-macosx-x86_64-gcc, r-release-macosx-x86_64