CRAN Package Check Results for Package aroma.cn

Last updated on 2017-10-18 08:48:02.

Flavor Version Tinstall Tcheck Ttotal Status Flags
r-devel-linux-x86_64-debian-clang 1.6.1 4.32 64.96 69.28 OK
r-devel-linux-x86_64-debian-gcc 1.6.1 4.19 67.56 71.75 OK
r-devel-linux-x86_64-fedora-clang 1.6.1 131.62 OK
r-devel-linux-x86_64-fedora-gcc 1.6.1 133.32 OK
r-devel-windows-ix86+x86_64 1.6.1 16.00 99.00 115.00 OK
r-patched-linux-x86_64 1.6.1 6.32 62.99 69.31 OK
r-patched-solaris-x86 1.6.1 138.90 OK
r-release-linux-x86_64 1.6.1 4.62 62.25 66.87 OK
r-release-windows-ix86+x86_64 1.6.1 21.00 131.00 152.00 OK
r-release-osx-x86_64 1.6.1 ERROR
r-oldrel-windows-ix86+x86_64 1.6.1 12.00 96.00 108.00 OK
r-oldrel-osx-x86_64 1.6.1 OK

Check Details

Version: 1.6.1
Check: package dependencies
Result: ERROR
    Packages required but not available: ‘aroma.core’ ‘PSCBS’
    
    Packages suggested but not available for checking: ‘aroma.light’ ‘GLAD’
    
    See section ‘The DESCRIPTION file’ in the ‘Writing R Extensions’
    manual.
Flavor: r-release-osx-x86_64