CRAN Package Check Results for Package aroma.cn

Last updated on 2016-09-30 23:47:45.

Flavor Version Tinstall Tcheck Ttotal Status Flags
r-devel-linux-x86_64-debian-clang 1.6.1 2.62 45.83 48.45 OK
r-devel-linux-x86_64-debian-gcc 1.6.1 2.98 43.52 46.49 OK
r-devel-linux-x86_64-fedora-clang 1.6.1 86.28 NOTE
r-devel-linux-x86_64-fedora-gcc 1.6.1 78.09 OK
r-devel-macos-x86_64-clang 1.6.1 67.49 OK
r-devel-windows-ix86+x86_64 1.6.1 22.00 93.00 115.00 OK
r-patched-linux-x86_64 1.6.1 2.74 42.44 45.18 OK
r-patched-solaris-sparc 1.6.1 493.50 OK
r-patched-solaris-x86 1.6.1 95.00 OK
r-release-linux-x86_64 1.6.1 2.48 43.50 45.97 OK
r-release-osx-x86_64-mavericks 1.6.1 OK
r-release-windows-ix86+x86_64 1.6.1 9.00 70.00 79.00 OK
r-oldrel-windows-ix86+x86_64 1.6.1 15.00 104.00 119.00 OK

Check Details

Version: 1.6.1
Check: package dependencies
Result: NOTE
    Package suggested but not available for checking: ‘GLAD’
Flavor: r-devel-linux-x86_64-fedora-clang