CRAN Package Check Results for Package aroma.cn

Last updated on 2017-06-22 17:47:32.

Flavor Version Tinstall Tcheck Ttotal Status Flags
r-devel-linux-x86_64-debian-clang 1.6.1 4.50 61.19 65.69 OK
r-devel-linux-x86_64-debian-gcc 1.6.1 4.45 60.64 65.09 OK
r-devel-linux-x86_64-fedora-clang 1.6.1 128.46 OK
r-devel-linux-x86_64-fedora-gcc 1.6.1 123.55 OK
r-devel-windows-ix86+x86_64 1.6.1 17.00 124.00 141.00 OK
r-patched-linux-x86_64 1.6.1 4.43 60.55 64.98 OK
r-patched-solaris-sparc 1.6.1 742.50 OK
r-patched-solaris-x86 1.6.1 138.10 OK
r-release-linux-x86_64 1.6.1 4.55 62.13 66.67 OK
r-release-windows-ix86+x86_64 1.6.1 16.00 148.00 164.00 OK
r-release-osx-x86_64 1.6.1 ERROR
r-oldrel-windows-ix86+x86_64 1.6.1 15.00 75.00 90.00 OK
r-oldrel-osx-x86_64 1.6.1 OK

Check Details

Version: 1.6.1
Check: package dependencies
Result: ERROR
    Packages required but not available: ‘aroma.core’ ‘PSCBS’
    
    Packages suggested but not available for checking: ‘aroma.light’ ‘GLAD’
    
    See section ‘The DESCRIPTION file’ in the ‘Writing R Extensions’
    manual.
Flavor: r-release-osx-x86_64