CRAN Package Check Results for Package aroma.cn

Last updated on 2016-02-11 11:50:02.

Flavor Version Tinstall Tcheck Ttotal Status Flags
r-devel-linux-x86_64-debian-gcc 1.6.1 2.64 40.46 43.10 OK
r-devel-linux-x86_64-fedora-clang 1.6.1 80.59 NOTE
r-devel-linux-x86_64-fedora-gcc 1.6.1 76.20 OK
r-devel-osx-x86_64-clang 1.6.1 91.22 OK
r-devel-windows-ix86+x86_64 1.6.1 13.00 65.00 78.00 OK
r-patched-linux-x86_64 1.6.1 2.81 42.93 45.74 OK
r-patched-solaris-sparc 1.6.1 505.80 OK
r-patched-solaris-x86 1.6.1 101.40 OK
r-release-linux-x86_64 1.6.1 2.94 43.00 45.94 OK
r-release-osx-x86_64-mavericks 1.6.1 NOTE
r-release-windows-ix86+x86_64 1.6.1 13.00 63.00 76.00 OK
r-oldrel-windows-ix86+x86_64 1.6.1 24.00 109.00 133.00 OK

Check Details

Version: 1.6.1
Check: package dependencies
Result: NOTE
    Package suggested but not available for checking: ‘GLAD’
Flavors: r-devel-linux-x86_64-fedora-clang, r-release-osx-x86_64-mavericks