CRAN Package Check Results for Package aroma.cn

Last updated on 2014-08-30 19:47:01.

Flavor Version Tinstall Tcheck Ttotal Status Flags
r-devel-linux-x86_64-debian-clang 1.5.0 2.93 46.57 49.50 NOTE
r-devel-linux-x86_64-debian-gcc 1.5.0 2.95 45.52 48.47 NOTE
r-devel-linux-x86_64-fedora-clang 1.5.0 109.53 NOTE
r-devel-linux-x86_64-fedora-gcc 1.5.0 102.46 NOTE
r-devel-osx-x86_64-clang 1.5.0 90.53 NOTE
r-devel-windows-ix86+x86_64 1.5.0 14.00 67.00 81.00 NOTE
r-patched-linux-x86_64 1.5.0 3.40 50.47 53.87 OK
r-patched-solaris-sparc 1.5.0 632.00 NOTE
r-patched-solaris-x86 1.5.0 128.50 NOTE
r-release-linux-ix86 1.5.0 4.58 66.92 71.50 OK
r-release-linux-x86_64 1.5.0 3.52 53.06 56.58 OK
r-release-osx-x86_64-mavericks 1.5.0 NOTE
r-release-osx-x86_64-snowleopard 1.5.0 NOTE
r-release-windows-ix86+x86_64 1.5.0 11.00 78.00 89.00 OK
r-oldrel-windows-ix86+x86_64 1.5.0 14.00 80.00 94.00 OK

Check Details

Version: 1.5.0
Check: R code for possible problems
Result: NOTE
    backtransformOne.PrincipalCurveNormalization: no visible global
     function definition for ‘backtransformPrincipalCurve’
    backtransformOne.XYCurveNormalization: no visible global function
     definition for ‘backtransformXYCurve’
    calibrateC1C2.PairedPSCBS: no visible global function definition for
     ‘devSet’
    callAllelicBalanceByBAFs.PairedPSCBS: no visible global function
     definition for ‘findPeaksAndValleys’
    callGenotypes.TotalFracBSnpData: no visible global function definition
     for ‘findPeaksAndValleys’
    callXXorXY.numeric: no visible global function definition for
     ‘findPeaksAndValleys’
    drawC1C2Density.PairedPSCBS: no visible global function definition for
     ‘findPeaksAndValleys’
    estimateDeshearingParameter.PSCBS: no visible global function
     definition for ‘findPeaksAndValleys’
    estimateDeshearingParameter_20130815.PSCBS: no visible global function
     definition for ‘findPeaksAndValleys’
    fitC1C2Densities.PairedPSCBS : <anonymous>: no visible global function
     definition for ‘findPeaksAndValleys’
    fitC1C2Peaks.PairedPSCBS: no visible global function definition for
     ‘devSet’
    fitDeltaXYShearModel.matrix: no visible global function definition for
     ‘findPeaksAndValleys’
    fitOne.MultiSourceCopyNumberNormalization: no visible global function
     definition for ‘backtransformPrincipalCurve’
    fitOne.MultiSourceCopyNumberNormalization: no visible global function
     definition for ‘normalizeDifferencesToAverage’
    fitOne.PrincipalCurveNormalization: no visible global function
     definition for ‘fitPrincipalCurve’
    fitOne.XYCurveNormalization: no visible global function definition for
     ‘fitXYCurve’
    getAllNames.MultiSourceCopyNumberNormalization: no visible binding for
     global variable ‘getNames’
    getBacktransforms.PrincipalCurve: no visible global function definition
     for ‘backtransformPrincipalCurve’
    getOutputDataSet0.TotalCnSmoothing: no visible binding for global
     variable ‘Class’
    getOutputFileClass.TotalCnSmoothing: no visible binding for global
     variable ‘Class’
    getOutputFileSetClass.TotalCnSmoothing: no visible binding for global
     variable ‘Class’
    getPrincipalCurveEstimator.MultiSourceCopyNumberNormalization :
     robustSmoother: no visible global function definition for
     ‘robustSmoothSpline’
    getPrincipalCurveEstimator.MultiSourceCopyNumberNormalization : fcn: no
     visible global function definition for ‘fitPrincipalCurve’
    normalizeMirroredBAFsByRegions.matrix: no visible global function
     definition for ‘fitXYCurve’
    normalizeMirroredBAFsByRegions.matrix: no visible global function
     definition for ‘devSet’
    normalizeOne.MultiSourceCopyNumberNormalization: no visible global
     function definition for ‘backtransformPrincipalCurve’
    normalizePrincipalCurve.matrix: no visible global function definition
     for ‘fitPrincipalCurve’
    process.NaiveFracBGenotyping: no visible binding for global variable
     ‘AromaUnitGenotypeCallSet’
    process.NaiveFracBGenotyping: no visible binding for global variable
     ‘AromaUnitSignalBinarySet’
    smoothRawCopyNumbers.TotalCnBinnedSmoothing: no visible binding for
     global variable ‘colBinnedSmoothing.matrix’
    smoothRawCopyNumbers.TotalCnKernelSmoothing: no visible binding for
     global variable ‘colKernelSmoothing.matrix’
Flavors: r-devel-linux-x86_64-debian-clang, r-devel-linux-x86_64-debian-gcc, r-devel-linux-x86_64-fedora-clang, r-devel-linux-x86_64-fedora-gcc, r-devel-osx-x86_64-clang, r-devel-windows-ix86+x86_64

Version: 1.5.0
Check: package dependencies
Result: NOTE
    Package suggested but not available for checking: ‘GLAD’
Flavors: r-devel-linux-x86_64-fedora-clang, r-devel-osx-x86_64-clang, r-patched-solaris-sparc, r-patched-solaris-x86, r-release-osx-x86_64-mavericks, r-release-osx-x86_64-snowleopard