CRAN Package Check Results for Package aroma.core

Last updated on 2018-02-21 13:50:32 CET.

Flavor Version Tinstall Tcheck Ttotal Status Flags
r-devel-linux-x86_64-debian-clang 3.1.1 23.32 150.13 173.45 NOTE
r-devel-linux-x86_64-debian-gcc 3.1.1 26.08 114.44 140.52 NOTE
r-devel-windows-ix86+x86_64 3.1.1 49.00 149.00 198.00 NOTE
r-patched-linux-x86_64 3.1.1 8.67 215.05 223.72 NOTE
r-patched-solaris-x86 3.1.1 285.50 NOTE
r-release-linux-x86_64 3.1.1 8.50 216.09 224.59 NOTE
r-release-windows-ix86+x86_64 3.1.1 25.00 266.00 291.00 NOTE
r-release-osx-x86_64 3.1.1 NOTE
r-oldrel-windows-ix86+x86_64 3.1.1 15.00 162.00 177.00 NOTE
r-oldrel-osx-x86_64 3.1.1 NOTE

Check Details

Version: 3.1.1
Check: package dependencies
Result: NOTE
    Packages suggested but not available for checking:
     ‘sfit’ ‘expectile’ ‘HaarSeg’ ‘mpcbs’
Flavors: r-devel-linux-x86_64-debian-clang, r-devel-linux-x86_64-debian-gcc, r-devel-windows-ix86+x86_64, r-patched-linux-x86_64, r-patched-solaris-x86, r-release-linux-x86_64, r-release-windows-ix86+x86_64, r-oldrel-windows-ix86+x86_64, r-oldrel-osx-x86_64

Version: 3.1.1
Check: package dependencies
Result: NOTE
    Packages suggested but not available for checking:
     ‘EBImage’ ‘aroma.light’ ‘GLAD’ ‘sfit’ ‘expectile’ ‘HaarSeg’ ‘mpcbs’
Flavor: r-release-osx-x86_64

Version: 3.1.1
Check: Rd cross-references
Result: NOTE
    Packages unavailable to check Rd xrefs: ‘aroma.light’, ‘GLAD’
Flavor: r-release-osx-x86_64