CRAN Package Check Results for Package aroma.core

Last updated on 2017-08-21 11:47:32.

Flavor Version Tinstall Tcheck Ttotal Status Flags
r-devel-linux-x86_64-debian-clang 3.1.0 6.54 125.70 132.24 NOTE
r-devel-linux-x86_64-debian-gcc 3.1.0 6.13 123.01 129.13 NOTE
r-devel-linux-x86_64-fedora-clang 3.1.0 247.43 NOTE
r-devel-linux-x86_64-fedora-gcc 3.1.0 247.71 NOTE
r-devel-windows-ix86+x86_64 3.1.0 32.00 187.00 219.00 NOTE
r-patched-linux-x86_64 3.1.0 6.76 128.24 135.00 NOTE
r-patched-solaris-x86 3.1.0 273.80 NOTE
r-release-linux-x86_64 3.1.0 6.68 126.10 132.78 NOTE
r-release-windows-ix86+x86_64 3.1.0 25.00 257.00 282.00 NOTE
r-release-osx-x86_64 3.1.0 ERROR
r-oldrel-windows-ix86+x86_64 3.1.0 14.00 137.00 151.00 NOTE
r-oldrel-osx-x86_64 3.1.0 NOTE

Check Details

Version: 3.1.0
Check: package dependencies
Result: NOTE
    Packages suggested but not available for checking:
     ‘sfit’ ‘expectile’ ‘HaarSeg’ ‘mpcbs’
Flavors: r-devel-linux-x86_64-debian-clang, r-devel-linux-x86_64-debian-gcc, r-devel-linux-x86_64-fedora-clang, r-devel-linux-x86_64-fedora-gcc, r-devel-windows-ix86+x86_64, r-patched-linux-x86_64, r-release-linux-x86_64, r-release-windows-ix86+x86_64, r-oldrel-windows-ix86+x86_64, r-oldrel-osx-x86_64

Version: 3.1.0
Check: package dependencies
Result: NOTE
    Packages suggested but not available for checking:
     ‘EBImage’ ‘sfit’ ‘expectile’ ‘HaarSeg’ ‘mpcbs’
Flavor: r-patched-solaris-x86

Version: 3.1.0
Check: package dependencies
Result: ERROR
    Package required but not available: ‘PSCBS’
    
    Packages suggested but not available for checking:
     ‘EBImage’ ‘aroma.light’ ‘GLAD’ ‘sfit’ ‘expectile’ ‘HaarSeg’ ‘mpcbs’
    
    See section ‘The DESCRIPTION file’ in the ‘Writing R Extensions’
    manual.
Flavor: r-release-osx-x86_64