CRAN Package Check Results for Package aroma.core

Last updated on 2017-05-24 01:48:48.

Flavor Version Tinstall Tcheck Ttotal Status Flags
r-devel-linux-x86_64-debian-clang 3.1.0 6.93 126.91 133.84 NOTE
r-devel-linux-x86_64-debian-gcc 3.1.0 6.42 123.92 130.33 NOTE
r-devel-linux-x86_64-fedora-clang 3.1.0 253.68 NOTE --no-stop-on-test-error
r-devel-linux-x86_64-fedora-gcc 3.1.0 243.70 NOTE --no-stop-on-test-error
r-devel-windows-ix86+x86_64 3.1.0 46.00 191.00 237.00 NOTE
r-patched-linux-x86_64 3.1.0 6.61 123.37 129.98 NOTE
r-patched-solaris-sparc 3.1.0 1466.60 NOTE
r-patched-solaris-x86 3.1.0 270.10 NOTE
r-release-linux-x86_64 3.1.0 6.07 122.63 128.70 NOTE
r-release-windows-ix86+x86_64 3.1.0 17.00 269.00 286.00 NOTE
r-release-osx-x86_64 3.1.0 ERROR
r-oldrel-windows-ix86+x86_64 3.1.0 25.00 198.00 223.00 NOTE
r-oldrel-osx-x86_64 3.1.0 NOTE

Check Details

Version: 3.1.0
Check: package dependencies
Result: NOTE
    Packages suggested but not available for checking:
     ‘sfit’ ‘expectile’ ‘HaarSeg’ ‘mpcbs’
Flavors: r-devel-linux-x86_64-debian-clang, r-devel-linux-x86_64-debian-gcc, r-devel-windows-ix86+x86_64, r-patched-linux-x86_64, r-release-linux-x86_64, r-release-windows-ix86+x86_64, r-oldrel-windows-ix86+x86_64, r-oldrel-osx-x86_64

Version: 3.1.0
Flags: --no-stop-on-test-error
Check: package dependencies
Result: NOTE
    Packages suggested but not available for checking:
     ‘sfit’ ‘expectile’ ‘HaarSeg’ ‘mpcbs’
Flavors: r-devel-linux-x86_64-fedora-clang, r-devel-linux-x86_64-fedora-gcc

Version: 3.1.0
Check: package dependencies
Result: NOTE
    Packages suggested but not available for checking:
     ‘EBImage’ ‘sfit’ ‘expectile’ ‘HaarSeg’ ‘mpcbs’
Flavors: r-patched-solaris-sparc, r-patched-solaris-x86

Version: 3.1.0
Check: package dependencies
Result: ERROR
    Package required but not available: ‘PSCBS’
    
    Packages suggested but not available for checking:
     ‘EBImage’ ‘aroma.light’ ‘GLAD’ ‘sfit’ ‘expectile’ ‘HaarSeg’ ‘mpcbs’
    
    See section ‘The DESCRIPTION file’ in the ‘Writing R Extensions’
    manual.
Flavor: r-release-osx-x86_64