CRAN Package Check Results for Package aroma.core

Last updated on 2016-05-29 21:46:29.

Flavor Version Tinstall Tcheck Ttotal Status Flags
r-devel-linux-x86_64-debian-gcc 3.0.0 5.28 91.06 96.34 NOTE
r-devel-linux-x86_64-fedora-clang 3.0.0 183.45 NOTE
r-devel-linux-x86_64-fedora-gcc 3.0.0 165.39 NOTE
r-devel-osx-x86_64-clang 3.0.0 198.06 NOTE
r-devel-windows-ix86+x86_64 3.0.0 33.00 146.00 179.00 NOTE
r-patched-linux-x86_64 3.0.0 5.12 89.00 94.11 NOTE
r-patched-solaris-sparc 3.0.0 1065.50 NOTE
r-patched-solaris-x86 3.0.0 199.10 NOTE
r-release-linux-x86_64 3.0.0 4.82 88.39 93.21 NOTE
r-release-osx-x86_64-mavericks 3.0.0 NOTE
r-release-windows-ix86+x86_64 3.0.0 26.00 158.00 184.00 NOTE
r-oldrel-windows-ix86+x86_64 3.0.0 17.00 143.00 160.00 NOTE

Check Details

Version: 3.0.0
Check: package dependencies
Result: NOTE
    Packages suggested but not available for checking:
     ‘sfit’ ‘expectile’ ‘HaarSeg’ ‘mpcbs’
Flavors: r-devel-linux-x86_64-debian-gcc, r-devel-linux-x86_64-fedora-gcc, r-devel-osx-x86_64-clang, r-devel-windows-ix86+x86_64, r-patched-linux-x86_64, r-release-linux-x86_64, r-release-osx-x86_64-mavericks, r-release-windows-ix86+x86_64, r-oldrel-windows-ix86+x86_64

Version: 3.0.0
Check: package dependencies
Result: NOTE
    Packages suggested but not available for checking:
     ‘GLAD’ ‘sfit’ ‘expectile’ ‘HaarSeg’ ‘mpcbs’
Flavor: r-devel-linux-x86_64-fedora-clang

Version: 3.0.0
Check: Rd cross-references
Result: NOTE
    Package unavailable to check Rd xrefs: ‘GLAD’
Flavor: r-devel-linux-x86_64-fedora-clang

Version: 3.0.0
Check: package dependencies
Result: NOTE
    Packages suggested but not available for checking:
     ‘EBImage’ ‘sfit’ ‘expectile’ ‘HaarSeg’ ‘mpcbs’
Flavors: r-patched-solaris-sparc, r-patched-solaris-x86