CRAN Package Check Results for Package aroma.core

Last updated on 2016-04-29 17:48:11.

Flavor Version Tinstall Tcheck Ttotal Status Flags
r-devel-linux-x86_64-debian-gcc 3.0.0 4.96 91.93 96.89 NOTE
r-devel-linux-x86_64-fedora-clang 3.0.0 177.96 NOTE
r-devel-linux-x86_64-fedora-gcc 3.0.0 163.72 NOTE
r-devel-osx-x86_64-clang 3.0.0 195.76 NOTE
r-devel-windows-ix86+x86_64 3.0.0 15.00 152.00 167.00 NOTE
r-patched-linux-x86_64 3.0.0 4.80 88.61 93.41 NOTE
r-patched-solaris-sparc 3.0.0 1044.20 NOTE
r-patched-solaris-x86 3.0.0 197.70 NOTE
r-release-linux-x86_64 3.0.0 5.33 92.18 97.51 NOTE
r-release-osx-x86_64-mavericks 3.0.0 NOTE
r-release-windows-ix86+x86_64 3.0.0 15.00 139.00 154.00 NOTE
r-oldrel-windows-ix86+x86_64 3.0.0 33.00 183.00 216.00 NOTE

Check Details

Version: 3.0.0
Check: package dependencies
Result: NOTE
    Packages suggested but not available for checking:
     ‘sfit’ ‘expectile’ ‘HaarSeg’ ‘mpcbs’
Flavors: r-devel-linux-x86_64-debian-gcc, r-devel-linux-x86_64-fedora-gcc, r-devel-osx-x86_64-clang, r-devel-windows-ix86+x86_64, r-patched-linux-x86_64, r-release-linux-x86_64, r-release-windows-ix86+x86_64, r-oldrel-windows-ix86+x86_64

Version: 3.0.0
Check: package dependencies
Result: NOTE
    Packages suggested but not available for checking:
     ‘GLAD’ ‘sfit’ ‘expectile’ ‘HaarSeg’ ‘mpcbs’
Flavors: r-devel-linux-x86_64-fedora-clang, r-release-osx-x86_64-mavericks

Version: 3.0.0
Check: Rd cross-references
Result: NOTE
    Package unavailable to check Rd xrefs: ‘GLAD’
Flavors: r-devel-linux-x86_64-fedora-clang, r-release-osx-x86_64-mavericks

Version: 3.0.0
Check: package dependencies
Result: NOTE
    Packages suggested but not available for checking:
     ‘EBImage’ ‘sfit’ ‘expectile’ ‘HaarSeg’ ‘mpcbs’
Flavors: r-patched-solaris-sparc, r-patched-solaris-x86