CRAN Package Check Results for Package aroma.core

Last updated on 2014-04-18 03:47:12.

Flavor Version Tinstall Tcheck Ttotal Status Flags
r-devel-linux-x86_64-debian-clang 2.12.1 5.87 100.99 106.86 NOTE
r-devel-linux-x86_64-debian-gcc NOTE
r-devel-linux-x86_64-fedora-clang 2.12.1 210.20 NOTE
r-devel-linux-x86_64-fedora-gcc 2.12.1 201.65 NOTE
r-devel-macosx-x86_64-clang 2.12.1 180.29 NOTE
r-devel-macosx-x86_64-gcc 2.12.1 ERROR
r-devel-windows-ix86+x86_64 2.12.1 15.00 126.00 141.00 NOTE
r-patched-linux-x86_64 2.12.1 5.92 101.00 106.92 NOTE
r-patched-solaris-sparc 2.12.1 1147.10 NOTE
r-patched-solaris-x86 2.12.1 229.80 NOTE
r-release-linux-ix86 2.12.1 12.00 151.00 163.00 NOTE
r-release-linux-x86_64 2.12.1 5.80 100.90 106.70 NOTE
r-release-macosx-x86_64 2.12.1 ERROR
r-release-windows-ix86+x86_64 2.12.1 14.00 141.00 155.00 NOTE
r-oldrel-windows-ix86+x86_64 2.12.1 15.00 130.00 145.00 NOTE

Check Details

Version: 2.12.1
Check: package namespace information
Result: NOTE
    R < 3.0.2 had a limit of 500 registered S3 methods: found 782
Flavors: r-devel-linux-x86_64-debian-clang, r-devel-linux-x86_64-debian-gcc, r-devel-linux-x86_64-fedora-clang, r-devel-linux-x86_64-fedora-gcc, r-devel-macosx-x86_64-clang, r-devel-macosx-x86_64-gcc, r-devel-windows-ix86+x86_64, r-patched-linux-x86_64, r-patched-solaris-sparc, r-patched-solaris-x86, r-release-linux-ix86, r-release-linux-x86_64, r-release-macosx-x86_64, r-release-windows-ix86+x86_64

Version: 2.12.1
Check: package dependencies
Result: NOTE
    Packages suggested but not available for checking:
     ‘sfit’ ‘expectile’ ‘HaarSeg’ ‘mpcbs’
Flavors: r-devel-linux-x86_64-debian-clang, r-devel-linux-x86_64-debian-gcc, r-devel-linux-x86_64-fedora-gcc, r-devel-windows-ix86+x86_64, r-patched-linux-x86_64, r-release-linux-ix86, r-release-linux-x86_64, r-release-windows-ix86+x86_64, r-oldrel-windows-ix86+x86_64

Version: 2.12.1
Check: package dependencies
Result: NOTE
    Packages suggested but not available for checking:
     ‘GLAD’ ‘sfit’ ‘expectile’ ‘HaarSeg’ ‘mpcbs’
Flavors: r-devel-linux-x86_64-fedora-clang, r-devel-macosx-x86_64-clang

Version: 2.12.1
Check: Rd cross-references
Result: NOTE
    Package unavailable to check Rd xrefs: ‘GLAD’
Flavors: r-devel-linux-x86_64-fedora-clang, r-devel-macosx-x86_64-clang, r-patched-solaris-sparc, r-patched-solaris-x86

Version: 2.12.1
Check: package dependencies
Result: ERROR
    Package required but not available: ‘PSCBS’
    
    Packages suggested but not available for checking:
     ‘EBImage’ ‘preprocessCore’ ‘aroma.light’ ‘DNAcopy’ ‘GLAD’ ‘sfit’
     ‘expectile’ ‘HaarSeg’ ‘mpcbs’
    
    See the information on DESCRIPTION files in the chapter ‘Creating R
    packages’ of the ‘Writing R Extensions’ manual.
Flavors: r-devel-macosx-x86_64-gcc, r-release-macosx-x86_64

Version: 2.12.1
Check: package dependencies
Result: NOTE
    Packages suggested but not available for checking:
     ‘EBImage’ ‘GLAD’ ‘sfit’ ‘expectile’ ‘HaarSeg’ ‘mpcbs’
Flavors: r-patched-solaris-sparc, r-patched-solaris-x86