CRAN Package Check Results for Package aroma.core

Last updated on 2017-10-17 23:48:19.

Flavor Version Tinstall Tcheck Ttotal Status Flags
r-devel-linux-x86_64-debian-clang 3.1.1 6.64 133.14 139.78 NOTE
r-devel-linux-x86_64-debian-gcc 3.1.1 6.04 134.94 140.97 NOTE
r-devel-linux-x86_64-fedora-clang 3.1.1 262.40 NOTE
r-devel-linux-x86_64-fedora-gcc 3.1.1 268.31 NOTE
r-devel-windows-ix86+x86_64 3.1.1 19.00 197.00 216.00 NOTE
r-patched-linux-x86_64 3.1.1 6.32 128.13 134.45 NOTE
r-patched-solaris-x86 3.1.1 274.60 NOTE
r-release-linux-x86_64 3.1.1 6.51 127.59 134.09 NOTE
r-release-windows-ix86+x86_64 3.1.1 35.00 240.00 275.00 NOTE
r-release-osx-x86_64 3.1.1 NOTE
r-oldrel-windows-ix86+x86_64 3.1.1 20.00 195.00 215.00 NOTE
r-oldrel-osx-x86_64 3.1.1 NOTE

Check Details

Version: 3.1.1
Check: package dependencies
Result: NOTE
    Packages suggested but not available for checking:
     ‘sfit’ ‘expectile’ ‘HaarSeg’ ‘mpcbs’
Flavors: r-devel-linux-x86_64-debian-clang, r-devel-linux-x86_64-debian-gcc, r-devel-linux-x86_64-fedora-clang, r-devel-linux-x86_64-fedora-gcc, r-devel-windows-ix86+x86_64, r-patched-linux-x86_64, r-release-linux-x86_64, r-release-windows-ix86+x86_64, r-oldrel-windows-ix86+x86_64, r-oldrel-osx-x86_64

Version: 3.1.1
Check: package dependencies
Result: NOTE
    Packages suggested but not available for checking:
     ‘EBImage’ ‘sfit’ ‘expectile’ ‘HaarSeg’ ‘mpcbs’
Flavor: r-patched-solaris-x86

Version: 3.1.1
Check: package dependencies
Result: NOTE
    Packages suggested but not available for checking:
     ‘EBImage’ ‘aroma.light’ ‘GLAD’ ‘sfit’ ‘expectile’ ‘HaarSeg’ ‘mpcbs’
Flavor: r-release-osx-x86_64

Version: 3.1.1
Check: Rd cross-references
Result: NOTE
    Packages unavailable to check Rd xrefs: ‘aroma.light’, ‘GLAD’
Flavor: r-release-osx-x86_64