CRAN Package Check Results for Package aroma.core

Last updated on 2016-06-26 06:46:51.

Flavor Version Tinstall Tcheck Ttotal Status Flags
r-devel-linux-x86_64-debian-gcc 3.0.0 5.51 90.95 96.46 NOTE
r-devel-linux-x86_64-fedora-clang 3.0.0 178.92 NOTE
r-devel-linux-x86_64-fedora-gcc 3.0.0 163.25 NOTE
r-devel-osx-x86_64-clang 3.0.0 149.57 NOTE
r-devel-windows-ix86+x86_64 3.0.0 46.00 151.00 197.00 NOTE
r-patched-linux-x86_64 3.0.0 5.14 90.18 95.31 NOTE
r-patched-solaris-sparc 3.0.0 1062.20 NOTE
r-patched-solaris-x86 3.0.0 196.60 NOTE
r-release-linux-x86_64 3.0.0 4.96 90.63 95.59 NOTE
r-release-osx-x86_64-mavericks 3.0.0 NOTE
r-release-windows-ix86+x86_64 3.0.0 20.00 184.00 204.00 NOTE
r-oldrel-windows-ix86+x86_64 3.0.0 27.00 148.00 175.00 NOTE

Check Details

Version: 3.0.0
Check: package dependencies
Result: NOTE
    Packages suggested but not available for checking:
     ‘sfit’ ‘expectile’ ‘HaarSeg’ ‘mpcbs’
Flavors: r-devel-linux-x86_64-debian-gcc, r-devel-linux-x86_64-fedora-gcc, r-devel-osx-x86_64-clang, r-devel-windows-ix86+x86_64, r-patched-linux-x86_64, r-release-linux-x86_64, r-release-osx-x86_64-mavericks, r-release-windows-ix86+x86_64, r-oldrel-windows-ix86+x86_64

Version: 3.0.0
Check: package dependencies
Result: NOTE
    Packages suggested but not available for checking:
     ‘GLAD’ ‘sfit’ ‘expectile’ ‘HaarSeg’ ‘mpcbs’
Flavor: r-devel-linux-x86_64-fedora-clang

Version: 3.0.0
Check: Rd cross-references
Result: NOTE
    Package unavailable to check Rd xrefs: ‘GLAD’
Flavor: r-devel-linux-x86_64-fedora-clang

Version: 3.0.0
Check: package dependencies
Result: NOTE
    Packages suggested but not available for checking:
     ‘EBImage’ ‘sfit’ ‘expectile’ ‘HaarSeg’ ‘mpcbs’
Flavors: r-patched-solaris-sparc, r-patched-solaris-x86