CRAN Package Check Results for Package aroma.core

Last updated on 2017-02-23 05:48:46.

Flavor Version Tinstall Tcheck Ttotal Status Flags
r-devel-linux-x86_64-debian-clang 3.0.0 6.25 126.08 132.33 NOTE
r-devel-linux-x86_64-debian-gcc 3.0.0 6.45 124.33 130.79 NOTE
r-devel-linux-x86_64-fedora-clang 3.0.0 250.33 NOTE --no-stop-on-test-error
r-devel-linux-x86_64-fedora-gcc 3.0.0 240.61 NOTE --no-stop-on-test-error
r-devel-macos-x86_64-clang 3.0.0 199.44 NOTE --no-stop-on-test-error
r-devel-windows-ix86+x86_64 3.0.0 48.00 257.00 305.00 NOTE
r-patched-linux-x86_64 3.0.0 4.92 90.92 95.84 NOTE
r-patched-solaris-sparc 3.0.0 1086.90 NOTE
r-patched-solaris-x86 3.0.0 193.80 NOTE
r-release-linux-x86_64 3.0.0 5.30 94.04 99.33 NOTE
r-release-osx-x86_64-mavericks 3.0.0 NOTE
r-release-windows-ix86+x86_64 3.0.0 21.00 220.00 241.00 NOTE
r-oldrel-windows-ix86+x86_64 3.0.0 25.00 153.00 178.00 NOTE

Check Details

Version: 3.0.0
Check: package dependencies
Result: NOTE
    Packages suggested but not available for checking:
     ‘sfit’ ‘expectile’ ‘HaarSeg’ ‘mpcbs’
Flavors: r-devel-linux-x86_64-debian-clang, r-devel-linux-x86_64-debian-gcc, r-devel-windows-ix86+x86_64, r-patched-linux-x86_64, r-release-linux-x86_64, r-release-osx-x86_64-mavericks, r-release-windows-ix86+x86_64, r-oldrel-windows-ix86+x86_64

Version: 3.0.0
Flags: --no-stop-on-test-error
Check: package dependencies
Result: NOTE
    Packages suggested but not available for checking:
     ‘sfit’ ‘expectile’ ‘HaarSeg’ ‘mpcbs’
Flavors: r-devel-linux-x86_64-fedora-clang, r-devel-linux-x86_64-fedora-gcc, r-devel-macos-x86_64-clang

Version: 3.0.0
Check: package dependencies
Result: NOTE
    Packages suggested but not available for checking:
     ‘EBImage’ ‘sfit’ ‘expectile’ ‘HaarSeg’ ‘mpcbs’
Flavors: r-patched-solaris-sparc, r-patched-solaris-x86