CRAN Package Check Results for Package aroma.core

Last updated on 2016-08-26 07:47:15.

Flavor Version Tinstall Tcheck Ttotal Status Flags
r-devel-linux-x86_64-debian-clang 3.0.0 4.67 93.15 97.81 NOTE
r-devel-linux-x86_64-debian-gcc 3.0.0 6.08 115.63 121.70 NOTE
r-devel-linux-x86_64-fedora-clang 3.0.0 177.01 NOTE
r-devel-linux-x86_64-fedora-gcc 3.0.0 163.78 NOTE
r-devel-osx-x86_64-clang 3.0.0 149.25 NOTE
r-devel-windows-ix86+x86_64 3.0.0 23.00 148.00 171.00 NOTE
r-patched-linux-x86_64 3.0.0 4.57 89.48 94.05 NOTE
r-patched-solaris-sparc 3.0.0 1062.20 NOTE
r-patched-solaris-x86 3.0.0 195.30 NOTE
r-release-linux-x86_64 3.0.0 4.79 90.06 94.85 NOTE
r-release-osx-x86_64-mavericks 3.0.0 NOTE
r-release-windows-ix86+x86_64 3.0.0 13.00 136.00 149.00 NOTE
r-oldrel-windows-ix86+x86_64 3.0.0 17.00 132.00 149.00 NOTE

Check Details

Version: 3.0.0
Check: package dependencies
Result: NOTE
    Packages suggested but not available for checking:
     ‘sfit’ ‘expectile’ ‘HaarSeg’ ‘mpcbs’
Flavors: r-devel-linux-x86_64-debian-clang, r-devel-linux-x86_64-debian-gcc, r-devel-linux-x86_64-fedora-gcc, r-devel-osx-x86_64-clang, r-devel-windows-ix86+x86_64, r-patched-linux-x86_64, r-release-linux-x86_64, r-release-osx-x86_64-mavericks, r-release-windows-ix86+x86_64, r-oldrel-windows-ix86+x86_64

Version: 3.0.0
Check: package dependencies
Result: NOTE
    Packages suggested but not available for checking:
     ‘GLAD’ ‘sfit’ ‘expectile’ ‘HaarSeg’ ‘mpcbs’
Flavor: r-devel-linux-x86_64-fedora-clang

Version: 3.0.0
Check: Rd cross-references
Result: NOTE
    Package unavailable to check Rd xrefs: ‘GLAD’
Flavor: r-devel-linux-x86_64-fedora-clang

Version: 3.0.0
Check: package dependencies
Result: NOTE
    Packages suggested but not available for checking:
     ‘EBImage’ ‘sfit’ ‘expectile’ ‘HaarSeg’ ‘mpcbs’
Flavors: r-patched-solaris-sparc, r-patched-solaris-x86