CRAN Package Check Results for Package aroma.core

Last updated on 2014-07-23 21:47:03.

Flavor Version Tinstall Tcheck Ttotal Status Flags
r-devel-linux-x86_64-debian-clang 2.12.1 5.73 94.66 100.39 NOTE
r-devel-linux-x86_64-debian-gcc 2.12.1 5.84 94.07 99.91 NOTE
r-devel-linux-x86_64-fedora-clang 2.12.1 216.55 NOTE
r-devel-linux-x86_64-fedora-gcc 2.12.1 205.48 NOTE
r-devel-osx-x86_64-clang 2.12.1 174.98 NOTE
r-devel-windows-ix86+x86_64 2.12.1 17.00 131.00 148.00 NOTE
r-patched-linux-x86_64 2.12.1 5.41 93.52 98.93 NOTE
r-patched-solaris-sparc 2.12.1 1147.10 NOTE
r-patched-solaris-x86 2.12.1 225.60 NOTE
r-release-linux-ix86 2.12.1 7.03 125.80 132.84 NOTE
r-release-linux-x86_64 2.12.1 6.06 95.48 101.54 NOTE
r-release-osx-x86_64-mavericks 2.12.1 NOTE
r-release-osx-x86_64-snowleopard 2.12.1 NOTE
r-release-windows-ix86+x86_64 2.12.1 15.00 142.00 157.00 NOTE
r-oldrel-windows-ix86+x86_64 2.12.1 16.00 129.00 145.00 NOTE

Check Details

Version: 2.12.1
Check: package namespace information
Result: NOTE
    R < 3.0.2 had a limit of 500 registered S3 methods: found 782
Flavors: r-devel-linux-x86_64-debian-clang, r-devel-linux-x86_64-debian-gcc, r-devel-linux-x86_64-fedora-clang, r-devel-linux-x86_64-fedora-gcc, r-devel-osx-x86_64-clang, r-devel-windows-ix86+x86_64, r-patched-linux-x86_64, r-patched-solaris-sparc, r-patched-solaris-x86, r-release-linux-ix86, r-release-linux-x86_64, r-release-osx-x86_64-mavericks, r-release-osx-x86_64-snowleopard, r-release-windows-ix86+x86_64

Version: 2.12.1
Check: package dependencies
Result: NOTE
    Packages suggested but not available for checking:
     ‘sfit’ ‘expectile’ ‘HaarSeg’ ‘mpcbs’
Flavors: r-devel-linux-x86_64-debian-clang, r-devel-linux-x86_64-debian-gcc, r-devel-linux-x86_64-fedora-gcc, r-devel-windows-ix86+x86_64, r-patched-linux-x86_64, r-release-linux-ix86, r-release-linux-x86_64, r-release-windows-ix86+x86_64, r-oldrel-windows-ix86+x86_64

Version: 2.12.1
Check: package dependencies
Result: NOTE
    Packages suggested but not available for checking:
     ‘GLAD’ ‘sfit’ ‘expectile’ ‘HaarSeg’ ‘mpcbs’
Flavors: r-devel-linux-x86_64-fedora-clang, r-devel-osx-x86_64-clang, r-release-osx-x86_64-snowleopard

Version: 2.12.1
Check: Rd cross-references
Result: NOTE
    Package unavailable to check Rd xrefs: ‘GLAD’
Flavors: r-devel-linux-x86_64-fedora-clang, r-devel-osx-x86_64-clang, r-patched-solaris-sparc, r-patched-solaris-x86, r-release-osx-x86_64-mavericks, r-release-osx-x86_64-snowleopard

Version: 2.12.1
Check: package dependencies
Result: NOTE
    Packages suggested but not available for checking:
     ‘EBImage’ ‘GLAD’ ‘sfit’ ‘expectile’ ‘HaarSeg’ ‘mpcbs’
Flavors: r-patched-solaris-sparc, r-patched-solaris-x86, r-release-osx-x86_64-mavericks