CRAN Package Check Results for Package aroma.core

Last updated on 2018-06-24 09:48:52 CEST.

Flavor Version Tinstall Tcheck Ttotal Status Flags
r-devel-linux-x86_64-debian-clang 3.1.3 22.35 153.21 175.56 NOTE
r-devel-linux-x86_64-debian-gcc 3.1.3 20.26 118.24 138.50 NOTE
r-devel-linux-x86_64-fedora-clang 3.1.3 210.22 NOTE
r-devel-linux-x86_64-fedora-gcc 3.1.3 201.93 NOTE
r-devel-windows-ix86+x86_64 3.1.3 51.00 161.00 212.00 NOTE
r-patched-linux-x86_64 3.1.3 22.24 148.95 171.19 NOTE
r-patched-solaris-x86 3.1.3 245.20 NOTE
r-release-linux-x86_64 3.1.3 24.50 148.78 173.28 NOTE
r-release-windows-ix86+x86_64 3.1.3 49.00 164.00 213.00 NOTE
r-release-osx-x86_64 3.1.3 NOTE
r-oldrel-windows-ix86+x86_64 3.1.3 25.00 180.00 205.00 NOTE
r-oldrel-osx-x86_64 3.1.3 NOTE

Check Details

Version: 3.1.3
Check: package dependencies
Result: NOTE
    Packages suggested but not available for checking:
     ‘sfit’ ‘expectile’ ‘HaarSeg’ ‘mpcbs’
Flavors: r-devel-linux-x86_64-debian-clang, r-devel-linux-x86_64-debian-gcc, r-devel-linux-x86_64-fedora-clang, r-devel-linux-x86_64-fedora-gcc, r-devel-windows-ix86+x86_64, r-patched-linux-x86_64, r-patched-solaris-x86, r-release-linux-x86_64, r-release-windows-ix86+x86_64, r-oldrel-windows-ix86+x86_64

Version: 3.1.3
Check: package dependencies
Result: NOTE
    Packages suggested but not available for checking:
     ‘GLAD’ ‘sfit’ ‘expectile’ ‘HaarSeg’ ‘mpcbs’
Flavors: r-release-osx-x86_64, r-oldrel-osx-x86_64

Version: 3.1.3
Check: Rd cross-references
Result: NOTE
    Package unavailable to check Rd xrefs: ‘GLAD’
Flavors: r-release-osx-x86_64, r-oldrel-osx-x86_64