CRAN Package Check Results for Package aroma.core

Last updated on 2017-01-20 07:49:26.

Flavor Version Tinstall Tcheck Ttotal Status Flags
r-devel-linux-x86_64-debian-clang 3.0.0 6.37 127.60 133.97 NOTE
r-devel-linux-x86_64-debian-gcc 3.0.0 6.52 123.08 129.61 NOTE
r-devel-linux-x86_64-fedora-clang 3.0.0 249.27 NOTE --no-stop-on-test-error
r-devel-linux-x86_64-fedora-gcc 3.0.0 244.38 NOTE --no-stop-on-test-error
r-devel-macos-x86_64-clang 3.0.0 200.03 NOTE --no-stop-on-test-error
r-devel-windows-ix86+x86_64 3.0.0 46.00 178.00 224.00 NOTE
r-patched-linux-x86_64 3.0.0 4.81 90.28 95.09 NOTE
r-patched-solaris-sparc 3.0.0 1086.90 NOTE
r-patched-solaris-x86 3.0.0 195.50 NOTE
r-release-linux-x86_64 3.0.0 4.71 91.10 95.81 NOTE
r-release-osx-x86_64-mavericks 3.0.0 NOTE
r-release-windows-ix86+x86_64 3.0.0 15.00 140.00 155.00 NOTE
r-oldrel-windows-ix86+x86_64 3.0.0 23.00 199.00 222.00 NOTE

Check Details

Version: 3.0.0
Check: package dependencies
Result: NOTE
    Packages suggested but not available for checking:
     ‘sfit’ ‘expectile’ ‘HaarSeg’ ‘mpcbs’
Flavors: r-devel-linux-x86_64-debian-clang, r-devel-linux-x86_64-debian-gcc, r-devel-windows-ix86+x86_64, r-patched-linux-x86_64, r-release-linux-x86_64, r-release-osx-x86_64-mavericks, r-release-windows-ix86+x86_64, r-oldrel-windows-ix86+x86_64

Version: 3.0.0
Flags: --no-stop-on-test-error
Check: package dependencies
Result: NOTE
    Packages suggested but not available for checking:
     ‘sfit’ ‘expectile’ ‘HaarSeg’ ‘mpcbs’
Flavors: r-devel-linux-x86_64-fedora-clang, r-devel-linux-x86_64-fedora-gcc, r-devel-macos-x86_64-clang

Version: 3.0.0
Check: package dependencies
Result: NOTE
    Packages suggested but not available for checking:
     ‘EBImage’ ‘sfit’ ‘expectile’ ‘HaarSeg’ ‘mpcbs’
Flavors: r-patched-solaris-sparc, r-patched-solaris-x86