CRAN Package Check Results for Package aroma.core

Last updated on 2016-02-10 11:55:06.

Flavor Version Tinstall Tcheck Ttotal Status Flags
r-devel-linux-x86_64-debian-gcc 3.0.0 5.02 89.46 94.49 NOTE
r-devel-linux-x86_64-fedora-clang 3.0.0 175.75 NOTE
r-devel-linux-x86_64-fedora-gcc 3.0.0 163.19 NOTE
r-devel-osx-x86_64-clang 3.0.0 193.94 NOTE
r-devel-windows-ix86+x86_64 3.0.0 43.00 143.00 186.00 NOTE
r-patched-linux-x86_64 3.0.0 5.72 91.67 97.39 NOTE
r-patched-solaris-sparc 3.0.0 1082.20 NOTE
r-patched-solaris-x86 3.0.0 204.20 NOTE
r-release-linux-x86_64 3.0.0 5.68 92.29 97.97 NOTE
r-release-osx-x86_64-mavericks 3.0.0 NOTE
r-release-windows-ix86+x86_64 3.0.0 22.00 137.00 159.00 NOTE
r-oldrel-windows-ix86+x86_64 3.0.0 33.00 188.00 221.00 NOTE

Check Details

Version: 3.0.0
Check: package dependencies
Result: NOTE
    Packages suggested but not available for checking:
     ‘sfit’ ‘expectile’ ‘HaarSeg’ ‘mpcbs’
Flavors: r-devel-linux-x86_64-debian-gcc, r-devel-linux-x86_64-fedora-gcc, r-devel-osx-x86_64-clang, r-devel-windows-ix86+x86_64, r-patched-linux-x86_64, r-release-linux-x86_64, r-release-windows-ix86+x86_64, r-oldrel-windows-ix86+x86_64

Version: 3.0.0
Check: package dependencies
Result: NOTE
    Packages suggested but not available for checking:
     ‘GLAD’ ‘sfit’ ‘expectile’ ‘HaarSeg’ ‘mpcbs’
Flavors: r-devel-linux-x86_64-fedora-clang, r-release-osx-x86_64-mavericks

Version: 3.0.0
Check: Rd cross-references
Result: NOTE
    Package unavailable to check Rd xrefs: ‘GLAD’
Flavors: r-devel-linux-x86_64-fedora-clang, r-release-osx-x86_64-mavericks

Version: 3.0.0
Check: package dependencies
Result: NOTE
    Packages suggested but not available for checking:
     ‘EBImage’ ‘sfit’ ‘expectile’ ‘HaarSeg’ ‘mpcbs’
Flavors: r-patched-solaris-sparc, r-patched-solaris-x86