CRAN Package Check Results for Package aroma.core

Last updated on 2016-07-26 11:50:42.

Flavor Version Tinstall Tcheck Ttotal Status Flags
r-devel-linux-x86_64-debian-clang 3.0.0 5.69 101.43 107.12 NOTE
r-devel-linux-x86_64-debian-gcc 3.0.0 5.89 101.79 107.67 NOTE
r-devel-linux-x86_64-fedora-clang 3.0.0 176.84 NOTE
r-devel-linux-x86_64-fedora-gcc 3.0.0 161.67 NOTE
r-devel-osx-x86_64-clang 3.0.0 148.80 NOTE
r-devel-windows-ix86+x86_64 3.0.0 46.00 146.00 192.00 NOTE
r-patched-linux-x86_64 3.0.0 6.74 99.55 106.29 NOTE
r-patched-solaris-sparc 3.0.0 1062.20 NOTE
r-patched-solaris-x86 3.0.0 193.70 NOTE
r-release-linux-x86_64 3.0.0 5.76 100.53 106.29 NOTE
r-release-osx-x86_64-mavericks 3.0.0 NOTE
r-release-windows-ix86+x86_64 3.0.0 22.00 151.00 173.00 NOTE
r-oldrel-windows-ix86+x86_64 3.0.0 32.00 151.00 183.00 NOTE

Check Details

Version: 3.0.0
Check: package dependencies
Result: NOTE
    Packages suggested but not available for checking:
     ‘sfit’ ‘expectile’ ‘HaarSeg’ ‘mpcbs’
Flavors: r-devel-linux-x86_64-debian-clang, r-devel-linux-x86_64-debian-gcc, r-devel-linux-x86_64-fedora-gcc, r-devel-osx-x86_64-clang, r-devel-windows-ix86+x86_64, r-patched-linux-x86_64, r-release-linux-x86_64, r-release-osx-x86_64-mavericks, r-release-windows-ix86+x86_64, r-oldrel-windows-ix86+x86_64

Version: 3.0.0
Check: package dependencies
Result: NOTE
    Packages suggested but not available for checking:
     ‘GLAD’ ‘sfit’ ‘expectile’ ‘HaarSeg’ ‘mpcbs’
Flavor: r-devel-linux-x86_64-fedora-clang

Version: 3.0.0
Check: Rd cross-references
Result: NOTE
    Package unavailable to check Rd xrefs: ‘GLAD’
Flavor: r-devel-linux-x86_64-fedora-clang

Version: 3.0.0
Check: package dependencies
Result: NOTE
    Packages suggested but not available for checking:
     ‘EBImage’ ‘sfit’ ‘expectile’ ‘HaarSeg’ ‘mpcbs’
Flavors: r-patched-solaris-sparc, r-patched-solaris-x86