CRAN Package Check Results for Package aroma.core

Last updated on 2017-06-29 17:49:55.

Flavor Version Tinstall Tcheck Ttotal Status Flags
r-devel-linux-x86_64-debian-clang 3.1.0 6.51 126.13 132.65 NOTE
r-devel-linux-x86_64-debian-gcc 3.1.0 6.00 123.04 129.05 NOTE
r-devel-linux-x86_64-fedora-clang 3.1.0 251.19 NOTE
r-devel-linux-x86_64-fedora-gcc 3.1.0 243.35 NOTE
r-devel-windows-ix86+x86_64 3.1.0 45.00 256.00 301.00 NOTE
r-patched-linux-x86_64 3.1.0 6.15 128.93 135.07 NOTE
r-patched-solaris-sparc 3.1.0 1466.60 NOTE
r-patched-solaris-x86 3.1.0 269.10 NOTE
r-release-linux-x86_64 3.1.0 6.27 123.67 129.94 NOTE
r-release-windows-ix86+x86_64 3.1.0 27.00 260.00 287.00 NOTE
r-release-osx-x86_64 3.1.0 ERROR
r-oldrel-windows-ix86+x86_64 3.1.0 19.00 192.00 211.00 NOTE
r-oldrel-osx-x86_64 3.1.0 NOTE

Check Details

Version: 3.1.0
Check: package dependencies
Result: NOTE
    Packages suggested but not available for checking:
     ‘sfit’ ‘expectile’ ‘HaarSeg’ ‘mpcbs’
Flavors: r-devel-linux-x86_64-debian-clang, r-devel-linux-x86_64-debian-gcc, r-devel-linux-x86_64-fedora-clang, r-devel-linux-x86_64-fedora-gcc, r-devel-windows-ix86+x86_64, r-patched-linux-x86_64, r-release-linux-x86_64, r-release-windows-ix86+x86_64, r-oldrel-windows-ix86+x86_64, r-oldrel-osx-x86_64

Version: 3.1.0
Check: package dependencies
Result: NOTE
    Packages suggested but not available for checking:
     ‘EBImage’ ‘sfit’ ‘expectile’ ‘HaarSeg’ ‘mpcbs’
Flavors: r-patched-solaris-sparc, r-patched-solaris-x86

Version: 3.1.0
Check: package dependencies
Result: ERROR
    Package required but not available: ‘PSCBS’
    
    Packages suggested but not available for checking:
     ‘EBImage’ ‘aroma.light’ ‘GLAD’ ‘sfit’ ‘expectile’ ‘HaarSeg’ ‘mpcbs’
    
    See section ‘The DESCRIPTION file’ in the ‘Writing R Extensions’
    manual.
Flavor: r-release-osx-x86_64