CRAN Package Check Results for Package aroma.core

Last updated on 2017-03-28 23:50:10.

Flavor Version Tinstall Tcheck Ttotal Status Flags
r-devel-linux-x86_64-debian-clang 3.1.0 6.34 125.95 132.29 NOTE
r-devel-linux-x86_64-debian-gcc 3.1.0 6.35 125.63 131.97 NOTE
r-devel-linux-x86_64-fedora-clang 3.1.0 158.19 NOTE --no-stop-on-test-error
r-devel-linux-x86_64-fedora-gcc 3.1.0 142.22 NOTE --no-stop-on-test-error
r-devel-macos-x86_64-clang 3.1.0 195.16 NOTE --no-stop-on-test-error
r-devel-windows-ix86+x86_64 3.1.0 39.00 184.00 223.00 NOTE
r-patched-linux-x86_64 3.1.0 6.31 127.50 133.81 NOTE
r-patched-solaris-sparc 3.1.0 1466.60 NOTE
r-patched-solaris-x86 3.1.0 254.30 NOTE
r-release-linux-x86_64 3.1.0 4.57 93.07 97.63 NOTE
r-release-osx-x86_64-mavericks 3.1.0 NOTE
r-release-windows-ix86+x86_64 3.1.0 22.00 143.00 165.00 NOTE
r-oldrel-windows-ix86+x86_64 3.1.0 18.00 203.00 221.00 NOTE

Check Details

Version: 3.1.0
Check: package dependencies
Result: NOTE
    Packages suggested but not available for checking:
     ‘sfit’ ‘expectile’ ‘HaarSeg’ ‘mpcbs’
Flavors: r-devel-linux-x86_64-debian-clang, r-devel-linux-x86_64-debian-gcc, r-devel-windows-ix86+x86_64, r-patched-linux-x86_64, r-release-linux-x86_64, r-release-osx-x86_64-mavericks, r-release-windows-ix86+x86_64, r-oldrel-windows-ix86+x86_64

Version: 3.1.0
Flags: --no-stop-on-test-error
Check: package dependencies
Result: NOTE
    Packages suggested but not available for checking:
     ‘sfit’ ‘expectile’ ‘HaarSeg’ ‘mpcbs’
Flavors: r-devel-linux-x86_64-fedora-clang, r-devel-linux-x86_64-fedora-gcc, r-devel-macos-x86_64-clang

Version: 3.1.0
Check: package dependencies
Result: NOTE
    Packages suggested but not available for checking:
     ‘EBImage’ ‘sfit’ ‘expectile’ ‘HaarSeg’ ‘mpcbs’
Flavors: r-patched-solaris-sparc, r-patched-solaris-x86