CRAN Package Check Results for Package aroma.core

Last updated on 2017-12-12 00:46:34 CET.

Flavor Version Tinstall Tcheck Ttotal Status Flags
r-devel-linux-x86_64-debian-clang 3.1.1 7.63 183.11 190.74 NOTE
r-devel-linux-x86_64-debian-gcc 3.1.1 7.51 161.32 168.83 NOTE
r-devel-linux-x86_64-fedora-clang 3.1.1 243.94 NOTE
r-devel-linux-x86_64-fedora-gcc 3.1.1 242.23 NOTE
r-devel-windows-ix86+x86_64 3.1.1 28.00 221.00 249.00 NOTE
r-patched-linux-x86_64 3.1.1 8.43 218.28 226.71 NOTE
r-patched-solaris-x86 3.1.1 275.30 NOTE
r-release-linux-x86_64 3.1.1 8.71 212.21 220.92 NOTE
r-release-windows-ix86+x86_64 3.1.1 19.00 206.00 225.00 NOTE
r-release-osx-x86_64 3.1.1 NOTE
r-oldrel-windows-ix86+x86_64 3.1.1 22.00 187.00 209.00 NOTE
r-oldrel-osx-x86_64 3.1.1 NOTE

Check Details

Version: 3.1.1
Check: package dependencies
Result: NOTE
    Packages suggested but not available for checking:
     ‘sfit’ ‘expectile’ ‘HaarSeg’ ‘mpcbs’
Flavors: r-devel-linux-x86_64-debian-clang, r-devel-linux-x86_64-debian-gcc, r-devel-linux-x86_64-fedora-clang, r-devel-linux-x86_64-fedora-gcc, r-devel-windows-ix86+x86_64, r-patched-linux-x86_64, r-patched-solaris-x86, r-release-linux-x86_64, r-release-windows-ix86+x86_64, r-oldrel-windows-ix86+x86_64, r-oldrel-osx-x86_64

Version: 3.1.1
Check: package dependencies
Result: NOTE
    Packages suggested but not available for checking:
     ‘EBImage’ ‘aroma.light’ ‘GLAD’ ‘sfit’ ‘expectile’ ‘HaarSeg’ ‘mpcbs’
Flavor: r-release-osx-x86_64

Version: 3.1.1
Check: Rd cross-references
Result: NOTE
    Packages unavailable to check Rd xrefs: ‘aroma.light’, ‘GLAD’
Flavor: r-release-osx-x86_64