CRAN Package Check Results for Package arrApply

Last updated on 2022-12-05 10:57:08 CET.

Flavor Version Tinstall Tcheck Ttotal Status Flags
r-devel-linux-x86_64-debian-clang 2.1 33.58 29.64 63.22 OK
r-devel-linux-x86_64-debian-gcc 2.1 30.55 23.30 53.85 WARN
r-devel-linux-x86_64-fedora-clang 2.1 108.70 WARN
r-devel-linux-x86_64-fedora-gcc 2.1 97.77 WARN
r-devel-windows-x86_64 2.1 33.00 79.00 112.00 OK
r-patched-linux-x86_64 2.1 33.34 28.05 61.39 OK
r-release-linux-x86_64 2.1 31.74 28.89 60.63 OK
r-release-macos-arm64 2.1 27.00 OK
r-release-macos-x86_64 2.1 39.00 OK
r-release-windows-x86_64 2.1 33.00 77.00 110.00 OK
r-oldrel-macos-arm64 2.1 30.00 OK
r-oldrel-macos-x86_64 2.1 50.00 OK
r-oldrel-windows-ix86+x86_64 2.1 91.00 78.00 169.00 OK

Check Details

Version: 2.1
Check: compiled code
Result: WARN
    File ‘arrApply/libs/arrApply.so’:
     Found ‘__sprintf_chk’, possibly from ‘sprintf’ (C)
     Object: ‘arrApply.o’
    
    Compiled code should not call entry points which might terminate R nor
    write to stdout/stderr instead of to the console, nor use Fortran I/O
    nor system RNGs nor [v]sprintf.
    
    See ‘Writing portable packages’ in the ‘Writing R Extensions’ manual.
Flavors: r-devel-linux-x86_64-debian-gcc, r-devel-linux-x86_64-fedora-gcc

Version: 2.1
Check: compiled code
Result: WARN
    File ‘arrApply/libs/arrApply.so’:
     Found ‘sprintf’, possibly from ‘sprintf’ (C)
     Object: ‘arrApply.o’
    
    Compiled code should not call entry points which might terminate R nor
    write to stdout/stderr instead of to the console, nor use Fortran I/O
    nor system RNGs nor [v]sprintf.
    
    See ‘Writing portable packages’ in the ‘Writing R Extensions’ manual.
Flavor: r-devel-linux-x86_64-fedora-clang