CRAN Package Check Results for Package arrayhelpers

Last updated on 2021-11-28 00:48:40 CET.

Flavor Version Tinstall Tcheck Ttotal Status Flags
r-devel-linux-x86_64-debian-clang 1.1-0 NOTE
r-devel-linux-x86_64-debian-gcc 1.1-0 1.95 23.82 25.77 NOTE
r-devel-linux-x86_64-fedora-clang 1.1-0 51.64 NOTE
r-devel-linux-x86_64-fedora-gcc 1.1-0 39.75 NOTE
r-devel-windows-x86_64-new-UL 1.1-0 10.00 75.00 85.00 NOTE
r-devel-windows-x86_64-new-TK 1.1-0 NOTE
r-devel-windows-x86_64-old 1.1-0 4.00 51.00 55.00 NOTE
r-patched-linux-x86_64 1.1-0 3.24 28.98 32.22 NOTE
r-patched-solaris-x86 1.1-0 65.60 NOTE
r-release-linux-x86_64 1.1-0 NOTE
r-release-macos-arm64 1.1-0 NOTE
r-release-macos-x86_64 1.1-0 NOTE
r-release-windows-ix86+x86_64 1.1-0 7.00 36.00 43.00 NOTE
r-oldrel-macos-x86_64 1.1-0 OK
r-oldrel-windows-ix86+x86_64 1.1-0 5.00 59.00 64.00 OK

Check Details

Version: 1.1-0
Check: LazyData
Result: NOTE
     'LazyData' is specified without a 'data' directory
Flavors: r-devel-linux-x86_64-debian-clang, r-devel-linux-x86_64-debian-gcc, r-devel-linux-x86_64-fedora-clang, r-devel-linux-x86_64-fedora-gcc, r-devel-windows-x86_64-new-UL, r-devel-windows-x86_64-new-TK, r-devel-windows-x86_64-old, r-patched-linux-x86_64, r-patched-solaris-x86, r-release-linux-x86_64, r-release-macos-arm64, r-release-macos-x86_64, r-release-windows-ix86+x86_64