CRAN Package Check Results for Package arrayhelpers

Last updated on 2015-05-25 10:47:04.

Flavor Version Tinstall Tcheck Ttotal Status Flags
r-devel-linux-x86_64-debian-clang 0.76-20120816 0.83 12.57 13.40 NOTE
r-devel-linux-x86_64-debian-gcc 0.76-20120816 0.69 12.21 12.90 NOTE
r-devel-linux-x86_64-fedora-clang 0.76-20120816 25.15 NOTE
r-devel-linux-x86_64-fedora-gcc 0.76-20120816 24.46 NOTE
r-devel-osx-x86_64-clang 0.76-20120816 27.55 NOTE
r-devel-windows-ix86+x86_64 0.76-20120816 3.00 21.00 24.00 NOTE
r-patched-linux-x86_64 0.76-20120816 0.69 12.32 13.02 NOTE
r-patched-solaris-sparc 0.76-20120816 158.20 NOTE
r-patched-solaris-x86 0.76-20120816 35.70 NOTE
r-release-linux-x86_64 0.76-20120816 0.70 12.76 13.46 NOTE
r-release-osx-x86_64-mavericks 0.76-20120816 NOTE
r-release-osx-x86_64-snowleopard 0.76-20120816 NOTE
r-release-windows-ix86+x86_64 0.76-20120816 3.00 21.00 24.00 NOTE
r-oldrel-windows-ix86+x86_64 0.76-20120816 3.00 23.00 26.00 NOTE

Check Details

Version: 0.76-20120816
Check: DESCRIPTION meta-information
Result: NOTE
    Malformed Description field: should contain one or more complete sentences.
Flavors: r-devel-linux-x86_64-debian-clang, r-devel-linux-x86_64-debian-gcc, r-devel-linux-x86_64-fedora-clang, r-devel-linux-x86_64-fedora-gcc, r-devel-osx-x86_64-clang, r-devel-windows-ix86+x86_64, r-patched-linux-x86_64, r-patched-solaris-sparc, r-patched-solaris-x86, r-release-linux-x86_64, r-release-osx-x86_64-mavericks, r-release-osx-x86_64-snowleopard, r-release-windows-ix86+x86_64

Version: 0.76-20120816
Check: dependencies in R code
Result: NOTE
    'library' or 'require' call to ‘svUnit’ in package code.
     Please use :: or requireNamespace() instead.
     See section 'Suggested packages' in the 'Writing R Extensions' manual.
    Package in Depends field not imported from: ‘methods’
     These packages need to be imported from (in the NAMESPACE file)
     for when this namespace is loaded but not attached.
    ':::' calls which should be '::':
     ‘base:::colMeans’ ‘base:::colSums’ ‘base:::rowMeans’ ‘base:::rowSums’
     ‘base:::rowsum’
     See the note in ?`:::` about the use of this operator.
Flavors: r-devel-linux-x86_64-debian-clang, r-devel-linux-x86_64-debian-gcc, r-devel-linux-x86_64-fedora-clang, r-devel-linux-x86_64-fedora-gcc, r-devel-osx-x86_64-clang, r-devel-windows-ix86+x86_64, r-patched-linux-x86_64, r-patched-solaris-sparc, r-patched-solaris-x86, r-release-linux-x86_64, r-release-osx-x86_64-mavericks, r-release-osx-x86_64-snowleopard, r-release-windows-ix86+x86_64, r-oldrel-windows-ix86+x86_64

Version: 0.76-20120816
Check: R code for possible problems
Result: NOTE
    arrayhelpers.unittest: no visible binding for global variable ‘is.test’
    arrayhelpers.unittest: no visible global function definition for
     ‘clearLog’
    arrayhelpers.unittest: no visible global function definition for
     ‘runTest’
    arrayhelpers.unittest: no visible global function definition for
     ‘stats’
    arrayhelpers.unittest: no visible global function definition for ‘Log’
    arrayhelpers.unittest: no visible global function definition for
     ‘errorLog’
    testAsIs: no visible global function definition for ‘checkEquals’
Flavors: r-devel-linux-x86_64-debian-clang, r-devel-linux-x86_64-debian-gcc, r-devel-linux-x86_64-fedora-clang, r-devel-linux-x86_64-fedora-gcc, r-devel-osx-x86_64-clang, r-devel-windows-ix86+x86_64, r-patched-linux-x86_64, r-patched-solaris-sparc, r-patched-solaris-x86, r-release-linux-x86_64, r-release-osx-x86_64-mavericks, r-release-osx-x86_64-snowleopard, r-release-windows-ix86+x86_64, r-oldrel-windows-ix86+x86_64