CRAN Package Check Results for Package arrayhelpers

Last updated on 2014-07-28 20:46:53.

Flavor Version Tinstall Tcheck Ttotal Status Flags
r-devel-linux-x86_64-debian-clang 0.76-20120816 0.76 12.72 13.48 NOTE
r-devel-linux-x86_64-debian-gcc 0.76-20120816 0.74 12.44 13.19 NOTE
r-devel-linux-x86_64-fedora-clang 0.76-20120816 27.33 NOTE
r-devel-linux-x86_64-fedora-gcc 0.76-20120816 26.13 NOTE
r-devel-osx-x86_64-clang 0.76-20120816 28.78 NOTE
r-devel-windows-ix86+x86_64 0.76-20120816 2.00 21.00 23.00 NOTE
r-patched-linux-x86_64 0.76-20120816 0.75 12.97 13.72 NOTE
r-patched-solaris-sparc 0.76-20120816 162.30 NOTE
r-patched-solaris-x86 0.76-20120816 38.70 NOTE
r-release-linux-ix86 0.76-20120816 1.09 19.22 20.31 NOTE
r-release-linux-x86_64 0.76-20120816 0.77 13.12 13.89 NOTE
r-release-osx-x86_64-mavericks 0.76-20120816 NOTE
r-release-windows-ix86+x86_64 0.76-20120816 3.00 22.00 25.00 NOTE
r-oldrel-windows-ix86+x86_64 0.76-20120816 3.00 21.00 24.00 NOTE

Check Details

Version: 0.76-20120816
Check: dependencies in R code
Result: NOTE
    Package in Depends field not imported from: methods
     These packages need to be imported from (in the NAMESPACE file)
     for when this namespace is loaded but not attached.
    ':::' calls which should be '::':
     base:::colMeans base:::colSums base:::rowMeans base:::rowSums
     base:::rowsum
     See the note in ?`:::` about the use of this operator.
    See the information on DESCRIPTION files in the chapter Creating R
    packages of the Writing R Extensions manual.
Flavors: r-devel-linux-x86_64-debian-clang, r-devel-linux-x86_64-debian-gcc, r-devel-linux-x86_64-fedora-clang, r-devel-linux-x86_64-fedora-gcc, r-devel-osx-x86_64-clang, r-devel-windows-ix86+x86_64, r-patched-linux-x86_64, r-patched-solaris-sparc, r-patched-solaris-x86, r-release-linux-ix86, r-release-linux-x86_64, r-release-osx-x86_64-mavericks, r-release-windows-ix86+x86_64, r-oldrel-windows-ix86+x86_64