CRAN Package Check Results for Package arrayhelpers

Last updated on 2014-08-23 13:47:50.

Flavor Version Tinstall Tcheck Ttotal Status Flags
r-devel-linux-x86_64-debian-clang 0.76-20120816 0.75 12.90 13.65 NOTE
r-devel-linux-x86_64-debian-gcc 0.76-20120816 0.74 12.47 13.21 NOTE
r-devel-linux-x86_64-fedora-clang 0.76-20120816 27.30 NOTE
r-devel-linux-x86_64-fedora-gcc 0.76-20120816 26.53 NOTE
r-devel-osx-x86_64-clang 0.76-20120816 28.82 NOTE
r-devel-windows-ix86+x86_64 0.76-20120816 2.00 20.00 22.00 NOTE
r-patched-linux-x86_64 0.76-20120816 0.76 13.40 14.16 NOTE
r-patched-solaris-sparc 0.76-20120816 171.60 NOTE
r-patched-solaris-x86 0.76-20120816 38.20 NOTE
r-release-linux-ix86 0.76-20120816 1.08 18.90 19.98 NOTE
r-release-linux-x86_64 0.76-20120816 0.78 13.68 14.45 NOTE
r-release-osx-x86_64-mavericks 0.76-20120816 NOTE
r-release-windows-ix86+x86_64 0.76-20120816 2.00 28.00 30.00 NOTE
r-oldrel-windows-ix86+x86_64 0.76-20120816 5.00 30.00 35.00 NOTE

Check Details

Version: 0.76-20120816
Check: dependencies in R code
Result: NOTE
    Package in Depends field not imported from: ‘methods’
     These packages need to be imported from (in the NAMESPACE file)
     for when this namespace is loaded but not attached.
    ':::' calls which should be '::':
     ‘base:::colMeans’ ‘base:::colSums’ ‘base:::rowMeans’ ‘base:::rowSums’
     ‘base:::rowsum’
     See the note in ?`:::` about the use of this operator.
    See the information on DESCRIPTION files in the chapter ‘Creating R
    packages’ of the ‘Writing R Extensions’ manual.
Flavors: r-devel-linux-x86_64-debian-clang, r-devel-linux-x86_64-debian-gcc, r-devel-linux-x86_64-fedora-clang, r-devel-linux-x86_64-fedora-gcc, r-devel-osx-x86_64-clang, r-devel-windows-ix86+x86_64, r-patched-linux-x86_64, r-patched-solaris-sparc, r-patched-solaris-x86, r-release-linux-ix86, r-release-linux-x86_64, r-release-osx-x86_64-mavericks, r-release-windows-ix86+x86_64, r-oldrel-windows-ix86+x86_64

Version: 0.76-20120816
Check: R code for possible problems
Result: NOTE
    arrayhelpers.unittest: no visible binding for global variable ‘is.test’
    arrayhelpers.unittest: no visible global function definition for
     ‘clearLog’
    arrayhelpers.unittest: no visible global function definition for
     ‘runTest’
    arrayhelpers.unittest: no visible global function definition for
     ‘stats’
    arrayhelpers.unittest: no visible global function definition for ‘Log’
    arrayhelpers.unittest: no visible global function definition for
     ‘errorLog’
    testAsIs: no visible global function definition for ‘checkEquals’
Flavors: r-devel-linux-x86_64-debian-clang, r-devel-linux-x86_64-debian-gcc, r-devel-linux-x86_64-fedora-clang, r-devel-linux-x86_64-fedora-gcc, r-devel-osx-x86_64-clang