CRAN Package Check Results for Package arrayhelpers

Last updated on 2024-02-28 10:13:56 CET.

Flavor Version Tinstall Tcheck Ttotal Status Flags
r-devel-linux-x86_64-debian-clang 1.1-0 3.56 32.51 36.07 NOTE
r-devel-linux-x86_64-debian-gcc 1.1-0 2.64 25.16 27.80 NOTE
r-devel-linux-x86_64-fedora-clang 1.1-0 44.23 NOTE
r-devel-linux-x86_64-fedora-gcc 1.1-0 43.02 NOTE
r-devel-windows-x86_64 1.1-0 4.00 54.00 58.00 NOTE
r-patched-linux-x86_64 1.1-0 3.26 32.41 35.67 NOTE
r-release-linux-x86_64 1.1-0 3.51 32.33 35.84 NOTE
r-release-macos-arm64 1.1-0 19.00 NOTE
r-release-macos-x86_64 1.1-0 26.00 NOTE
r-release-windows-x86_64 1.1-0 5.00 55.00 60.00 NOTE
r-oldrel-macos-arm64 1.1-0 19.00 NOTE
r-oldrel-windows-x86_64 1.1-0 5.00 56.00 61.00 NOTE

Check Details

Version: 1.1-0
Check: LazyData
Result: NOTE 'LazyData' is specified without a 'data' directory Flavors: r-devel-linux-x86_64-debian-clang, r-devel-linux-x86_64-debian-gcc, r-devel-linux-x86_64-fedora-clang, r-devel-linux-x86_64-fedora-gcc, r-devel-windows-x86_64, r-patched-linux-x86_64, r-release-linux-x86_64, r-release-macos-arm64, r-release-macos-x86_64, r-release-windows-x86_64, r-oldrel-macos-arm64, r-oldrel-windows-x86_64