CRAN Package Check Results for Package arrayhelpers

Last updated on 2014-12-18 05:48:10.

Flavor Version Tinstall Tcheck Ttotal Status Flags
r-devel-linux-x86_64-debian-clang 0.76-20120816 0.73 12.99 13.72 NOTE
r-devel-linux-x86_64-debian-gcc 0.76-20120816 0.72 13.08 13.80 NOTE
r-devel-linux-x86_64-fedora-clang 0.76-20120816 29.98 NOTE
r-devel-linux-x86_64-fedora-gcc 0.76-20120816 26.84 NOTE
r-devel-osx-x86_64-clang 0.76-20120816 29.36 NOTE
r-devel-windows-ix86+x86_64 0.76-20120816 5.00 30.00 35.00 NOTE
r-patched-linux-x86_64 0.76-20120816 0.75 13.55 14.30 NOTE
r-patched-solaris-sparc 0.76-20120816 157.50 NOTE
r-patched-solaris-x86 0.76-20120816 40.10 NOTE
r-release-linux-ix86 0.76-20120816 1.03 18.94 19.96 NOTE
r-release-linux-x86_64 0.76-20120816 0.90 13.19 14.09 NOTE
r-release-osx-x86_64-mavericks 0.76-20120816 NOTE
r-release-windows-ix86+x86_64 0.76-20120816 2.00 21.00 23.00 NOTE
r-oldrel-windows-ix86+x86_64 0.76-20120816 2.00 22.00 24.00 NOTE

Check Details

Version: 0.76-20120816
Check: dependencies in R code
Result: NOTE
    Package in Depends field not imported from: ‘methods’
     These packages need to be imported from (in the NAMESPACE file)
     for when this namespace is loaded but not attached.
    ':::' calls which should be '::':
     ‘base:::colMeans’ ‘base:::colSums’ ‘base:::rowMeans’ ‘base:::rowSums’
     ‘base:::rowsum’
     See the note in ?`:::` about the use of this operator.
    See the information on DESCRIPTION files in the chapter ‘Creating R
    packages’ of the ‘Writing R Extensions’ manual.
Flavors: r-devel-linux-x86_64-debian-clang, r-devel-linux-x86_64-debian-gcc, r-devel-linux-x86_64-fedora-clang, r-devel-linux-x86_64-fedora-gcc, r-devel-osx-x86_64-clang, r-devel-windows-ix86+x86_64, r-patched-linux-x86_64, r-patched-solaris-sparc, r-patched-solaris-x86, r-release-linux-ix86, r-release-linux-x86_64, r-release-osx-x86_64-mavericks, r-release-windows-ix86+x86_64, r-oldrel-windows-ix86+x86_64

Version: 0.76-20120816
Check: R code for possible problems
Result: NOTE
    arrayhelpers.unittest: no visible binding for global variable ‘is.test’
    arrayhelpers.unittest: no visible global function definition for
     ‘clearLog’
    arrayhelpers.unittest: no visible global function definition for
     ‘runTest’
    arrayhelpers.unittest: no visible global function definition for
     ‘stats’
    arrayhelpers.unittest: no visible global function definition for ‘Log’
    arrayhelpers.unittest: no visible global function definition for
     ‘errorLog’
    testAsIs: no visible global function definition for ‘checkEquals’
Flavors: r-devel-linux-x86_64-debian-clang, r-devel-linux-x86_64-debian-gcc, r-devel-linux-x86_64-fedora-clang, r-devel-linux-x86_64-fedora-gcc, r-devel-osx-x86_64-clang, r-devel-windows-ix86+x86_64, r-patched-linux-x86_64, r-patched-solaris-sparc, r-patched-solaris-x86, r-release-linux-ix86, r-release-linux-x86_64, r-release-windows-ix86+x86_64