CRAN Package Check Results for Package arrayhelpers

Last updated on 2015-09-02 05:46:58.

Flavor Version Tinstall Tcheck Ttotal Status Flags
r-devel-linux-x86_64-debian-clang 0.76-20120816 0.70 12.16 12.86 NOTE
r-devel-linux-x86_64-debian-gcc 0.76-20120816 0.70 12.22 12.92 NOTE
r-devel-linux-x86_64-fedora-clang 0.76-20120816 24.38 NOTE
r-devel-linux-x86_64-fedora-gcc 0.76-20120816 23.83 NOTE
r-devel-osx-x86_64-clang 0.76-20120816 22.44 NOTE
r-devel-windows-ix86+x86_64 0.76-20120816 2.00 26.00 28.00 NOTE
r-patched-linux-x86_64 0.76-20120816 0.70 12.29 12.99 NOTE
r-patched-solaris-sparc 0.76-20120816 167.40 NOTE
r-patched-solaris-x86 0.76-20120816 39.20 NOTE
r-release-linux-x86_64 0.76-20120816 0.88 13.30 14.18 NOTE
r-release-osx-x86_64-mavericks 0.76-20120816 NOTE
r-release-windows-ix86+x86_64 0.76-20120816 3.00 31.00 34.00 NOTE
r-oldrel-windows-ix86+x86_64 0.76-20120816 4.00 23.00 27.00 NOTE

Check Details

Version: 0.76-20120816
Check: DESCRIPTION meta-information
Result: NOTE
    Malformed Description field: should contain one or more complete sentences.
Flavors: r-devel-linux-x86_64-debian-clang, r-devel-linux-x86_64-debian-gcc, r-devel-linux-x86_64-fedora-clang, r-devel-linux-x86_64-fedora-gcc, r-devel-osx-x86_64-clang, r-devel-windows-ix86+x86_64, r-patched-linux-x86_64, r-patched-solaris-sparc, r-patched-solaris-x86, r-release-linux-x86_64, r-release-osx-x86_64-mavericks, r-release-windows-ix86+x86_64

Version: 0.76-20120816
Check: dependencies in R code
Result: NOTE
    'library' or 'require' call to ‘svUnit’ in package code.
     Please use :: or requireNamespace() instead.
     See section 'Suggested packages' in the 'Writing R Extensions' manual.
    Package in Depends field not imported from: ‘methods’
     These packages need to be imported from (in the NAMESPACE file)
     for when this namespace is loaded but not attached.
    ':::' calls which should be '::':
     ‘base:::colMeans’ ‘base:::colSums’ ‘base:::rowMeans’ ‘base:::rowSums’
     ‘base:::rowsum’
     See the note in ?`:::` about the use of this operator.
Flavors: r-devel-linux-x86_64-debian-clang, r-devel-linux-x86_64-debian-gcc, r-devel-linux-x86_64-fedora-clang, r-devel-linux-x86_64-fedora-gcc, r-devel-osx-x86_64-clang, r-devel-windows-ix86+x86_64, r-patched-linux-x86_64, r-patched-solaris-sparc, r-patched-solaris-x86, r-release-linux-x86_64, r-release-osx-x86_64-mavericks, r-release-windows-ix86+x86_64, r-oldrel-windows-ix86+x86_64

Version: 0.76-20120816
Check: R code for possible problems
Result: NOTE
    .collapsedimbefore: no visible global function definition for ‘tail’
    arrayhelpers.unittest: no visible binding for global variable ‘is.test’
    arrayhelpers.unittest: no visible global function definition for
     ‘clearLog’
    arrayhelpers.unittest: no visible global function definition for
     ‘runTest’
    arrayhelpers.unittest: no visible global function definition for
     ‘stats’
    arrayhelpers.unittest: no visible global function definition for ‘Log’
    arrayhelpers.unittest: no visible global function definition for
     ‘errorLog’
    countRows: no visible global function definition for ‘tail’
    countRows: no visible global function definition for ‘head’
    testAsIs: no visible global function definition for ‘checkEquals’
    Undefined global functions or variables:
     Log checkEquals clearLog errorLog head is.test runTest stats tail
    Consider adding
     importFrom("utils", "head", "tail")
    to your NAMESPACE.
Flavors: r-devel-linux-x86_64-debian-clang, r-devel-linux-x86_64-debian-gcc, r-devel-linux-x86_64-fedora-clang, r-devel-linux-x86_64-fedora-gcc, r-devel-windows-ix86+x86_64

Version: 0.76-20120816
Check: R code for possible problems
Result: NOTE
    arrayhelpers.unittest: no visible binding for global variable ‘is.test’
    arrayhelpers.unittest: no visible global function definition for
     ‘clearLog’
    arrayhelpers.unittest: no visible global function definition for
     ‘runTest’
    arrayhelpers.unittest: no visible global function definition for
     ‘stats’
    arrayhelpers.unittest: no visible global function definition for ‘Log’
    arrayhelpers.unittest: no visible global function definition for
     ‘errorLog’
    testAsIs: no visible global function definition for ‘checkEquals’
    Undefined global functions or variables:
     Log checkEquals clearLog errorLog is.test runTest stats
Flavor: r-devel-osx-x86_64-clang

Version: 0.76-20120816
Check: R code for possible problems
Result: NOTE
    arrayhelpers.unittest: no visible binding for global variable ‘is.test’
    arrayhelpers.unittest: no visible global function definition for
     ‘clearLog’
    arrayhelpers.unittest: no visible global function definition for
     ‘runTest’
    arrayhelpers.unittest: no visible global function definition for
     ‘stats’
    arrayhelpers.unittest: no visible global function definition for ‘Log’
    arrayhelpers.unittest: no visible global function definition for
     ‘errorLog’
    testAsIs: no visible global function definition for ‘checkEquals’
Flavors: r-patched-linux-x86_64, r-patched-solaris-sparc, r-patched-solaris-x86, r-release-linux-x86_64, r-release-osx-x86_64-mavericks, r-release-windows-ix86+x86_64, r-oldrel-windows-ix86+x86_64