CRAN Package Check Results for Package arrayhelpers

Last updated on 2022-06-28 11:49:37 CEST.

Flavor Version Tinstall Tcheck Ttotal Status Flags
r-devel-linux-x86_64-debian-clang 1.1-0 2.04 31.64 33.68 NOTE
r-devel-linux-x86_64-debian-gcc 1.1-0 2.62 24.61 27.23 NOTE
r-devel-linux-x86_64-fedora-clang 1.1-0 52.89 NOTE
r-devel-linux-x86_64-fedora-gcc 1.1-0 51.74 NOTE
r-devel-windows-x86_64 1.1-0 33.00 62.00 95.00 NOTE
r-patched-linux-x86_64 1.1-0 3.75 31.22 34.97 NOTE
r-release-linux-x86_64 1.1-0 3.16 31.19 34.35 NOTE
r-release-macos-arm64 1.1-0 21.00 NOTE
r-release-macos-x86_64 1.1-0 26.00 NOTE
r-release-windows-x86_64 1.1-0 56.00 64.00 120.00 NOTE
r-oldrel-macos-arm64 1.1-0 23.00 NOTE
r-oldrel-macos-x86_64 1.1-0 36.00 NOTE
r-oldrel-windows-ix86+x86_64 1.1-0 8.00 53.00 61.00 NOTE

Check Details

Version: 1.1-0
Check: LazyData
Result: NOTE
     'LazyData' is specified without a 'data' directory
Flavors: r-devel-linux-x86_64-debian-clang, r-devel-linux-x86_64-debian-gcc, r-devel-linux-x86_64-fedora-clang, r-devel-linux-x86_64-fedora-gcc, r-devel-windows-x86_64, r-patched-linux-x86_64, r-release-linux-x86_64, r-release-macos-arm64, r-release-macos-x86_64, r-release-windows-x86_64, r-oldrel-macos-arm64, r-oldrel-macos-x86_64, r-oldrel-windows-ix86+x86_64