CRAN Package Check Results for Package arules

Last updated on 2016-02-12 23:47:50.

Flavor Version Tinstall Tcheck Ttotal Status Flags
r-devel-linux-x86_64-debian-gcc 1.3-1 9.08 76.36 85.44 OK
r-devel-linux-x86_64-fedora-clang 1.3-1 169.49 OK
r-devel-linux-x86_64-fedora-gcc 1.3-1 164.94 OK
r-devel-osx-x86_64-clang 1.3-1 176.23 OK
r-devel-windows-ix86+x86_64 1.3-1 55.00 170.00 225.00 OK
r-patched-linux-x86_64 1.3-1 9.71 88.28 97.99 OK
r-patched-solaris-sparc 1.3-1 1129.10 OK
r-patched-solaris-x86 1.3-1 236.50 OK
r-release-linux-x86_64 1.3-1 9.64 87.59 97.23 OK
r-release-osx-x86_64-mavericks 1.3-1 OK
r-release-windows-ix86+x86_64 1.3-1 44.00 187.00 231.00 OK
r-oldrel-windows-ix86+x86_64 1.3-0 37.00 186.00 223.00 ERROR

Check Details

Version: 1.3-0
Check: running tests for arch ‘i386’
Result: ERROR
    Running the tests in 'tests/testthat.R' failed.
    Last 13 lines of output:
    
    
     Attaching package: 'arules'
    
     The following objects are masked from 'package:base':
    
     %in%, abbreviate, write
    
     > test_check("arules")
     Error in rbind(x[1, , drop = FALSE], Matrix(0, ncol = 5, sparse = TRUE), :
     no method for coercing this S4 class to a vector
     Calls: test_check ... expect_that -> condition -> identical -> as -> .class1 -> rbind
     Execution halted
Flavor: r-oldrel-windows-ix86+x86_64

Version: 1.3-0
Check: running tests for arch ‘x64’
Result: ERROR
    Running the tests in 'tests/testthat.R' failed.
    Last 13 lines of output:
    
    
     Attaching package: 'arules'
    
     The following objects are masked from 'package:base':
    
     %in%, abbreviate, write
    
     > test_check("arules")
     Error in rbind(x[1, , drop = FALSE], Matrix(0, ncol = 5, sparse = TRUE), :
     no method for coercing this S4 class to a vector
     Calls: test_check ... expect_that -> condition -> identical -> as -> .class1 -> rbind
     Execution halted
Flavor: r-oldrel-windows-ix86+x86_64