CRAN Package Check Results for Package arules

Last updated on 2017-07-26 02:47:40.

Flavor Version Tinstall Tcheck Ttotal Status Flags
r-devel-linux-x86_64-debian-clang 1.5-2 9.31 97.73 107.03 OK
r-devel-linux-x86_64-debian-gcc 1.5-2 9.39 95.67 105.06 OK
r-devel-linux-x86_64-fedora-clang 1.5-2 201.21 OK
r-devel-linux-x86_64-fedora-gcc 1.5-2 196.60 OK
r-devel-windows-ix86+x86_64 1.5-2 46.00 259.00 305.00 OK
r-patched-linux-x86_64 1.5-2 9.48 97.59 107.06 OK
r-patched-solaris-x86 1.5-2 265.40 OK
r-release-linux-x86_64 1.5-2 9.65 99.59 109.24 OK
r-release-windows-ix86+x86_64 1.5-2 39.00 272.00 311.00 OK
r-release-osx-x86_64 1.5-2 NOTE
r-oldrel-windows-ix86+x86_64 1.5-2 34.00 203.00 237.00 OK
r-oldrel-osx-x86_64 1.5-2 OK

Additional issues

rchk

Check Details

Version: 1.5-2
Check: re-building of vignette outputs
Result: NOTE
    Error in re-building vignettes:
     ...
    
    Attaching package: ‘arules’
    
    The following objects are masked from ‘package:base’:
    
     abbreviate, write
    
    Warning in apriori(Adult, parameter = list(support = 0.01, confidence = 0.6)) :
     Mining stopped (maxlen reached). Only patterns up to a length of 10 returned!
    Error in texi2dvi(file = file, pdf = TRUE, clean = clean, quiet = quiet, :
     Running 'texi2dvi' on 'arules.tex' failed.
    LaTeX errors:
    ! LaTeX Error: File `multirow.sty' not found.
    
    Type X to quit or <RETURN> to proceed,
    or enter new name. (Default extension: sty)
    
    ! Emergency stop.
    <read *>
    
    l.17 ^^M
    
    ! ==> Fatal error occurred, no output PDF file produced!
    Calls: buildVignettes -> texi2pdf -> texi2dvi
    Execution halted
Flavor: r-release-osx-x86_64