CRAN Package Check Results for Package arules

Last updated on 2017-02-27 11:48:11.

Flavor Version Tinstall Tcheck Ttotal Status Flags
r-devel-linux-x86_64-debian-clang 1.5-0 8.76 85.84 94.59 NOTE
r-devel-linux-x86_64-debian-gcc 1.5-0 9.53 84.32 93.85 NOTE
r-devel-linux-x86_64-fedora-clang 1.5-0 194.40 NOTE --no-stop-on-test-error
r-devel-linux-x86_64-fedora-gcc 1.5-0 191.38 NOTE --no-stop-on-test-error
r-devel-macos-x86_64-clang 1.5-0 148.46 NOTE --no-stop-on-test-error
r-devel-windows-ix86+x86_64 1.5-0 34.00 388.00 422.00 OK
r-patched-linux-x86_64 1.5-0 8.70 76.92 85.62 OK
r-patched-solaris-sparc 1.5-0 1016.00 OK
r-patched-solaris-x86 1.5-0 198.20 OK
r-release-linux-x86_64 1.5-0 8.59 76.31 84.90 OK
r-release-osx-x86_64-mavericks 1.5-0 OK
r-release-windows-ix86+x86_64 1.5-0 65.00 297.00 362.00 OK
r-oldrel-windows-ix86+x86_64 1.5-0 46.00 257.00 303.00 OK

Check Details

Version: 1.5-0
Check: compiled code
Result: NOTE
    File ‘arules/libs/arules.so’:
     Found no calls to: ‘R_registerRoutines’, ‘R_useDynamicSymbols’
    
    It is good practice to register native routines and to disable symbol
    search.
    
    See ‘Writing portable packages’ in the ‘Writing R Extensions’ manual.
Flavors: r-devel-linux-x86_64-debian-clang, r-devel-linux-x86_64-debian-gcc

Version: 1.5-0
Flags: --no-stop-on-test-error
Check: compiled code
Result: NOTE
    File ‘arules/libs/arules.so’:
     Found no calls to: ‘R_registerRoutines’, ‘R_useDynamicSymbols’
    
    It is good practice to register native routines and to disable symbol
    search.
    
    See ‘Writing portable packages’ in the ‘Writing R Extensions’ manual.
Flavors: r-devel-linux-x86_64-fedora-clang, r-devel-linux-x86_64-fedora-gcc, r-devel-macos-x86_64-clang