CRAN Package Check Results for Package arules

Last updated on 2015-04-21 03:49:20.

Flavor Version Tinstall Tcheck Ttotal Status Flags
r-devel-linux-x86_64-debian-clang 1.1-6 7.47 96.00 103.46 OK
r-devel-linux-x86_64-debian-gcc 1.1-6 8.51 93.83 102.34 OK
r-devel-linux-x86_64-fedora-clang 1.1-6 210.97 OK
r-devel-linux-x86_64-fedora-gcc 1.1-6 203.46 OK
r-devel-osx-x86_64-clang 1.1-6 188.49 OK
r-devel-windows-ix86+x86_64 1.1-6 52.00 273.00 325.00 OK
r-patched-linux-x86_64 1.1-6 8.56 93.40 101.96 OK
r-patched-solaris-sparc 1.1-6 1232.20 OK
r-patched-solaris-x86 1.1-6 264.40 OK
r-release-linux-x86_64 1.1-6 8.68 101.16 109.84 OK
r-release-osx-x86_64-mavericks 1.1-6 NOTE
r-release-osx-x86_64-snowleopard 1.1-6 ERROR
r-release-windows-ix86+x86_64 1.1-6 28.00 196.00 224.00 OK
r-oldrel-windows-ix86+x86_64 1.1-6 30.00 212.00 242.00 OK

Check Details

Version: 1.1-6
Check: package dependencies
Result: NOTE
    Package suggested but not available for checking: ‘arulesViz’
Flavor: r-release-osx-x86_64-mavericks

Version: 1.1-6
Check: package dependencies
Result: NOTE
    Packages suggested but not available for checking: ‘pmml’ ‘XML’ ‘arulesViz’
Flavor: r-release-osx-x86_64-snowleopard

Version: 1.1-6
Check: Rd cross-references
Result: NOTE
    Package unavailable to check Rd xrefs: ‘pmml’
Flavor: r-release-osx-x86_64-snowleopard

Version: 1.1-6
Check: examples
Result: ERROR
    Running examples in ‘arules-Ex.R’ failed
    The error most likely occurred in:
    
    > ### Name: read.PMML
    > ### Title: Read and Write PMML
    > ### Aliases: read.PMML write.PMML
    > ### Keywords: interface
    >
    > ### ** Examples
    >
    > data("Groceries")
    >
    > rules <- apriori(Groceries, parameter=list(support=0.001))
    
    Parameter specification:
     confidence minval smax arem aval originalSupport support minlen maxlen target
     0.8 0.1 1 none FALSE TRUE 0.001 1 10 rules
     ext
     FALSE
    
    Algorithmic control:
     filter tree heap memopt load sort verbose
     0.1 TRUE TRUE FALSE TRUE 2 TRUE
    
    apriori - find association rules with the apriori algorithm
    version 4.21 (2004.05.09) (c) 1996-2004 Christian Borgelt
    set item appearances ...[0 item(s)] done [0.00s].
    set transactions ...[169 item(s), 9835 transaction(s)] done [0.00s].
    sorting and recoding items ... [157 item(s)] done [0.00s].
    creating transaction tree ... done [0.00s].
    checking subsets of size 1 2 3 4 5 6 done [0.02s].
    writing ... [410 rule(s)] done [0.00s].
    creating S4 object ... done [0.00s].
    > rules <- head(sort(rules, by="lift"))
    > rules
    set of 6 rules
    >
    > ### save rules as PMML
    > write.PMML(rules, file = "rules.xml")
    Error in write.PMML(rules, file = "rules.xml") :
     Package 'pmml' needs to be installed!
    Execution halted
Flavor: r-release-osx-x86_64-snowleopard