CRAN Package Check Results for Package arules

Last updated on 2015-05-22 17:46:30.

Flavor Version Tinstall Tcheck Ttotal Status Flags
r-devel-linux-x86_64-debian-clang 1.1-6 7.49 94.50 102.00 OK
r-devel-linux-x86_64-debian-gcc 1.1-6 8.72 91.18 99.90 OK
r-devel-linux-x86_64-fedora-clang 1.1-6 208.06 OK
r-devel-linux-x86_64-fedora-gcc 1.1-6 203.75 OK
r-devel-osx-x86_64-clang 1.1-6 183.20 OK
r-devel-windows-ix86+x86_64 1.1-6 48.00 195.00 243.00 OK
r-patched-linux-x86_64 1.1-6 8.74 97.30 106.05 OK
r-patched-solaris-sparc 1.1-6 1232.20 OK
r-patched-solaris-x86 1.1-6 268.80 OK
r-release-linux-x86_64 1.1-6 8.69 92.70 101.39 OK
r-release-osx-x86_64-mavericks 1.1-6 OK
r-release-osx-x86_64-snowleopard 1.1-6 ERROR
r-release-windows-ix86+x86_64 1.1-6 35.00 204.00 239.00 OK
r-oldrel-windows-ix86+x86_64 1.1-6 35.00 210.00 245.00 OK

Check Details

Version: 1.1-6
Check: package dependencies
Result: NOTE
    Packages suggested but not available for checking: ‘pmml’ ‘XML’ ‘arulesViz’
Flavor: r-release-osx-x86_64-snowleopard

Version: 1.1-6
Check: Rd cross-references
Result: NOTE
    Package unavailable to check Rd xrefs: ‘pmml’
Flavor: r-release-osx-x86_64-snowleopard

Version: 1.1-6
Check: examples
Result: ERROR
    Running examples in ‘arules-Ex.R’ failed
    The error most likely occurred in:
    
    > ### Name: read.PMML
    > ### Title: Read and Write PMML
    > ### Aliases: read.PMML write.PMML
    > ### Keywords: interface
    >
    > ### ** Examples
    >
    > data("Groceries")
    >
    > rules <- apriori(Groceries, parameter=list(support=0.001))
    
    Parameter specification:
     confidence minval smax arem aval originalSupport support minlen maxlen target
     0.8 0.1 1 none FALSE TRUE 0.001 1 10 rules
     ext
     FALSE
    
    Algorithmic control:
     filter tree heap memopt load sort verbose
     0.1 TRUE TRUE FALSE TRUE 2 TRUE
    
    apriori - find association rules with the apriori algorithm
    version 4.21 (2004.05.09) (c) 1996-2004 Christian Borgelt
    set item appearances ...[0 item(s)] done [0.00s].
    set transactions ...[169 item(s), 9835 transaction(s)] done [0.00s].
    sorting and recoding items ... [157 item(s)] done [0.00s].
    creating transaction tree ... done [0.00s].
    checking subsets of size 1 2 3 4 5 6 done [0.02s].
    writing ... [410 rule(s)] done [0.00s].
    creating S4 object ... done [0.00s].
    > rules <- head(sort(rules, by="lift"))
    > rules
    set of 6 rules
    >
    > ### save rules as PMML
    > write.PMML(rules, file = "rules.xml")
    Error in write.PMML(rules, file = "rules.xml") :
     Package 'pmml' needs to be installed!
    Execution halted
Flavor: r-release-osx-x86_64-snowleopard