CRAN Package Check Results for Package arules

Last updated on 2014-04-17 20:47:31.

Flavor Version Tinstall Tcheck Ttotal Status Flags
r-devel-linux-x86_64-debian-clang 1.1-2 8.62 116.77 125.40 OK
r-devel-linux-x86_64-debian-gcc 1.1-2 9.72 115.30 125.02 OK
r-devel-linux-x86_64-fedora-clang 1.1-2 283.16 OK
r-devel-linux-x86_64-fedora-gcc 1.1-2 272.40 OK
r-devel-macosx-x86_64-clang 1.1-2 219.45 OK
r-devel-macosx-x86_64-gcc 1.1-2 ERROR
r-devel-windows-ix86+x86_64 1.1-2 33.00 236.00 269.00 OK
r-patched-linux-x86_64 1.1-2 10.04 114.92 124.96 OK
r-patched-solaris-sparc 1.1-2 1527.50 OK
r-patched-solaris-x86 1.1-2 343.50 OK
r-release-linux-ix86 1.1-2 23.00 174.00 197.00 OK
r-release-linux-x86_64 1.1-2 10.08 114.19 124.27 OK
r-release-macosx-x86_64 1.1-2 OK
r-release-windows-ix86+x86_64 1.1-2 34.00 230.00 264.00 OK
r-oldrel-windows-ix86+x86_64 1.1-2 32.00 235.00 267.00 OK

Check Details

Version: 1.1-2
Check: package dependencies
Result: NOTE
    Packages suggested but not available for checking: ‘pmml’ ‘arulesViz’
Flavor: r-devel-macosx-x86_64-gcc

Version: 1.1-2
Check: R code for possible problems
Result: NOTE
    .read.PMML.arules: no visible binding for global variable ‘xmlAttrs’
    .read.PMML.arules : <anonymous>: no visible global function definition
     for ‘xmlChildren’
    .read.PMML.arules : <anonymous>: no visible binding for global variable
     ‘xmlAttrs’
    .read.PMML.arules : <anonymous>: no visible global function definition
     for ‘xmlAttrs’
    .read.PMML.arules: no visible global function definition for ‘xmlAttrs’
    read.PMML: no visible global function definition for ‘xmlRoot’
    read.PMML: no visible global function definition for ‘xmlTreeParse’
    write.PMML: no visible global function definition for ‘saveXML’
    write.PMML: no visible global function definition for ‘pmml’
Flavor: r-devel-macosx-x86_64-gcc

Version: 1.1-2
Check: Rd cross-references
Result: NOTE
    Package unavailable to check Rd xrefs: ‘pmml’
Flavor: r-devel-macosx-x86_64-gcc

Version: 1.1-2
Check: examples
Result: ERROR
    Running examples in ‘arules-Ex.R’ failed
    The error most likely occurred in:
    
    > ### Name: read.PMML
    > ### Title: Read and Write PMML
    > ### Aliases: read.PMML write.PMML
    > ### Keywords: interface
    >
    > ### ** Examples
    >
    > library("arules")
    > data("Groceries")
    >
    > rules <- apriori(Groceries, parameter=list(support=0.001))
    
    parameter specification:
     confidence minval smax arem aval originalSupport support minlen maxlen target
     0.8 0.1 1 none FALSE TRUE 0.001 1 10 rules
     ext
     FALSE
    
    algorithmic control:
     filter tree heap memopt load sort verbose
     0.1 TRUE TRUE FALSE TRUE 2 TRUE
    
    apriori - find association rules with the apriori algorithm
    version 4.21 (2004.05.09) (c) 1996-2004 Christian Borgelt
    set item appearances ...[0 item(s)] done [0.00s].
    set transactions ...[169 item(s), 9835 transaction(s)] done [0.00s].
    sorting and recoding items ... [157 item(s)] done [0.00s].
    creating transaction tree ... done [0.00s].
    checking subsets of size 1 2 3 4 5 6 done [0.02s].
    writing ... [410 rule(s)] done [0.00s].
    creating S4 object ... done [0.00s].
    > rules <- head(sort(rules, by="lift"))
    > rules
    set of 6 rules
    >
    > ### save rules as PMML
    > write.PMML(rules, file = "rules.xml")
    Loading required package: pmml
    Warning in library(package, lib.loc = lib.loc, character.only = TRUE, logical.return = TRUE, :
     there is no package called ‘pmml’
    Error in write.PMML(rules, file = "rules.xml") :
     Package 'pmml' not installed!
    Execution halted
Flavor: r-devel-macosx-x86_64-gcc