CRAN Package Check Results for Package arules

Last updated on 2014-08-22 00:46:41.

Flavor Version Tinstall Tcheck Ttotal Status Flags
r-devel-linux-x86_64-debian-clang 1.1-5 7.92 108.97 116.89 OK
r-devel-linux-x86_64-debian-gcc 1.1-5 9.54 107.94 117.49 OK
r-devel-linux-x86_64-fedora-clang 1.1-5 280.37 OK
r-devel-linux-x86_64-fedora-gcc 1.1-5 271.51 OK
r-devel-osx-x86_64-clang 1.1-5 217.07 OK
r-devel-windows-ix86+x86_64 1.1-5 32.00 212.00 244.00 OK
r-patched-linux-x86_64 1.1-5 9.81 110.04 119.84 OK
r-patched-solaris-sparc 1.1-5 1387.50 OK
r-patched-solaris-x86 1.1-5 290.90 OK
r-release-linux-ix86 1.1-4 12.22 134.36 146.58 OK
r-release-linux-x86_64 1.1-5 9.87 114.00 123.87 OK
r-release-osx-x86_64-mavericks 1.1-5 NOTE
r-release-osx-x86_64-snowleopard 1.1-4 OK
r-release-windows-ix86+x86_64 1.1-5 32.00 215.00 247.00 OK
r-oldrel-windows-ix86+x86_64 1.1-5 32.00 228.00 260.00 OK

Check Details

Version: 1.1-5
Check: re-building of vignette outputs
Result: NOTE
    Error in re-building vignettes:
     ...
    Loading required package: Matrix
    
    Attaching package: ‘arules’
    
    The following objects are masked from ‘package:base’:
    
     %in%, write
    
    Error in texi2dvi(file = file, pdf = TRUE, clean = clean, quiet = quiet, :
     Running 'texi2dvi' on 'arules.tex' failed.
    LaTeX errors:
    ! LaTeX Error: File `multirow.sty' not found.
    
    Type X to quit or <RETURN> to proceed,
    or enter new name. (Default extension: sty)
    
    test/arules/vignettes/arules.tex:17: ==> Fatal error occurred, no output PDF f
    ile produced!
    Calls: buildVignettes -> texi2pdf -> texi2dvi
    Execution halted
Flavor: r-release-osx-x86_64-mavericks