CRAN Package Check Results for Package arules

Last updated on 2015-06-30 11:48:08.

Flavor Version Tinstall Tcheck Ttotal Status Flags
r-devel-linux-x86_64-debian-clang 1.1-6 7.18 93.91 101.09 NOTE
r-devel-linux-x86_64-debian-gcc 1.1-6 8.39 90.54 98.92 NOTE
r-devel-linux-x86_64-fedora-clang 1.1-6 206.09 OK
r-devel-linux-x86_64-fedora-gcc 1.1-6 197.24 OK
r-devel-osx-x86_64-clang 1.1-6 183.69 OK
r-devel-windows-ix86+x86_64 1.1-6 53.00 202.00 255.00 NOTE
r-patched-linux-x86_64 1.1-6 8.56 93.25 101.81 OK
r-patched-solaris-sparc 1.1-6 1217.20 OK
r-patched-solaris-x86 1.1-6 266.30 OK
r-release-linux-x86_64 1.1-6 8.62 91.98 100.60 OK
r-release-osx-x86_64-mavericks 1.1-6 OK
r-release-windows-ix86+x86_64 1.1-6 51.00 206.00 257.00 OK
r-oldrel-windows-ix86+x86_64 1.1-6 39.00 238.00 277.00 OK

Check Details

Version: 1.1-6
Check: R code for possible problems
Result: NOTE
    .barplot_horiz: no visible global function definition for ‘par’
    .barplot_horiz: no visible global function definition for ‘strwidth’
    .barplot_horiz: no visible global function definition for ‘barplot’
    .barplot_vert: no visible global function definition for ‘par’
    .barplot_vert: no visible global function definition for ‘strwidth’
    .barplot_vert: no visible global function definition for ‘barplot’
    .barplot_vert: no visible global function definition for ‘text’
    .barplot_vert: no visible global function definition for ‘mtext’
    .basicRuleMeasure: no visible global function definition for ‘pchisq’
    .cut2: no visible global function definition for ‘approx’
    .hyperConfidence: no visible global function definition for ‘phyper’
    .hyperLift: no visible global function definition for ‘qhyper’
    .installed: no visible global function definition for
     ‘installed.packages’
    .random.transactions_agrawal: no visible global function definition for
     ‘rpois’
    .random.transactions_agrawal: no visible global function definition for
     ‘rgeom’
    .random.transactions_agrawal: no visible global function definition for
     ‘runif’
    .random.transactions_dependent : corrPattern: no visible global
     function definition for ‘rgeom’
    .random.transactions_independent: no visible global function definition
     for ‘runif’
    discretize: no visible global function definition for ‘kmeans’
    discretize: no visible global function definition for ‘na.omit’
    discretize: no visible global function definition for ‘head’
    random.patterns: no visible global function definition for ‘rexp’
    random.patterns: no visible global function definition for ‘rpois’
    random.patterns: no visible global function definition for ‘rnorm’
Flavors: r-devel-linux-x86_64-debian-clang, r-devel-linux-x86_64-debian-gcc, r-devel-windows-ix86+x86_64