CRAN Package Check Results for Package arules

Last updated on 2016-04-30 06:47:19.

Flavor Version Tinstall Tcheck Ttotal Status Flags
r-devel-linux-x86_64-debian-gcc 1.4-1 9.37 80.31 89.68 OK
r-devel-linux-x86_64-fedora-clang 1.4-1 169.78 OK
r-devel-linux-x86_64-fedora-gcc 1.4-1 164.76 OK
r-devel-osx-x86_64-clang 1.4-1 178.71 OK
r-devel-windows-ix86+x86_64 1.4-1 30.00 192.00 222.00 OK
r-patched-linux-x86_64 1.4-1 9.42 77.82 87.24 OK
r-patched-solaris-sparc 1.4-1 1006.50 OK
r-patched-solaris-x86 1.4-1 210.50 OK
r-release-linux-x86_64 1.4-1 10.09 89.02 99.11 OK
r-release-osx-x86_64-mavericks 1.4-1 OK
r-release-windows-ix86+x86_64 1.4-1 37.00 195.00 232.00 OK
r-oldrel-windows-ix86+x86_64 1.3-0 37.00 186.00 223.00 ERROR

Check Details

Version: 1.3-0
Check: running tests for arch ‘i386’
Result: ERROR
    Running the tests in 'tests/testthat.R' failed.
    Last 13 lines of output:
    
    
     Attaching package: 'arules'
    
     The following objects are masked from 'package:base':
    
     %in%, abbreviate, write
    
     > test_check("arules")
     Error in rbind(x[1, , drop = FALSE], Matrix(0, ncol = 5, sparse = TRUE), :
     no method for coercing this S4 class to a vector
     Calls: test_check ... expect_that -> condition -> identical -> as -> .class1 -> rbind
     Execution halted
Flavor: r-oldrel-windows-ix86+x86_64

Version: 1.3-0
Check: running tests for arch ‘x64’
Result: ERROR
    Running the tests in 'tests/testthat.R' failed.
    Last 13 lines of output:
    
    
     Attaching package: 'arules'
    
     The following objects are masked from 'package:base':
    
     %in%, abbreviate, write
    
     > test_check("arules")
     Error in rbind(x[1, , drop = FALSE], Matrix(0, ncol = 5, sparse = TRUE), :
     no method for coercing this S4 class to a vector
     Calls: test_check ... expect_that -> condition -> identical -> as -> .class1 -> rbind
     Execution halted
Flavor: r-oldrel-windows-ix86+x86_64