CRAN Package Check Results for Package arules

Last updated on 2014-11-20 19:48:14.

Flavor Version Tinstall Tcheck Ttotal Status Flags
r-devel-linux-x86_64-debian-clang 1.1-5 8.12 108.03 116.14 OK
r-devel-linux-x86_64-debian-gcc 1.1-5 10.79 105.93 116.72 OK
r-devel-linux-x86_64-fedora-clang 1.1-5 272.87 OK
r-devel-linux-x86_64-fedora-gcc 1.1-5 264.58 OK
r-devel-osx-x86_64-clang 1.1-5 222.64 OK
r-devel-windows-ix86+x86_64 1.1-5 31.00 221.00 252.00 OK
r-patched-linux-x86_64 1.1-5 9.78 111.60 121.38 OK
r-patched-solaris-sparc 1.1-5 1387.50 OK
r-patched-solaris-x86 1.1-5 348.20 OK
r-release-linux-ix86 1.1-5 11.70 130.11 141.81 OK
r-release-linux-x86_64 1.1-5 9.81 113.20 123.00 OK
r-release-osx-x86_64-mavericks 1.1-5 NOTE
r-release-osx-x86_64-snowleopard 1.1-5 OK
r-release-windows-ix86+x86_64 1.1-5 43.00 224.00 267.00 OK
r-oldrel-windows-ix86+x86_64 1.1-5 31.00 230.00 261.00 OK

Check Details

Version: 1.1-5
Check: re-building of vignette outputs
Result: NOTE
    Error in re-building vignettes:
     ...
    Loading required package: Matrix
    
    Attaching package: ‘arules’
    
    The following objects are masked from ‘package:base’:
    
     %in%, write
    
    Error in texi2dvi(file = file, pdf = TRUE, clean = clean, quiet = quiet, :
     Running 'texi2dvi' on 'arules.tex' failed.
    LaTeX errors:
    ! LaTeX Error: File `multirow.sty' not found.
    
    Type X to quit or <RETURN> to proceed,
    or enter new name. (Default extension: sty)
    
    test/arules/vignettes/arules.tex:17: ==> Fatal error occurred, no output PDF f
    ile produced!
    Calls: buildVignettes -> texi2pdf -> texi2dvi
    Execution halted
Flavor: r-release-osx-x86_64-mavericks