CRAN Package Check Results for Package arules

Last updated on 2014-07-24 03:48:45.

Flavor Version Tinstall Tcheck Ttotal Status Flags
r-devel-linux-x86_64-debian-clang 1.1-3 8.18 109.97 118.15 OK
r-devel-linux-x86_64-debian-gcc 1.1-3 9.72 108.69 118.40 OK
r-devel-linux-x86_64-fedora-clang 1.1-3 284.80 OK
r-devel-linux-x86_64-fedora-gcc 1.1-3 274.65 OK
r-devel-osx-x86_64-clang 1.1-3 218.38 OK
r-devel-windows-ix86+x86_64 1.1-3 36.00 216.00 252.00 OK
r-patched-linux-x86_64 1.1-3 9.67 112.46 122.13 OK
r-patched-solaris-sparc 1.1-3 1419.90 OK
r-patched-solaris-x86 1.1-3 349.80 OK
r-release-linux-ix86 1.1-3 12.29 136.92 149.22 OK
r-release-linux-x86_64 1.1-3 9.93 110.94 120.87 OK
r-release-osx-x86_64-mavericks 1.1-3 NOTE
r-release-osx-x86_64-snowleopard 1.1-3 OK
r-release-windows-ix86+x86_64 1.1-3 32.00 236.00 268.00 OK
r-oldrel-windows-ix86+x86_64 1.1-3 34.00 233.00 267.00 OK

Check Details

Version: 1.1-3
Check: re-building of vignette outputs
Result: NOTE
    Error in re-building vignettes:
     ...
    Loading required package: Matrix
    
    Attaching package: ‘arules’
    
    The following objects are masked from ‘package:base’:
    
     %in%, write
    
    Error in texi2dvi(file = file, pdf = TRUE, clean = clean, quiet = quiet, :
     Running 'texi2dvi' on 'arules.tex' failed.
    LaTeX errors:
    ! LaTeX Error: File `multirow.sty' not found.
    
    Type X to quit or <RETURN> to proceed,
    or enter new name. (Default extension: sty)
    
    test/arules/vignettes/arules.tex:17: ==> Fatal error occurred, no output PDF f
    ile produced!
    Calls: buildVignettes -> texi2pdf -> texi2dvi
    Execution halted
Flavor: r-release-osx-x86_64-mavericks