CRAN Package Check Results for Package arules

Last updated on 2017-11-20 23:49:16 CET.

Flavor Version Tinstall Tcheck Ttotal Status Flags
r-devel-linux-x86_64-debian-clang 1.5-4 8.56 80.05 88.61 OK
r-devel-linux-x86_64-debian-gcc 1.5-4 11.76 195.22 206.98 OK
r-devel-linux-x86_64-fedora-clang 1.5-4 154.27 OK
r-devel-linux-x86_64-fedora-gcc 1.5-4 214.67 OK
r-devel-windows-ix86+x86_64 1.5-4 48.00 204.00 252.00 OK
r-patched-linux-x86_64 1.5-4 9.48 88.04 97.52 OK
r-patched-solaris-x86 1.5-4 261.70 OK
r-release-linux-x86_64 1.5-4 10.00 88.26 98.26 OK
r-release-windows-ix86+x86_64 1.5-4 38.00 220.00 258.00 OK
r-release-osx-x86_64 1.5-4 NOTE
r-oldrel-windows-ix86+x86_64 1.5-4 34.00 258.00 292.00 OK
r-oldrel-osx-x86_64 1.5-4 OK

Additional issues

rchk

Check Details

Version: 1.5-4
Check: re-building of vignette outputs
Result: NOTE
    Error in re-building vignettes:
     ...
    
    Attaching package: ‘arules’
    
    The following objects are masked from ‘package:base’:
    
     abbreviate, write
    
    Warning in apriori(Adult, parameter = list(support = 0.01, confidence = 0.6)) :
     Mining stopped (maxlen reached). Only patterns up to a length of 10 returned!
    Error in texi2dvi(file = file, pdf = TRUE, clean = clean, quiet = quiet, :
     Running 'texi2dvi' on 'arules.tex' failed.
    LaTeX errors:
    ! LaTeX Error: File `multirow.sty' not found.
    
    Type X to quit or <RETURN> to proceed,
    or enter new name. (Default extension: sty)
    
    ! Emergency stop.
    <read *>
    
    l.17 ^^M
    
    ! ==> Fatal error occurred, no output PDF file produced!
    Calls: buildVignettes -> texi2pdf -> texi2dvi
    Execution halted
Flavor: r-release-osx-x86_64