CRAN Package Check Results for Package arules

Last updated on 2017-09-22 02:47:22.

Flavor Version Tinstall Tcheck Ttotal Status Flags
r-devel-linux-x86_64-debian-clang 1.5-3 8.91 88.16 97.07 OK
r-devel-linux-x86_64-debian-gcc 1.5-3 9.38 86.38 95.76 OK
r-devel-linux-x86_64-fedora-clang 1.5-3 194.97 OK
r-devel-linux-x86_64-fedora-gcc 1.5-3 196.31 OK
r-devel-windows-ix86+x86_64 1.5-3 37.00 208.00 245.00 OK
r-patched-linux-x86_64 1.5-3 9.48 89.15 98.63 OK
r-patched-solaris-x86 1.5-3 258.70 OK
r-release-linux-x86_64 1.5-3 9.34 86.40 95.74 OK
r-release-windows-ix86+x86_64 1.5-3 39.00 214.00 253.00 OK
r-release-osx-x86_64 1.5-3 NOTE
r-oldrel-windows-ix86+x86_64 1.5-3 37.00 192.00 229.00 OK
r-oldrel-osx-x86_64 1.5-3 OK

Additional issues

rchk

Check Details

Version: 1.5-3
Check: re-building of vignette outputs
Result: NOTE
    Error in re-building vignettes:
     ...
    
    Attaching package: ‘arules’
    
    The following objects are masked from ‘package:base’:
    
     abbreviate, write
    
    Warning in apriori(Adult, parameter = list(support = 0.01, confidence = 0.6)) :
     Mining stopped (maxlen reached). Only patterns up to a length of 10 returned!
    Error in texi2dvi(file = file, pdf = TRUE, clean = clean, quiet = quiet, :
     Running 'texi2dvi' on 'arules.tex' failed.
    LaTeX errors:
    ! LaTeX Error: File `multirow.sty' not found.
    
    Type X to quit or <RETURN> to proceed,
    or enter new name. (Default extension: sty)
    
    ! Emergency stop.
    <read *>
    
    l.17 ^^M
    
    ! ==> Fatal error occurred, no output PDF file produced!
    Calls: buildVignettes -> texi2pdf -> texi2dvi
    Execution halted
Flavor: r-release-osx-x86_64