CRAN Package Check Results for Package arules

Last updated on 2014-10-24 19:47:34.

Flavor Version Tinstall Tcheck Ttotal Status Flags
r-devel-linux-x86_64-debian-clang 1.1-5 8.67 109.08 117.76 OK
r-devel-linux-x86_64-debian-gcc 1.1-5 9.44 105.43 114.86 OK
r-devel-linux-x86_64-fedora-clang 1.1-5 273.24 OK
r-devel-linux-x86_64-fedora-gcc 1.1-5 288.02 OK
r-devel-osx-x86_64-clang 1.1-5 220.32 OK
r-devel-windows-ix86+x86_64 1.1-5 35.00 212.00 247.00 OK
r-patched-linux-x86_64 1.1-5 10.08 111.26 121.35 OK
r-patched-solaris-sparc 1.1-5 1387.50 OK
r-patched-solaris-x86 1.1-5 351.40 OK
r-release-linux-ix86 1.1-5 12.34 137.07 149.41 OK
r-release-linux-x86_64 1.1-5 10.33 115.44 125.76 OK
r-release-osx-x86_64-mavericks 1.1-5 NOTE
r-release-osx-x86_64-snowleopard 1.1-5 OK
r-release-windows-ix86+x86_64 1.1-5 33.00 224.00 257.00 OK
r-oldrel-windows-ix86+x86_64 1.1-5 33.00 226.00 259.00 OK

Check Details

Version: 1.1-5
Check: re-building of vignette outputs
Result: NOTE
    Error in re-building vignettes:
     ...
    Loading required package: Matrix
    
    Attaching package: ‘arules’
    
    The following objects are masked from ‘package:base’:
    
     %in%, write
    
    Error in texi2dvi(file = file, pdf = TRUE, clean = clean, quiet = quiet, :
     Running 'texi2dvi' on 'arules.tex' failed.
    LaTeX errors:
    ! LaTeX Error: File `multirow.sty' not found.
    
    Type X to quit or <RETURN> to proceed,
    or enter new name. (Default extension: sty)
    
    test/arules/vignettes/arules.tex:17: ==> Fatal error occurred, no output PDF f
    ile produced!
    Calls: buildVignettes -> texi2pdf -> texi2dvi
    Execution halted
Flavor: r-release-osx-x86_64-mavericks