CRAN Package Check Results for Package arules

Last updated on 2017-05-25 23:52:33.

Flavor Version Tinstall Tcheck Ttotal Status Flags
r-devel-linux-x86_64-debian-clang 1.5-2 9.63 88.98 98.61 OK
r-devel-linux-x86_64-debian-gcc 1.5-2 11.58 86.86 98.44 OK
r-devel-linux-x86_64-fedora-clang 1.5-2 199.67 OK --no-stop-on-test-error
r-devel-linux-x86_64-fedora-gcc 1.5-2 194.05 OK --no-stop-on-test-error
r-devel-windows-ix86+x86_64 1.5-2 35.00 209.00 244.00 OK
r-patched-linux-x86_64 1.5-2 9.09 85.06 94.15 OK
r-patched-solaris-sparc 1.5-2 1143.30 OK
r-patched-solaris-x86 1.5-2 255.50 OK
r-release-linux-x86_64 1.5-2 9.07 85.41 94.48 OK
r-release-windows-ix86+x86_64 1.5-2 48.00 269.00 317.00 OK
r-release-osx-x86_64 1.5-2 NOTE
r-oldrel-windows-ix86+x86_64 1.5-2 43.00 185.00 228.00 OK
r-oldrel-osx-x86_64 1.5-2 OK

Additional issues

rchk

Check Details

Version: 1.5-2
Check: re-building of vignette outputs
Result: NOTE
    Error in re-building vignettes:
     ...
    
    Attaching package: ‘arules’
    
    The following objects are masked from ‘package:base’:
    
     abbreviate, write
    
    Warning in apriori(Adult, parameter = list(support = 0.01, confidence = 0.6)) :
     Mining stopped (maxlen reached). Only patterns up to a length of 10 returned!
    Error in texi2dvi(file = file, pdf = TRUE, clean = clean, quiet = quiet, :
     Running 'texi2dvi' on 'arules.tex' failed.
    LaTeX errors:
    ! LaTeX Error: File `multirow.sty' not found.
    
    Type X to quit or <RETURN> to proceed,
    or enter new name. (Default extension: sty)
    
    ! Emergency stop.
    <read *>
    
    l.17 ^^M
    
    ! ==> Fatal error occurred, no output PDF file produced!
    Calls: buildVignettes -> texi2pdf -> texi2dvi
    Execution halted
Flavor: r-release-osx-x86_64