CRAN Package Check Results for Package arules

Last updated on 2014-12-18 09:53:36.

Flavor Version Tinstall Tcheck Ttotal Status Flags
r-devel-linux-x86_64-debian-clang 1.1-6 8.11 107.44 115.54 OK
r-devel-linux-x86_64-debian-gcc 1.1-6 9.37 105.41 114.78 OK
r-devel-linux-x86_64-fedora-clang 1.1-6 273.71 OK
r-devel-linux-x86_64-fedora-gcc 1.1-6 258.66 OK
r-devel-osx-x86_64-clang 1.1-6 222.64 OK
r-devel-windows-ix86+x86_64 1.1-6 47.00 214.00 261.00 OK
r-patched-linux-x86_64 1.1-6 10.53 112.38 122.92 OK
r-patched-solaris-sparc 1.1-6 1400.00 OK
r-patched-solaris-x86 1.1-6 345.10 OK
r-release-linux-ix86 1.1-6 11.76 130.62 142.38 OK
r-release-linux-x86_64 1.1-6 9.75 111.62 121.37 OK
r-release-osx-x86_64-mavericks 1.1-6 NOTE
r-release-osx-x86_64-snowleopard 1.1-6 OK
r-release-windows-ix86+x86_64 1.1-6 31.00 227.00 258.00 OK
r-oldrel-windows-ix86+x86_64 1.1-6 35.00 226.00 261.00 OK

Check Details

Version: 1.1-6
Check: re-building of vignette outputs
Result: NOTE
    Error in re-building vignettes:
     ...
    Loading required package: Matrix
    
    Attaching package: ‘arules’
    
    The following objects are masked from ‘package:base’:
    
     %in%, write
    
    Error in texi2dvi(file = file, pdf = TRUE, clean = clean, quiet = quiet, :
     Running 'texi2dvi' on 'arules.tex' failed.
    LaTeX errors:
    ! LaTeX Error: File `multirow.sty' not found.
    
    Type X to quit or <RETURN> to proceed,
    or enter new name. (Default extension: sty)
    
    test/arules/vignettes/arules.tex:17: ==> Fatal error occurred, no output PDF f
    ile produced!
    Calls: buildVignettes -> texi2pdf -> texi2dvi
    Execution halted
Flavor: r-release-osx-x86_64-mavericks