CRAN Package Check Results for Package arulesNBMiner

Last updated on 2015-05-06 16:46:23.

Flavor Version Tinstall Tcheck Ttotal Status Flags
r-devel-linux-x86_64-debian-clang 0.1-4 4.96 49.34 54.30 OK
r-devel-linux-x86_64-debian-gcc 0.1-4 4.20 47.48 51.67 OK
r-devel-linux-x86_64-fedora-clang 0.1-4 115.21 OK
r-devel-linux-x86_64-fedora-gcc 0.1-4 106.03 OK
r-devel-osx-x86_64-clang 0.1-4 94.16 OK
r-devel-windows-ix86+x86_64 0.1-4 13.00 92.00 105.00 OK
r-patched-linux-x86_64 0.1-4 4.09 49.07 53.16 OK
r-patched-solaris-sparc 0.1-4 654.40 OK
r-patched-solaris-x86 0.1-4 151.10 OK
r-release-linux-x86_64 0.1-4 4.04 48.74 52.78 OK
r-release-osx-x86_64-mavericks 0.1-4 OK
r-release-osx-x86_64-snowleopard 0.1-4 ERROR
r-release-windows-ix86+x86_64 0.1-4 10.00 71.00 81.00 OK
r-oldrel-windows-ix86+x86_64 0.1-4 15.00 120.00 135.00 OK

Check Details

Version: 0.1-4
Check: package dependencies
Result: ERROR
    Package required but not available: ‘arules’
    
    See section ‘The DESCRIPTION file’ in the ‘Writing R Extensions’
    manual.
Flavor: r-release-osx-x86_64-snowleopard