CRAN Package Check Results for Package arulesNBMiner

Last updated on 2014-04-17 10:47:44.

Flavor Version Tinstall Tcheck Ttotal Status Flags
r-devel-linux-x86_64-debian-clang 0.1-2 5.66 66.33 71.99 NOTE
r-devel-linux-x86_64-debian-gcc 0.1-2 5.84 64.24 70.07 NOTE
r-devel-linux-x86_64-fedora-clang 0.1-2 167.72 NOTE
r-devel-linux-x86_64-fedora-gcc 0.1-2 157.32 NOTE
r-devel-macosx-x86_64-clang 0.1-2 128.41 NOTE
r-devel-macosx-x86_64-gcc 0.1-2 ERROR
r-devel-windows-ix86+x86_64 0.1-2 13.00 88.00 101.00 NOTE
r-patched-linux-x86_64 0.1-2 5.72 64.30 70.02 NOTE
r-patched-solaris-sparc 0.1-2 892.40 NOTE
r-patched-solaris-x86 0.1-2 206.00 NOTE
r-release-linux-ix86 0.1-2 11.00 99.00 110.00 NOTE
r-release-linux-x86_64 0.1-2 5.98 63.51 69.49 NOTE
r-release-macosx-x86_64 0.1-2 NOTE
r-release-windows-ix86+x86_64 0.1-2 13.00 92.00 105.00 NOTE
r-oldrel-windows-ix86+x86_64 0.1-2 14.00 85.00 99.00 NOTE

Check Details

Version: 0.1-2
Check: dependencies in R code
Result: NOTE
    Packages in Depends field not imported from:
     ‘arules’ ‘rJava’
     These packages need to be imported from (in the NAMESPACE file)
     for when this namespace is loaded but not attached.
    See the information on DESCRIPTION files in the chapter ‘Creating R
    packages’ of the ‘Writing R Extensions’ manual.
Flavors: r-devel-linux-x86_64-debian-clang, r-devel-linux-x86_64-debian-gcc, r-devel-linux-x86_64-fedora-clang, r-devel-linux-x86_64-fedora-gcc, r-devel-macosx-x86_64-clang, r-devel-windows-ix86+x86_64, r-patched-linux-x86_64, r-patched-solaris-sparc, r-patched-solaris-x86, r-release-linux-ix86, r-release-linux-x86_64, r-release-windows-ix86+x86_64, r-oldrel-windows-ix86+x86_64

Version: 0.1-2
Check: package dependencies
Result: ERROR
    Package required but not available: ‘arules’
    
    See the information on DESCRIPTION files in the chapter ‘Creating R
    packages’ of the ‘Writing R Extensions’ manual.
Flavor: r-devel-macosx-x86_64-gcc

Version: 0.1-2
Check: dependencies in R code
Result: NOTE
    Packages in Depends field not imported from:
     'arules' 'rJava'
     These packages need to be imported from for the case when
     this namespace is loaded but not attached.
    See the information on DESCRIPTION files in the chapter 'Creating R
    packages' of the 'Writing R Extensions' manual.
Flavor: r-release-macosx-x86_64