CRAN Package Check Results for Package arulesNBMiner

Last updated on 2014-07-25 19:50:09.

Flavor Version Tinstall Tcheck Ttotal Status Flags
r-devel-linux-x86_64-debian-clang 0.1-2 5.44 61.44 66.88 NOTE
r-devel-linux-x86_64-debian-gcc 0.1-2 5.22 59.53 64.75 NOTE
r-devel-linux-x86_64-fedora-clang 0.1-2 167.47 NOTE
r-devel-linux-x86_64-fedora-gcc 0.1-2 157.61 NOTE
r-devel-osx-x86_64-clang 0.1-2 126.23 NOTE
r-devel-windows-ix86+x86_64 0.1-2 13.00 88.00 101.00 NOTE
r-patched-linux-x86_64 0.1-2 5.58 60.85 66.43 NOTE
r-patched-solaris-sparc 0.1-2 892.40 NOTE
r-patched-solaris-x86 0.1-2 205.60 NOTE
r-release-linux-ix86 0.1-2 7.20 75.01 82.21 NOTE
r-release-linux-x86_64 0.1-2 5.54 62.37 67.91 NOTE
r-release-osx-x86_64-mavericks 0.1-2 NOTE
r-release-osx-x86_64-snowleopard 0.1-2 NOTE
r-release-windows-ix86+x86_64 0.1-2 13.00 86.00 99.00 NOTE
r-oldrel-windows-ix86+x86_64 0.1-2 14.00 80.00 94.00 NOTE

Check Details

Version: 0.1-2
Check: dependencies in R code
Result: NOTE
    Packages in Depends field not imported from:
     ‘arules’ ‘rJava’
     These packages need to be imported from (in the NAMESPACE file)
     for when this namespace is loaded but not attached.
    See the information on DESCRIPTION files in the chapter ‘Creating R
    packages’ of the ‘Writing R Extensions’ manual.
Flavors: r-devel-linux-x86_64-debian-clang, r-devel-linux-x86_64-debian-gcc, r-devel-linux-x86_64-fedora-clang, r-devel-linux-x86_64-fedora-gcc, r-devel-osx-x86_64-clang, r-devel-windows-ix86+x86_64, r-patched-linux-x86_64, r-patched-solaris-sparc, r-patched-solaris-x86, r-release-linux-ix86, r-release-linux-x86_64, r-release-osx-x86_64-mavericks, r-release-windows-ix86+x86_64, r-oldrel-windows-ix86+x86_64

Version: 0.1-2
Check: dependencies in R code
Result: NOTE
    Packages in Depends field not imported from:
     'arules' 'rJava'
     These packages need to be imported from for the case when
     this namespace is loaded but not attached.
    See the information on DESCRIPTION files in the chapter 'Creating R
    packages' of the 'Writing R Extensions' manual.
Flavor: r-release-osx-x86_64-snowleopard