CRAN Package Check Results for Package arulesSequences

Last updated on 2020-10-25 20:47:46 CET.

Flavor Version Tinstall Tcheck Ttotal Status Flags
r-devel-linux-x86_64-debian-clang 0.2-25 34.48 141.56 176.04 OK
r-devel-linux-x86_64-debian-gcc 0.2-25 27.48 105.09 132.57 OK
r-devel-linux-x86_64-fedora-clang 0.2-25 238.75 OK
r-devel-linux-x86_64-fedora-gcc 0.2-25 206.64 OK
r-devel-windows-ix86+x86_64 0.2-25 87.00 273.00 360.00 NOTE
r-patched-linux-x86_64 0.2-25 33.91 134.05 167.96 OK
r-patched-solaris-x86 0.2-25 296.20 OK
r-release-linux-x86_64 0.2-25 33.09 132.86 165.95 OK
r-release-macos-x86_64 0.2-25 OK
r-release-windows-ix86+x86_64 0.2-25 71.00 196.00 267.00 NOTE
r-oldrel-macos-x86_64 0.2-25 OK
r-oldrel-windows-ix86+x86_64 0.2-25 73.00 195.00 268.00 NOTE

Check Details

Version: 0.2-25
Check: installed package size
Result: NOTE
     installed size is 26.0Mb
     sub-directories of 1Mb or more:
     bin 22.9Mb
     misc 2.1Mb
Flavors: r-devel-windows-ix86+x86_64, r-release-windows-ix86+x86_64, r-oldrel-windows-ix86+x86_64