CRAN Package Check Results for Package arulesSequences

Last updated on 2016-05-06 06:46:54.

Flavor Version Tinstall Tcheck Ttotal Status Flags
r-devel-linux-x86_64-debian-gcc 0.2-15 10.81 67.80 78.61 OK
r-devel-linux-x86_64-fedora-clang 0.2-15 162.89 OK
r-devel-linux-x86_64-fedora-gcc 0.2-15 145.84 OK
r-devel-osx-x86_64-clang 0.2-15 164.12 OK
r-devel-windows-ix86+x86_64 0.2-15 62.00 195.00 257.00 NOTE
r-patched-linux-x86_64 0.2-14 10.21 64.28 74.49 WARN
r-patched-solaris-sparc 0.2-14 842.80 WARN
r-patched-solaris-x86 0.2-15 167.60 OK
r-release-linux-x86_64 0.2-14 10.37 66.74 77.11 WARN
r-release-osx-x86_64-mavericks 0.2-14 OK
r-release-windows-ix86+x86_64 0.2-15 62.00 195.00 257.00 NOTE
r-oldrel-windows-ix86+x86_64 0.2-14 71.00 222.00 293.00 WARN

Check Details

Version: 0.2-15
Check: installed package size
Result: NOTE
     installed size is 14.8Mb
     sub-directories of 1Mb or more:
     bin 12.0Mb
     misc 2.1Mb
Flavors: r-devel-windows-ix86+x86_64, r-release-windows-ix86+x86_64

Version: 0.2-14
Check: whether package can be installed
Result: WARN
    Found the following significant warnings:
     Warning: replacing previous import ‘arules::tail’ by ‘utils::tail’ when loading ‘arulesSequences’
Flavors: r-patched-linux-x86_64, r-patched-solaris-sparc, r-release-linux-x86_64, r-oldrel-windows-ix86+x86_64

Version: 0.2-14
Check: installed package size
Result: NOTE
     installed size is 14.5Mb
     sub-directories of 1Mb or more:
     bin 11.7Mb
     misc 2.1Mb
Flavor: r-oldrel-windows-ix86+x86_64