CRAN Package Check Results for Package arulesSequences

Last updated on 2017-06-26 10:47:01.

Flavor Version Tinstall Tcheck Ttotal Status Flags
r-devel-linux-x86_64-debian-clang 0.2-19 11.61 74.66 86.27 OK
r-devel-linux-x86_64-debian-gcc 0.2-19 11.89 74.91 86.80 OK
r-devel-linux-x86_64-fedora-clang 0.2-19 199.68 OK
r-devel-linux-x86_64-fedora-gcc 0.2-19 183.73 OK
r-devel-windows-ix86+x86_64 0.2-19 66.00 250.00 316.00 NOTE
r-patched-linux-x86_64 0.2-19 10.35 74.66 85.02 OK
r-patched-solaris-sparc 0.2-19 1064.10 OK
r-patched-solaris-x86 0.2-19 238.50 OK
r-release-linux-x86_64 0.2-19 11.28 74.74 86.02 OK
r-release-windows-ix86+x86_64 0.2-19 79.00 251.00 330.00 NOTE
r-release-osx-x86_64 0.2-19 OK
r-oldrel-windows-ix86+x86_64 0.2-19 51.00 209.00 260.00 NOTE
r-oldrel-osx-x86_64 0.2-19 OK

Additional issues

rchk

Check Details

Version: 0.2-19
Check: installed package size
Result: NOTE
     installed size is 14.8Mb
     sub-directories of 1Mb or more:
     bin 12.0Mb
     misc 2.1Mb
Flavors: r-devel-windows-ix86+x86_64, r-release-windows-ix86+x86_64, r-oldrel-windows-ix86+x86_64