CRAN Package Check Results for Package arulesSequences

Last updated on 2014-10-26 05:47:10.

Flavor Version Tinstall Tcheck Ttotal Status Flags
r-devel-linux-x86_64-debian-clang 0.2-6 10.07 69.02 79.08 OK
r-devel-linux-x86_64-debian-gcc 0.2-6 11.15 67.15 78.30 OK
r-devel-linux-x86_64-fedora-clang 0.2-6 200.03 OK
r-devel-linux-x86_64-fedora-gcc 0.2-6 182.59 OK
r-devel-osx-x86_64-clang 0.2-6 157.61 OK
r-devel-windows-ix86+x86_64 0.2-6 47.00 140.00 187.00 NOTE
r-patched-linux-x86_64 0.2-6 11.72 72.22 83.94 OK
r-patched-solaris-sparc 0.2-6 1054.80 OK
r-patched-solaris-x86 0.2-6 244.40 OK
r-release-linux-ix86 0.2-6 14.44 88.81 103.25 OK
r-release-linux-x86_64 0.2-6 12.11 75.53 87.64 OK
r-release-osx-x86_64-mavericks 0.2-6 OK
r-release-osx-x86_64-snowleopard 0.2-6 OK
r-release-windows-ix86+x86_64 0.2-6 44.00 145.00 189.00 NOTE
r-oldrel-windows-ix86+x86_64 0.2-6 44.00 134.00 178.00 NOTE

Check Details

Version: 0.2-6
Check: installed package size
Result: NOTE
     installed size is 14.5Mb
     sub-directories of 1Mb or more:
     bin 11.7Mb
     misc 2.1Mb
Flavors: r-devel-windows-ix86+x86_64, r-release-windows-ix86+x86_64, r-oldrel-windows-ix86+x86_64