CRAN Package Check Results for Package arulesSequences

Last updated on 2018-06-19 03:51:55 CEST.

Flavor Version Tinstall Tcheck Ttotal Status Flags
r-devel-linux-x86_64-debian-clang 0.2-19 26.85 131.88 158.73 OK
r-devel-linux-x86_64-debian-gcc 0.2-19 23.91 115.04 138.95 OK
r-devel-linux-x86_64-fedora-clang 0.2-19 209.60 OK
r-devel-linux-x86_64-fedora-gcc 0.2-19 191.03 OK
r-devel-windows-ix86+x86_64 0.2-19 74.00 229.00 303.00 NOTE
r-patched-linux-x86_64 0.2-19 23.50 125.50 149.00 NOTE
r-patched-solaris-x86 0.2-19 244.10 OK
r-release-linux-x86_64 0.2-19 26.98 123.99 150.97 NOTE
r-release-windows-ix86+x86_64 0.2-19 63.00 254.00 317.00 NOTE
r-release-osx-x86_64 0.2-19 OK
r-oldrel-windows-ix86+x86_64 0.2-19 50.00 191.00 241.00 NOTE
r-oldrel-osx-x86_64 0.2-19 OK

Check Details

Version: 0.2-19
Check: installed package size
Result: NOTE
     installed size is 15.1Mb
     sub-directories of 1Mb or more:
     bin 12.0Mb
     misc 2.1Mb
Flavors: r-devel-windows-ix86+x86_64, r-release-windows-ix86+x86_64, r-oldrel-windows-ix86+x86_64

Version: 0.2-19
Check: DESCRIPTION meta-information
Result: NOTE
    Dependence on R version ‘3.3.2’ not with patchlevel 0
Flavors: r-patched-linux-x86_64, r-release-linux-x86_64