CRAN Package Check Results for Package arulesSequences

Last updated on 2014-09-18 14:46:48.

Flavor Version Tinstall Tcheck Ttotal Status Flags
r-devel-linux-x86_64-debian-clang 0.2-6 10.16 68.64 78.80 OK
r-devel-linux-x86_64-debian-gcc 0.2-6 11.07 66.69 77.76 OK
r-devel-linux-x86_64-fedora-clang 0.2-6 198.06 OK
r-devel-linux-x86_64-fedora-gcc 0.2-6 185.67 OK
r-devel-osx-x86_64-clang 0.2-6 150.12 OK
r-devel-windows-ix86+x86_64 0.2-6 46.00 139.00 185.00 NOTE
r-patched-linux-x86_64 0.2-6 11.99 72.08 84.06 OK
r-patched-solaris-sparc 0.2-6 1054.80 OK
r-patched-solaris-x86 0.2-6 245.50 OK
r-release-linux-ix86 0.2-6 14.58 88.23 102.81 OK
r-release-linux-x86_64 0.2-6 11.44 71.77 83.22 OK
r-release-osx-x86_64-mavericks 0.2-6 OK
r-release-osx-x86_64-snowleopard 0.2-6 OK
r-release-windows-ix86+x86_64 0.2-6 41.00 148.00 189.00 NOTE
r-oldrel-windows-ix86+x86_64 0.2-6 42.00 143.00 185.00 NOTE

Check Details

Version: 0.2-6
Check: installed package size
Result: NOTE
     installed size is 14.5Mb
     sub-directories of 1Mb or more:
     bin 11.7Mb
     misc 2.1Mb
Flavors: r-devel-windows-ix86+x86_64, r-release-windows-ix86+x86_64, r-oldrel-windows-ix86+x86_64