CRAN Package Check Results for Package arulesSequences

Last updated on 2014-08-01 01:48:15.

Flavor Version Tinstall Tcheck Ttotal Status Flags
r-devel-linux-x86_64-debian-clang 0.2-6 9.86 71.31 81.18 OK
r-devel-linux-x86_64-debian-gcc 0.2-6 11.28 69.35 80.63 OK
r-devel-linux-x86_64-fedora-clang 0.2-6 202.68 OK
r-devel-linux-x86_64-fedora-gcc 0.2-6 189.65 OK
r-devel-osx-x86_64-clang 0.2-6 155.20 OK
r-devel-windows-ix86+x86_64 0.2-6 43.00 140.00 183.00 NOTE
r-patched-linux-x86_64 0.2-6 12.02 70.37 82.39 OK
r-patched-solaris-sparc 0.2-6 1054.80 OK
r-patched-solaris-x86 0.2-6 245.80 OK
r-release-linux-ix86 0.2-6 14.40 86.43 100.83 OK
r-release-linux-x86_64 0.2-6 12.24 72.70 84.94 OK
r-release-osx-x86_64-mavericks 0.2-6 OK
r-release-osx-x86_64-snowleopard 0.2-6 OK
r-release-windows-ix86+x86_64 0.2-6 74.00 199.00 273.00 NOTE
r-oldrel-windows-ix86+x86_64 0.2-6 65.00 197.00 262.00 NOTE

Check Details

Version: 0.2-6
Check: installed package size
Result: NOTE
     installed size is 14.5Mb
     sub-directories of 1Mb or more:
     bin 11.7Mb
     misc 2.1Mb
Flavors: r-devel-windows-ix86+x86_64, r-release-windows-ix86+x86_64, r-oldrel-windows-ix86+x86_64