CRAN Package Check Results for Package arulesSequences

Last updated on 2017-03-22 23:52:59.

Flavor Version Tinstall Tcheck Ttotal Status Flags
r-devel-linux-x86_64-debian-clang 0.2-18 11.78 75.44 87.22 OK
r-devel-linux-x86_64-debian-gcc 0.2-18 11.42 74.49 85.92 OK
r-devel-linux-x86_64-fedora-clang 0.2-18 214.36 OK --no-stop-on-test-error
r-devel-linux-x86_64-fedora-gcc 0.2-18 186.41 OK --no-stop-on-test-error
r-devel-macos-x86_64-clang 0.2-18 143.11 OK --no-stop-on-test-error
r-devel-windows-ix86+x86_64 0.2-18 54.00 183.00 237.00 NOTE
r-patched-linux-x86_64 0.2-18 10.06 66.19 76.25 OK
r-patched-solaris-sparc 0.2-18 1102.40 OK
r-patched-solaris-x86 0.2-18 247.80 OK
r-release-linux-x86_64 0.2-18 10.11 66.43 76.55 OK
r-release-osx-x86_64-mavericks 0.2-18 OK
r-release-windows-ix86+x86_64 0.2-18 60.00 205.00 265.00 NOTE
r-oldrel-windows-ix86+x86_64 0.2-17 55.00 181.00 236.00 NOTE

Check Details

Version: 0.2-18
Check: installed package size
Result: NOTE
     installed size is 14.8Mb
     sub-directories of 1Mb or more:
     bin 12.0Mb
     misc 2.1Mb
Flavors: r-devel-windows-ix86+x86_64, r-release-windows-ix86+x86_64

Version: 0.2-17
Check: installed package size
Result: NOTE
     installed size is 14.4Mb
     sub-directories of 1Mb or more:
     bin 11.7Mb
     misc 2.1Mb
Flavor: r-oldrel-windows-ix86+x86_64