CRAN Package Check Results for Package arulesSequences

Last updated on 2017-01-23 12:50:09.

Flavor Version Tinstall Tcheck Ttotal Status Flags
r-devel-linux-x86_64-debian-clang 0.2-17 11.04 72.72 83.76 OK
r-devel-linux-x86_64-debian-gcc 0.2-17 11.53 74.27 85.80 OK
r-devel-linux-x86_64-fedora-clang 0.2-17 174.39 OK --no-stop-on-test-error
r-devel-linux-x86_64-fedora-gcc 0.2-17 163.02 OK --no-stop-on-test-error
r-devel-macos-x86_64-clang 0.2-17 128.61 OK --no-stop-on-test-error
r-devel-windows-ix86+x86_64 0.2-17 51.00 201.00 252.00 NOTE
r-patched-linux-x86_64 0.2-17 10.32 65.02 75.35 OK
r-patched-solaris-sparc 0.2-17 909.10 OK
r-patched-solaris-x86 0.2-17 199.70 OK
r-release-linux-x86_64 0.2-17 10.00 66.35 76.35 OK
r-release-osx-x86_64-mavericks 0.2-17 OK
r-release-windows-ix86+x86_64 0.2-17 122.00 216.00 338.00 NOTE
r-oldrel-windows-ix86+x86_64 0.2-17 115.00 319.00 434.00 NOTE

Check Details

Version: 0.2-17
Check: installed package size
Result: NOTE
     installed size is 14.8Mb
     sub-directories of 1Mb or more:
     bin 12.0Mb
     misc 2.1Mb
Flavors: r-devel-windows-ix86+x86_64, r-release-windows-ix86+x86_64, r-oldrel-windows-ix86+x86_64