CRAN Package Check Results for Package arulesSequences

Last updated on 2016-09-25 10:46:42.

Flavor Version Tinstall Tcheck Ttotal Status Flags
r-devel-linux-x86_64-debian-clang 0.2-16 10.56 65.59 76.15 OK
r-devel-linux-x86_64-debian-gcc 0.2-16 10.95 64.89 75.85 OK
r-devel-linux-x86_64-fedora-clang 0.2-16 170.21 OK
r-devel-linux-x86_64-fedora-gcc 0.2-16 155.92 OK
r-devel-macos-x86_64-clang 0.2-16 124.47 OK
r-devel-windows-ix86+x86_64 0.2-16 50.00 235.00 285.00 NOTE
r-patched-linux-x86_64 0.2-16 10.20 65.15 75.35 OK
r-patched-solaris-sparc 0.2-16 934.10 OK
r-patched-solaris-x86 0.2-16 195.40 OK
r-release-linux-x86_64 0.2-16 9.88 65.46 75.34 OK
r-release-osx-x86_64-mavericks 0.2-16 OK
r-release-windows-ix86+x86_64 0.2-16 49.00 142.00 191.00 NOTE
r-oldrel-windows-ix86+x86_64 0.2-16 66.00 234.00 300.00 NOTE

Check Details

Version: 0.2-16
Check: installed package size
Result: NOTE
     installed size is 14.8Mb
     sub-directories of 1Mb or more:
     bin 12.0Mb
     misc 2.1Mb
Flavors: r-devel-windows-ix86+x86_64, r-release-windows-ix86+x86_64, r-oldrel-windows-ix86+x86_64