CRAN Package Check Results for Package arulesSequences

Last updated on 2016-12-08 08:47:15.

Flavor Version Tinstall Tcheck Ttotal Status Flags
r-devel-linux-x86_64-debian-clang 0.2-16 11.11 74.23 85.35 OK
r-devel-linux-x86_64-debian-gcc 0.2-16 11.31 74.17 85.48 OK
r-devel-linux-x86_64-fedora-clang 0.2-16 207.85 OK --no-stop-on-test-error
r-devel-linux-x86_64-fedora-gcc 0.2-16 188.41 OK --no-stop-on-test-error
r-devel-macos-x86_64-clang 0.2-16 143.19 OK --no-stop-on-test-error
r-devel-windows-ix86+x86_64 0.2-16 55.00 174.00 229.00 NOTE
r-patched-linux-x86_64 0.2-16 9.77 65.70 75.47 OK
r-patched-solaris-sparc 0.2-16 934.10 OK
r-patched-solaris-x86 0.2-16 198.80 OK
r-release-linux-x86_64 0.2-16 9.96 66.56 76.52 OK
r-release-osx-x86_64-mavericks 0.2-16 OK
r-release-windows-ix86+x86_64 0.2-16 50.00 212.00 262.00 NOTE
r-oldrel-windows-ix86+x86_64 0.2-16 66.00 163.00 229.00 NOTE

Check Details

Version: 0.2-16
Check: installed package size
Result: NOTE
     installed size is 14.8Mb
     sub-directories of 1Mb or more:
     bin 12.0Mb
     misc 2.1Mb
Flavors: r-devel-windows-ix86+x86_64, r-release-windows-ix86+x86_64, r-oldrel-windows-ix86+x86_64