CRAN Package Check Results for Package arulesSequences

Last updated on 2019-06-25 20:46:48 CEST.

Flavor Version Tinstall Tcheck Ttotal Status Flags
r-devel-linux-x86_64-debian-clang 0.2-22 28.99 124.65 153.64 OK
r-devel-linux-x86_64-debian-gcc 0.2-22 22.41 98.30 120.71 OK
r-devel-linux-x86_64-fedora-clang 0.2-22 198.40 OK
r-devel-linux-x86_64-fedora-gcc 0.2-22 177.52 OK
r-devel-windows-ix86+x86_64 0.2-22 105.00 261.00 366.00 NOTE
r-patched-linux-x86_64 0.2-22 26.44 124.60 151.04 OK
r-patched-solaris-x86 0.2-22 318.60 OK
r-release-linux-x86_64 0.2-22 26.77 125.37 152.14 OK
r-release-windows-ix86+x86_64 0.2-22 67.00 267.00 334.00 NOTE
r-release-osx-x86_64 0.2-22 OK
r-oldrel-windows-ix86+x86_64 0.2-22 56.00 182.00 238.00 NOTE
r-oldrel-osx-x86_64 0.2-22 OK

Check Details

Version: 0.2-22
Check: installed package size
Result: NOTE
     installed size is 15.1Mb
     sub-directories of 1Mb or more:
     bin 12.0Mb
     misc 2.1Mb
Flavors: r-devel-windows-ix86+x86_64, r-release-windows-ix86+x86_64, r-oldrel-windows-ix86+x86_64