CRAN Package Check Results for Package arulesSequences

Last updated on 2018-02-21 13:50:32 CET.

Flavor Version Tinstall Tcheck Ttotal Status Flags
r-devel-linux-x86_64-debian-clang 0.2-19 21.99 122.64 144.63 NOTE
r-devel-linux-x86_64-debian-gcc 0.2-19 20.54 97.00 117.54 NOTE
r-devel-linux-x86_64-fedora-clang 0.2-19 187.62 NOTE
r-devel-linux-x86_64-fedora-gcc 0.2-19 172.87 NOTE
r-devel-windows-ix86+x86_64 0.2-19 69.00 181.00 250.00 NOTE
r-patched-linux-x86_64 0.2-19 16.84 124.03 140.87 OK
r-patched-solaris-x86 0.2-19 242.70 OK
r-release-linux-x86_64 0.2-19 16.66 123.13 139.79 OK
r-release-windows-ix86+x86_64 0.2-19 71.00 247.00 318.00 NOTE
r-release-osx-x86_64 0.2-19 OK
r-oldrel-windows-ix86+x86_64 0.2-19 53.00 175.00 228.00 NOTE
r-oldrel-osx-x86_64 0.2-19 OK

Additional issues

rchk

Check Details

Version: 0.2-19
Check: DESCRIPTION meta-information
Result: NOTE
    Dependence on R version ‘3.3.2’ not with patchlevel 0
Flavors: r-devel-linux-x86_64-debian-clang, r-devel-linux-x86_64-debian-gcc, r-devel-linux-x86_64-fedora-clang, r-devel-linux-x86_64-fedora-gcc

Version: 0.2-19
Check: installed package size
Result: NOTE
     installed size is 15.1Mb
     sub-directories of 1Mb or more:
     bin 12.0Mb
     misc 2.1Mb
Flavors: r-devel-windows-ix86+x86_64, r-release-windows-ix86+x86_64, r-oldrel-windows-ix86+x86_64