CRAN Package Check Results for Package arulesSequences

Last updated on 2014-04-24 11:48:41.

Flavor Version Tinstall Tcheck Ttotal Status Flags
r-devel-linux-x86_64-debian-clang 0.2-6 9.90 74.30 84.21 OK
r-devel-linux-x86_64-debian-gcc 0.2-6 11.56 74.86 86.42 OK
r-devel-linux-x86_64-fedora-clang 0.2-6 206.14 OK
r-devel-linux-x86_64-fedora-gcc 0.2-6 195.36 OK
r-devel-osx-x86_64-clang 0.2-6 145.18 OK
r-devel-osx-x86_64-gcc 0.2-6 ERROR
r-devel-windows-ix86+x86_64 0.2-6 47.00 150.00 197.00 NOTE
r-patched-linux-x86_64 0.2-6 11.27 75.79 87.06 OK
r-patched-solaris-sparc 0.2-6 1022.80 OK
r-patched-solaris-x86 0.2-6 243.60 OK
r-release-linux-ix86 0.2-6 17.00 117.00 134.00 OK
r-release-linux-x86_64 0.2-6 11.26 75.14 86.40 OK
r-release-osx-x86_64-mavericks 0.2-6 WARN
r-release-osx-x86_64-snowleopard 0.2-6 OK
r-release-windows-ix86+x86_64 0.2-6 43.00 140.00 183.00 NOTE
r-oldrel-windows-ix86+x86_64 0.2-6 41.00 140.00 181.00 NOTE

Check Details

Version: 0.2-6
Check: package dependencies
Result: ERROR
    Package required but not available: ‘arules’
    
    See the information on DESCRIPTION files in the chapter ‘Creating R
    packages’ of the ‘Writing R Extensions’ manual.
Flavor: r-devel-osx-x86_64-gcc

Version: 0.2-6
Check: installed package size
Result: NOTE
     installed size is 14.4Mb
     sub-directories of 1Mb or more:
     bin 11.7Mb
     misc 2.1Mb
Flavors: r-devel-windows-ix86+x86_64, r-release-windows-ix86+x86_64, r-oldrel-windows-ix86+x86_64

Version: 0.2-6
Check: PDF version of manual
Result: WARNING
    LaTeX errors when creating PDF version.
    This typically indicates Rd problems.
    LaTeX errors found:
    ! LaTeX Error: File `upquote.sty' not found.
    
    Type X to quit or <RETURN> to proceed,
    or enter new name. (Default extension: sty)
    
    043045a/Rd2.tex:8: ==> Fatal error occurred, no output PDF file produced!
Flavor: r-release-osx-x86_64-mavericks