CRAN Package Check Results for Package arulesSequences

Last updated on 2019-03-24 04:46:34 CET.

Flavor Version Tinstall Tcheck Ttotal Status Flags
r-devel-linux-x86_64-debian-clang 0.2-21 28.26 124.73 152.99 OK
r-devel-linux-x86_64-debian-gcc 0.2-21 22.28 96.72 119.00 OK
r-devel-linux-x86_64-fedora-clang 0.2-21 203.58 OK
r-devel-linux-x86_64-fedora-gcc 0.2-21 180.25 OK
r-devel-windows-ix86+x86_64 0.2-21 111.00 254.00 365.00 NOTE
r-patched-linux-x86_64 0.2-21 27.08 122.18 149.26 NOTE
r-patched-solaris-x86 0.2-21 267.20 OK
r-release-linux-x86_64 0.2-21 0.59 2.53 3.12 ERROR
r-release-windows-ix86+x86_64 0.2-21 64.00 192.00 256.00 NOTE
r-release-osx-x86_64 0.2-21 OK
r-oldrel-windows-ix86+x86_64 0.2-21 55.00 240.00 295.00 ERROR
r-oldrel-osx-x86_64 0.2-21 OK

Additional issues

rchk

Check Details

Version: 0.2-21
Check: installed package size
Result: NOTE
     installed size is 15.1Mb
     sub-directories of 1Mb or more:
     bin 12.0Mb
     misc 2.1Mb
Flavors: r-devel-windows-ix86+x86_64, r-release-windows-ix86+x86_64, r-oldrel-windows-ix86+x86_64

Version: 0.2-21
Check: DESCRIPTION meta-information
Result: NOTE
    Dependence on R version ‘3.3.2’ not with patchlevel 0
Flavor: r-patched-linux-x86_64

Version: 0.2-21
Check: whether package can be installed
Result: ERROR
    Installation failed.
Flavor: r-release-linux-x86_64

Version: 0.2-21
Check: running examples for arch ‘i386’
Result: ERROR
    Running examples in 'arulesSequences-Ex.R' failed
    The error most likely occurred in:
    
    > ### Name: similarity-methods
    > ### Title: Compute Similarities
    > ### Aliases: similarity similarity,sequences-method is.subset
    > ### is.subset,sequences-method is.superset is.superset,sequences-method
    > ### coerce,dsCMatrix,dist-method
    > ### Keywords: manip
    >
    > ### ** Examples
    >
    > ## use example data
    > data(zaki)
    > z <- as(zaki, "timedsequences")
    > similarity(z)
    4 x 4 sparse Matrix of class "dsCMatrix"
    Error in isFALSE(suppRows) : could not find function "isFALSE"
    Calls: <Anonymous> -> <Anonymous> -> printSpMatrix2
    Execution halted
Flavor: r-oldrel-windows-ix86+x86_64

Version: 0.2-21
Check: running examples for arch ‘x64’
Result: ERROR
    Running examples in 'arulesSequences-Ex.R' failed
    The error most likely occurred in:
    
    > ### Name: similarity-methods
    > ### Title: Compute Similarities
    > ### Aliases: similarity similarity,sequences-method is.subset
    > ### is.subset,sequences-method is.superset is.superset,sequences-method
    > ### coerce,dsCMatrix,dist-method
    > ### Keywords: manip
    >
    > ### ** Examples
    >
    > ## use example data
    > data(zaki)
    > z <- as(zaki, "timedsequences")
    > similarity(z)
    4 x 4 sparse Matrix of class "dsCMatrix"
    Error in isFALSE(suppRows) : could not find function "isFALSE"
    Calls: <Anonymous> -> <Anonymous> -> printSpMatrix2
    Execution halted
Flavor: r-oldrel-windows-ix86+x86_64

Version: 0.2-21
Check: running tests for arch ‘i386’
Result: ERROR
     Running 'Rgui.R' [3s]
     Running 'arules.R' [3s]
     Comparing 'arules.Rout' to 'arules.Rout.save' ... OK
     Running 'idlists.R' [3s]
     Comparing 'idlists.Rout' to 'idlists.Rout.save' ...71c71,72
    < preprocessing ... P [0s]
    ---
    > preprocessing ... P [0.004s]
    > counting ... 2 sequence(s), processed 0/1 join(s) [0.00s]
     Running 'makebin.R' [3s]
     Comparing 'makebin.Rout' to 'makebin.Rout.save' ... OK
     Running 'native.R' [3s]
     Comparing 'native.Rout' to 'native.Rout.save' ... OK
     Running 'ptree.R' [12s]
     Comparing 'ptree.Rout' to 'ptree.Rout.save' ...31,33c31,33
    < preprocessing ... 1 partition(s), 0 MB [0.05s]
    < mining transactions ... 0.12 MB [0.06s]
    < reading sequences ... [1.7s]
    ---
    > preprocessing ... 1 partition(s), 0 MB [0.014s]
    > mining transactions ... 0.11 MB [0.03s]
    > reading sequences ... [1s]
    35c35
    < total elapsed time: 1.83s
    ---
    > total elapsed time: 1.05s
    38c38,41
    < preprocessing ... [0.04s]
    ---
    > preprocessing ... [0.02s]
    > preparing ... 3917 sequences, created 4199 (0.09) nodes [0.00s]
    > counting ... 10 transactions (4), processed 4908 (0.86, 0.04) nodes [0.00s]
    > writing ... 3917 counts, processed 51210 (0.65) nodes [0.00s]
    90,92c93,95
    < preprocessing ... 1 partition(s), 0.35 MB [0.11s]
    < mining transactions ... 0.31 MB [0.61s]
    < reading sequences ... [3.4s]
    ---
    > preprocessing ... 1 partition(s), 0.35 MB [0.039s]
    > mining transactions ... 0.3 MB [0.48s]
    > reading sequences ... [1.8s]
    94c97
    < total elapsed time: 4.1s
    ---
    > total elapsed time: 2.354s
    133c136,139
    < preprocessing ... [0.26s]
    ---
    > preprocessing ... [0.032s]
    > preparing ... 8616 sequences, created 11328 (0.08) nodes [0.00s]
    > counting ... 15391 transactions (1000), processed 37628159 (0.07, 0.29) nodes [0.34s]
    > writing ... 8616 counts, processed 154653 (0.55) nodes [0.00s]
    149a156,158
    > preparing ... 8616 sequences, created 11328 (0.08) nodes [0.00s]
    > counting ... 46821 transactions (8616), processed 1139646 (0.37, 0.11) nodes [0.01s]
    > writing ... 8616 counts, processed 154653 (0.55) nodes [0.00s]
    156a166
    > checking ... 8616 counts [0.02s, 0.01s]
    164a175
    > checking ... 8616 counts [0.02s, 0.01s]
     Running 'similarity.R' [3s]
    Running the tests in 'tests/similarity.R' failed.
    Complete output:
     >
     > library("arulesSequences")
     Loading required package: arules
     Loading required package: Matrix
    
     Attaching package: 'arules'
    
     The following objects are masked from 'package:base':
    
     abbreviate, write
    
     >
     > ### ceeboo 2008, 2016
     >
     > data(zaki)
     >
     > z <- as(zaki, "timedsequences")
     > as(as(z, "sequences"), "data.frame")
     sequence sequenceID
     1 <{C,D},{A,B,C},{A,B,F},{A,C,D,F}> 1
     2 <{A,B,F},{E}> 2
     3 <{A,B,F}> 3
     4 <{D,G,H},{B,F},{A,G,H}> 4
     >
     > s <- similarity(z)
     > s
     4 x 4 sparse Matrix of class "dsCMatrix"
     Error in isFALSE(suppRows) : could not find function "isFALSE"
     Calls: <Anonymous> -> <Anonymous> -> printSpMatrix2
     Execution halted
Flavor: r-oldrel-windows-ix86+x86_64

Version: 0.2-21
Check: running tests for arch ‘x64’
Result: ERROR
     Running 'Rgui.R' [4s]
     Running 'arules.R' [3s]
     Comparing 'arules.Rout' to 'arules.Rout.save' ... OK
     Running 'idlists.R' [4s]
     Comparing 'idlists.Rout' to 'idlists.Rout.save' ...71c71,72
    < preprocessing ... P [0s]
    ---
    > preprocessing ... P [0.004s]
    > counting ... 2 sequence(s), processed 0/1 join(s) [0.00s]
     Running 'makebin.R' [3s]
     Comparing 'makebin.Rout' to 'makebin.Rout.save' ... OK
     Running 'native.R' [3s]
     Comparing 'native.Rout' to 'native.Rout.save' ... OK
     Running 'ptree.R' [14s]
     Comparing 'ptree.Rout' to 'ptree.Rout.save' ...31,33c31,33
    < preprocessing ... 1 partition(s), 0 MB [0.06s]
    < mining transactions ... 0.12 MB [0.05s]
    < reading sequences ... [2s]
    ---
    > preprocessing ... 1 partition(s), 0 MB [0.014s]
    > mining transactions ... 0.11 MB [0.03s]
    > reading sequences ... [1s]
    35c35
    < total elapsed time: 2.11s
    ---
    > total elapsed time: 1.05s
    38c38,41
    < preprocessing ... [0.04s]
    ---
    > preprocessing ... [0.02s]
    > preparing ... 3917 sequences, created 4199 (0.09) nodes [0.00s]
    > counting ... 10 transactions (4), processed 4908 (0.86, 0.04) nodes [0.00s]
    > writing ... 3917 counts, processed 51210 (0.65) nodes [0.00s]
    90,92c93,95
    < preprocessing ... 1 partition(s), 0.35 MB [0.08s]
    < mining transactions ... 0.31 MB [0.48s]
    < reading sequences ... [4.2s]
    ---
    > preprocessing ... 1 partition(s), 0.35 MB [0.039s]
    > mining transactions ... 0.3 MB [0.48s]
    > reading sequences ... [1.8s]
    94c97
    < total elapsed time: 4.74s
    ---
    > total elapsed time: 2.354s
    133c136,139
    < preprocessing ... [0.22s]
    ---
    > preprocessing ... [0.032s]
    > preparing ... 8616 sequences, created 11328 (0.08) nodes [0.00s]
    > counting ... 15391 transactions (1000), processed 37628159 (0.07, 0.29) nodes [0.34s]
    > writing ... 8616 counts, processed 154653 (0.55) nodes [0.00s]
    149a156,158
    > preparing ... 8616 sequences, created 11328 (0.08) nodes [0.00s]
    > counting ... 46821 transactions (8616), processed 1139646 (0.37, 0.11) nodes [0.01s]
    > writing ... 8616 counts, processed 154653 (0.55) nodes [0.00s]
    156a166
    > checking ... 8616 counts [0.02s, 0.01s]
    164a175
    > checking ... 8616 counts [0.02s, 0.01s]
     Running 'similarity.R' [3s]
    Running the tests in 'tests/similarity.R' failed.
    Complete output:
     >
     > library("arulesSequences")
     Loading required package: arules
     Loading required package: Matrix
    
     Attaching package: 'arules'
    
     The following objects are masked from 'package:base':
    
     abbreviate, write
    
     >
     > ### ceeboo 2008, 2016
     >
     > data(zaki)
     >
     > z <- as(zaki, "timedsequences")
     > as(as(z, "sequences"), "data.frame")
     sequence sequenceID
     1 <{C,D},{A,B,C},{A,B,F},{A,C,D,F}> 1
     2 <{A,B,F},{E}> 2
     3 <{A,B,F}> 3
     4 <{D,G,H},{B,F},{A,G,H}> 4
     >
     > s <- similarity(z)
     > s
     4 x 4 sparse Matrix of class "dsCMatrix"
     Error in isFALSE(suppRows) : could not find function "isFALSE"
     Calls: <Anonymous> -> <Anonymous> -> printSpMatrix2
     Execution halted
Flavor: r-oldrel-windows-ix86+x86_64