CRAN Package Check Results for Package arulesSequences

Last updated on 2015-03-02 19:52:08.

Flavor Version Tinstall Tcheck Ttotal Status Flags
r-devel-linux-x86_64-debian-clang 0.2-6 8.97 57.80 66.78 OK
r-devel-linux-x86_64-debian-gcc 0.2-6 10.52 55.18 65.70 OK
r-devel-linux-x86_64-fedora-clang 0.2-6 148.89 OK
r-devel-linux-x86_64-fedora-gcc 0.2-6 131.57 OK
r-devel-osx-x86_64-clang 0.2-6 120.98 OK
r-devel-windows-ix86+x86_64 0.2-6 80.00 169.00 249.00 NOTE
r-patched-linux-x86_64 0.2-6 11.82 72.62 84.45 OK
r-patched-solaris-sparc 0.2-6 1057.20 OK
r-patched-solaris-x86 0.2-6 242.30 OK
r-release-linux-ix86 0.2-6 14.72 86.66 101.38 OK
r-release-linux-x86_64 0.2-6 11.92 71.71 83.63 OK
r-release-osx-x86_64-mavericks 0.2-6 OK
r-release-osx-x86_64-snowleopard 0.2-6 OK
r-release-windows-ix86+x86_64 0.2-6 74.00 207.00 281.00 NOTE
r-oldrel-windows-ix86+x86_64 0.2-6 44.00 143.00 187.00 NOTE

Check Details

Version: 0.2-6
Check: installed package size
Result: NOTE
     installed size is 14.4Mb
     sub-directories of 1Mb or more:
     bin 11.7Mb
     misc 2.1Mb
Flavors: r-devel-windows-ix86+x86_64, r-release-windows-ix86+x86_64, r-oldrel-windows-ix86+x86_64