CRAN Package Check Results for Package arulesSequences

Last updated on 2015-07-30 13:47:17.

Flavor Version Tinstall Tcheck Ttotal Status Flags
r-devel-linux-x86_64-debian-clang 0.2-6 9.55 61.21 70.76 NOTE
r-devel-linux-x86_64-debian-gcc 0.2-6 10.08 59.99 70.06 NOTE
r-devel-linux-x86_64-fedora-clang 0.2-6 147.53 NOTE
r-devel-linux-x86_64-fedora-gcc 0.2-6 133.99 NOTE
r-devel-osx-x86_64-clang 0.2-6 116.47 OK
r-devel-windows-ix86+x86_64 0.2-6 63.00 129.00 192.00 NOTE
r-patched-linux-x86_64 0.2-6 10.08 57.23 67.31 OK
r-patched-solaris-sparc 0.2-6 856.60 OK
r-patched-solaris-x86 0.2-6 181.50 OK
r-release-linux-x86_64 0.2-6 10.13 56.91 67.04 OK
r-release-osx-x86_64-mavericks 0.2-6 OK
r-release-windows-ix86+x86_64 0.2-6 55.00 134.00 189.00 NOTE
r-oldrel-windows-ix86+x86_64 0.2-6 47.00 151.00 198.00 NOTE

Check Details

Version: 0.2-6
Check: R code for possible problems
Result: NOTE
    read_baskets: no visible binding for global variable ‘type.convert’
    summary,sequences: no visible global function definition for ‘head’
    summary,sequences: no visible global function definition for ‘tail’
    summary,timedsequences: no visible global function definition for
     ‘head’
    summary,timedsequences: no visible global function definition for
     ‘tail’
    Undefined global functions or variables:
     head tail type.convert
    Consider adding
     importFrom("utils", "head", "tail", "type.convert")
    to your NAMESPACE.
Flavors: r-devel-linux-x86_64-debian-clang, r-devel-linux-x86_64-debian-gcc, r-devel-linux-x86_64-fedora-clang, r-devel-linux-x86_64-fedora-gcc, r-devel-windows-ix86+x86_64

Version: 0.2-6
Check: installed package size
Result: NOTE
     installed size is 14.4Mb
     sub-directories of 1Mb or more:
     bin 11.7Mb
     misc 2.1Mb
Flavors: r-devel-windows-ix86+x86_64, r-release-windows-ix86+x86_64, r-oldrel-windows-ix86+x86_64