CRAN Package Check Results for Package arulesSequences

Last updated on 2019-01-19 21:46:18 CET.

Flavor Version Tinstall Tcheck Ttotal Status Flags
r-devel-linux-x86_64-debian-clang 0.2-20 25.18 128.64 153.82 OK
r-devel-linux-x86_64-debian-gcc 0.2-20 22.38 97.44 119.82 OK
r-devel-linux-x86_64-fedora-clang 0.2-20 196.91 OK
r-devel-linux-x86_64-fedora-gcc 0.2-20 181.59 OK
r-devel-windows-ix86+x86_64 0.2-20 98.00 212.00 310.00 NOTE
r-patched-linux-x86_64 0.2-20 25.06 121.92 146.98 NOTE
r-patched-solaris-x86 0.2-20 268.00 OK
r-release-linux-x86_64 0.2-20 27.78 121.67 149.45 NOTE
r-release-windows-ix86+x86_64 0.2-20 91.00 258.00 349.00 NOTE
r-release-osx-x86_64 0.2-20 OK
r-oldrel-windows-ix86+x86_64 0.2-20 71.00 187.00 258.00 NOTE
r-oldrel-osx-x86_64 0.2-20 OK

Additional issues

rchk

Check Details

Version: 0.2-20
Check: installed package size
Result: NOTE
     installed size is 15.1Mb
     sub-directories of 1Mb or more:
     bin 12.0Mb
     misc 2.1Mb
Flavors: r-devel-windows-ix86+x86_64, r-release-windows-ix86+x86_64, r-oldrel-windows-ix86+x86_64

Version: 0.2-20
Check: DESCRIPTION meta-information
Result: NOTE
    Dependence on R version ‘3.3.2’ not with patchlevel 0
Flavors: r-patched-linux-x86_64, r-release-linux-x86_64