CRAN Package Check Results for Package arulesSequences

Last updated on 2014-11-23 01:47:58.

Flavor Version Tinstall Tcheck Ttotal Status Flags
r-devel-linux-x86_64-debian-clang 0.2-6 9.73 70.14 79.88 OK
r-devel-linux-x86_64-debian-gcc 0.2-6 10.95 67.72 78.67 OK
r-devel-linux-x86_64-fedora-clang 0.2-6 198.62 OK
r-devel-linux-x86_64-fedora-gcc 0.2-6 185.91 OK
r-devel-osx-x86_64-clang 0.2-6 159.61 OK
r-devel-windows-ix86+x86_64 0.2-6 43.00 136.00 179.00 NOTE
r-patched-linux-x86_64 0.2-6 11.42 71.83 83.25 OK
r-patched-solaris-sparc 0.2-6 1054.80 OK
r-patched-solaris-x86 0.2-6 243.10 OK
r-release-linux-ix86 0.2-6 14.31 98.04 112.35 OK
r-release-linux-x86_64 0.2-6 11.27 73.08 84.36 OK
r-release-osx-x86_64-mavericks 0.2-6 OK
r-release-osx-x86_64-snowleopard 0.2-6 OK
r-release-windows-ix86+x86_64 0.2-6 35.00 155.00 190.00 NOTE
r-oldrel-windows-ix86+x86_64 0.2-6 45.00 149.00 194.00 NOTE

Check Details

Version: 0.2-6
Check: installed package size
Result: NOTE
     installed size is 14.5Mb
     sub-directories of 1Mb or more:
     bin 11.7Mb
     misc 2.1Mb
Flavors: r-devel-windows-ix86+x86_64, r-release-windows-ix86+x86_64, r-oldrel-windows-ix86+x86_64