CRAN Package Check Results for Package arulesSequences

Last updated on 2014-07-22 19:47:47.

Flavor Version Tinstall Tcheck Ttotal Status Flags
r-devel-linux-x86_64-debian-clang 0.2-6 9.73 71.09 80.82 OK
r-devel-linux-x86_64-debian-gcc 0.2-6 11.24 68.99 80.23 OK
r-devel-linux-x86_64-fedora-clang 0.2-6 207.27 OK
r-devel-linux-x86_64-fedora-gcc 0.2-6 191.26 OK
r-devel-osx-x86_64-clang 0.2-6 156.57 OK
r-devel-windows-ix86+x86_64 0.2-6 47.00 144.00 191.00 NOTE
r-patched-linux-x86_64 0.2-6 12.51 71.42 83.92 OK
r-patched-solaris-sparc 0.2-6 1022.80 OK
r-patched-solaris-x86 0.2-6 242.90 OK
r-release-linux-ix86 0.2-6 14.40 87.73 102.14 OK
r-release-linux-x86_64 0.2-6 11.66 71.51 83.16 OK
r-release-osx-x86_64-mavericks 0.2-6 OK
r-release-osx-x86_64-snowleopard 0.2-6 OK
r-release-windows-ix86+x86_64 0.2-6 42.00 145.00 187.00 NOTE
r-oldrel-windows-ix86+x86_64 0.2-6 45.00 148.00 193.00 NOTE

Check Details

Version: 0.2-6
Check: installed package size
Result: NOTE
     installed size is 14.5Mb
     sub-directories of 1Mb or more:
     bin 11.7Mb
     misc 2.1Mb
Flavors: r-devel-windows-ix86+x86_64, r-release-windows-ix86+x86_64, r-oldrel-windows-ix86+x86_64