CRAN Package Check Results for Package arulesSequences

Last updated on 2016-07-30 04:48:55.

Flavor Version Tinstall Tcheck Ttotal Status Flags
r-devel-linux-x86_64-debian-clang 0.2-15 13.06 70.09 83.15 OK
r-devel-linux-x86_64-debian-gcc 0.2-15 13.23 68.28 81.51 OK
r-devel-linux-x86_64-fedora-clang 0.2-15 165.39 OK
r-devel-linux-x86_64-fedora-gcc 0.2-15 147.83 OK
r-devel-osx-x86_64-clang 0.2-15 127.13 OK
r-devel-windows-ix86+x86_64 0.2-15 45.00 168.00 213.00 NOTE
r-patched-linux-x86_64 0.2-15 13.69 71.65 85.35 OK
r-patched-solaris-sparc 0.2-15 872.10 OK
r-patched-solaris-x86 0.2-15 187.90 OK
r-release-linux-x86_64 0.2-15 12.49 76.63 89.12 OK
r-release-osx-x86_64-mavericks 0.2-15 OK
r-release-windows-ix86+x86_64 0.2-15 74.00 172.00 246.00 NOTE
r-oldrel-windows-ix86+x86_64 0.2-15 77.00 169.00 246.00 NOTE

Check Details

Version: 0.2-15
Check: installed package size
Result: NOTE
     installed size is 14.8Mb
     sub-directories of 1Mb or more:
     bin 12.0Mb
     misc 2.1Mb
Flavors: r-devel-windows-ix86+x86_64, r-release-windows-ix86+x86_64, r-oldrel-windows-ix86+x86_64