CRAN Package Check Results for Package arulesSequences

Last updated on 2017-10-19 01:46:05.

Flavor Version Tinstall Tcheck Ttotal Status Flags
r-devel-linux-x86_64-debian-clang 0.2-19 11.14 75.26 86.40 OK
r-devel-linux-x86_64-debian-gcc 0.2-19 14.21 82.09 96.31 OK
r-devel-linux-x86_64-fedora-clang 0.2-19 203.04 OK
r-devel-linux-x86_64-fedora-gcc 0.2-19 190.31 OK
r-devel-windows-ix86+x86_64 0.2-19 50.00 175.00 225.00 NOTE
r-patched-linux-x86_64 0.2-19 11.38 75.86 87.24 OK
r-patched-solaris-x86 0.2-19 259.90 OK
r-release-linux-x86_64 0.2-19 11.49 75.67 87.16 OK
r-release-windows-ix86+x86_64 0.2-19 79.00 220.00 299.00 NOTE
r-release-osx-x86_64 0.2-19 OK
r-oldrel-windows-ix86+x86_64 0.2-19 68.00 215.00 283.00 NOTE
r-oldrel-osx-x86_64 0.2-19 OK

Additional issues

rchk

Check Details

Version: 0.2-19
Check: installed package size
Result: NOTE
     installed size is 14.8Mb
     sub-directories of 1Mb or more:
     bin 12.0Mb
     misc 2.1Mb
Flavors: r-devel-windows-ix86+x86_64, r-release-windows-ix86+x86_64, r-oldrel-windows-ix86+x86_64