CRAN Package Check Results for Package arulesSequences

Last updated on 2014-12-20 15:46:20.

Flavor Version Tinstall Tcheck Ttotal Status Flags
r-devel-linux-x86_64-debian-clang 0.2-6 9.89 67.74 77.64 OK
r-devel-linux-x86_64-debian-gcc 0.2-6 11.62 66.38 78.00 OK
r-devel-linux-x86_64-fedora-clang 0.2-6 201.41 OK
r-devel-linux-x86_64-fedora-gcc 0.2-6 183.51 OK
r-devel-osx-x86_64-clang 0.2-6 158.18 OK
r-devel-windows-ix86+x86_64 0.2-6 46.00 133.00 179.00 NOTE
r-patched-linux-x86_64 0.2-6 11.30 70.12 81.42 OK
r-patched-solaris-sparc 0.2-6 1054.80 OK
r-patched-solaris-x86 0.2-6 243.70 OK
r-release-linux-ix86 0.2-6 13.76 87.99 101.75 OK
r-release-linux-x86_64 0.2-6 11.27 70.29 81.56 OK
r-release-osx-x86_64-mavericks 0.2-6 OK
r-release-osx-x86_64-snowleopard 0.2-6 OK
r-release-windows-ix86+x86_64 0.2-6 48.00 151.00 199.00 NOTE
r-oldrel-windows-ix86+x86_64 0.2-6 41.00 154.00 195.00 NOTE

Check Details

Version: 0.2-6
Check: installed package size
Result: NOTE
     installed size is 14.5Mb
     sub-directories of 1Mb or more:
     bin 11.7Mb
     misc 2.1Mb
Flavors: r-devel-windows-ix86+x86_64, r-release-windows-ix86+x86_64, r-oldrel-windows-ix86+x86_64