CRAN Package Check Results for Package arulesSequences

Last updated on 2016-08-29 19:48:09.

Flavor Version Tinstall Tcheck Ttotal Status Flags
r-devel-linux-x86_64-debian-clang 0.2-16 11.54 74.97 86.52 OK
r-devel-linux-x86_64-debian-gcc 0.2-16 11.51 73.15 84.66 OK
r-devel-linux-x86_64-fedora-clang 0.2-16 179.00 OK
r-devel-linux-x86_64-fedora-gcc 0.2-16 161.92 OK
r-devel-osx-x86_64-clang 0.2-16 135.31 OK
r-devel-windows-ix86+x86_64 0.2-16 89.00 241.00 330.00 NOTE
r-patched-linux-x86_64 0.2-16 10.35 67.96 78.31 OK
r-patched-solaris-sparc 0.2-16 934.10 OK
r-patched-solaris-x86 0.2-16 195.90 OK
r-release-linux-x86_64 0.2-16 9.89 66.01 75.91 OK
r-release-osx-x86_64-mavericks 0.2-16 OK
r-release-windows-ix86+x86_64 0.2-16 58.00 147.00 205.00 NOTE
r-oldrel-windows-ix86+x86_64 0.2-16 72.00 250.00 322.00 NOTE

Check Details

Version: 0.2-16
Check: installed package size
Result: NOTE
     installed size is 14.8Mb
     sub-directories of 1Mb or more:
     bin 12.0Mb
     misc 2.1Mb
Flavors: r-devel-windows-ix86+x86_64, r-release-windows-ix86+x86_64, r-oldrel-windows-ix86+x86_64