CRAN Package Check Results for Package arulesSequences

Last updated on 2017-04-30 05:48:09.

Flavor Version Tinstall Tcheck Ttotal Status Flags
r-devel-linux-x86_64-debian-clang 0.2-18 11.61 76.38 87.98 WARN
r-devel-linux-x86_64-debian-gcc 0.2-18 11.31 74.46 85.76 WARN
r-devel-linux-x86_64-fedora-clang 0.2-18 199.52 WARN --no-stop-on-test-error
r-devel-linux-x86_64-fedora-gcc 0.2-18 185.25 WARN --no-stop-on-test-error
r-devel-windows-ix86+x86_64 0.2-18 77.00 251.00 328.00 WARN
r-patched-linux-x86_64 0.2-18 10.40 74.27 84.67 OK
r-patched-solaris-sparc 0.2-18 1118.10 OK
r-patched-solaris-x86 0.2-18 242.10 OK
r-release-linux-x86_64 0.2-18 10.21 73.23 83.44 OK
r-release-windows-ix86+x86_64 0.2-18 104.00 261.00 365.00 NOTE
r-release-osx-x86_64 0.2-18 OK
r-oldrel-windows-ix86+x86_64 0.2-18 103.00 217.00 320.00 NOTE
r-oldrel-osx-x86_64 0.2-18 OK

Check Details

Version: 0.2-18
Check: for code/documentation mismatches
Result: WARN
    Functions or methods with usage in documentation object 'subset-methods' but not in code:
     [
Flavors: r-devel-linux-x86_64-debian-clang, r-devel-linux-x86_64-debian-gcc, r-devel-windows-ix86+x86_64

Version: 0.2-18
Flags: --no-stop-on-test-error
Check: for code/documentation mismatches
Result: WARN
    Functions or methods with usage in documentation object 'subset-methods' but not in code:
     [
Flavors: r-devel-linux-x86_64-fedora-clang, r-devel-linux-x86_64-fedora-gcc

Version: 0.2-18
Check: installed package size
Result: NOTE
     installed size is 14.8Mb
     sub-directories of 1Mb or more:
     bin 12.0Mb
     misc 2.1Mb
Flavors: r-devel-windows-ix86+x86_64, r-release-windows-ix86+x86_64, r-oldrel-windows-ix86+x86_64