CRAN Package Check Results for Package arulesSequences

Last updated on 2015-09-02 23:46:44.

Flavor Version Tinstall Tcheck Ttotal Status Flags
r-devel-linux-x86_64-debian-clang 0.2-8 8.90 54.83 63.74 OK
r-devel-linux-x86_64-debian-gcc 0.2-8 9.91 53.61 63.52 OK
r-devel-linux-x86_64-fedora-clang 0.2-8 141.31 OK
r-devel-linux-x86_64-fedora-gcc 0.2-8 128.73 OK
r-devel-osx-x86_64-clang 0.2-8 104.92 OK
r-devel-windows-ix86+x86_64 0.2-8 68.00 164.00 232.00 NOTE
r-patched-linux-x86_64 0.2-8 10.19 58.36 68.55 OK
r-patched-solaris-sparc 0.2-8 754.30 OK
r-patched-solaris-x86 0.2-8 181.90 OK
r-release-linux-x86_64 0.2-8 10.53 59.78 70.31 OK
r-release-osx-x86_64-mavericks 0.2-8 OK
r-release-windows-ix86+x86_64 0.2-8 56.00 189.00 245.00 NOTE
r-oldrel-windows-ix86+x86_64 0.2-8 62.00 191.00 253.00 NOTE

Check Details

Version: 0.2-8
Check: installed package size
Result: NOTE
     installed size is 14.4Mb
     sub-directories of 1Mb or more:
     bin 11.7Mb
     misc 2.1Mb
Flavors: r-devel-windows-ix86+x86_64, r-release-windows-ix86+x86_64, r-oldrel-windows-ix86+x86_64