CRAN Package Check Results for Package arulesSequences

Last updated on 2015-05-23 08:46:54.

Flavor Version Tinstall Tcheck Ttotal Status Flags
r-devel-linux-x86_64-debian-clang 0.2-6 10.70 57.02 67.72 OK
r-devel-linux-x86_64-debian-gcc 0.2-6 10.12 55.45 65.57 OK
r-devel-linux-x86_64-fedora-clang 0.2-6 145.76 OK
r-devel-linux-x86_64-fedora-gcc 0.2-6 135.41 OK
r-devel-osx-x86_64-clang 0.2-6 119.54 OK
r-devel-windows-ix86+x86_64 0.2-6 45.00 127.00 172.00 NOTE
r-patched-linux-x86_64 0.2-6 10.33 58.42 68.75 OK
r-patched-solaris-sparc 0.2-6 818.30 OK
r-patched-solaris-x86 0.2-6 181.70 OK
r-release-linux-x86_64 0.2-6 11.54 55.77 67.31 OK
r-release-osx-x86_64-mavericks 0.2-6 OK
r-release-osx-x86_64-snowleopard 0.2-6 ERROR
r-release-windows-ix86+x86_64 0.2-6 45.00 125.00 170.00 NOTE
r-oldrel-windows-ix86+x86_64 0.2-6 49.00 151.00 200.00 NOTE

Check Details

Version: 0.2-6
Check: installed package size
Result: NOTE
     installed size is 14.4Mb
     sub-directories of 1Mb or more:
     bin 11.7Mb
     misc 2.1Mb
Flavors: r-devel-windows-ix86+x86_64, r-release-windows-ix86+x86_64, r-oldrel-windows-ix86+x86_64

Version: 0.2-6
Check: package dependencies
Result: ERROR
    Package required but not available: ‘arules’
    
    See section ‘The DESCRIPTION file’ in the ‘Writing R Extensions’
    manual.
Flavor: r-release-osx-x86_64-snowleopard