CRAN Package Check Results for Package arulesSequences

Last updated on 2017-12-12 02:49:24 CET.

Flavor Version Tinstall Tcheck Ttotal Status Flags
r-devel-linux-x86_64-debian-clang 0.2-19 14.93 97.77 112.70 OK
r-devel-linux-x86_64-debian-gcc 0.2-19 13.25 90.03 103.28 OK
r-devel-linux-x86_64-fedora-clang 0.2-19 174.29 OK
r-devel-linux-x86_64-fedora-gcc 0.2-19 160.97 OK
r-devel-windows-ix86+x86_64 0.2-19 67.00 176.00 243.00 NOTE
r-patched-linux-x86_64 0.2-19 16.69 122.97 139.66 OK
r-patched-solaris-x86 0.2-19 253.50 OK
r-release-linux-x86_64 0.2-19 14.96 121.94 136.90 OK
r-release-windows-ix86+x86_64 0.2-19 47.00 198.00 245.00 NOTE
r-release-osx-x86_64 0.2-19 OK
r-oldrel-windows-ix86+x86_64 0.2-19 85.00 228.00 313.00 NOTE
r-oldrel-osx-x86_64 0.2-19 OK

Additional issues

rchk

Check Details

Version: 0.2-19
Check: installed package size
Result: NOTE
     installed size is 14.8Mb
     sub-directories of 1Mb or more:
     bin 12.0Mb
     misc 2.1Mb
Flavors: r-devel-windows-ix86+x86_64, r-release-windows-ix86+x86_64, r-oldrel-windows-ix86+x86_64