CRAN Package Check Results for Package arulesSequences

Last updated on 2018-09-26 08:48:00 CEST.

Flavor Version Tinstall Tcheck Ttotal Status Flags
r-devel-linux-x86_64-debian-clang 0.2-20 26.55 145.48 172.03 OK
r-devel-linux-x86_64-debian-gcc 0.2-20 22.83 115.01 137.84 OK
r-devel-linux-x86_64-fedora-clang 0.2-20 214.32 OK
r-devel-linux-x86_64-fedora-gcc 0.2-20 200.97 OK
r-devel-windows-ix86+x86_64 0.2-20 76.00 298.00 374.00 NOTE
r-patched-linux-x86_64 0.2-20 24.99 123.05 148.04 NOTE
r-patched-solaris-x86 0.2-20 253.50 OK
r-release-linux-x86_64 0.2-20 26.33 122.66 148.99 NOTE
r-release-windows-ix86+x86_64 0.2-20 62.00 260.00 322.00 NOTE
r-release-osx-x86_64 0.2-20 OK
r-oldrel-windows-ix86+x86_64 0.2-20 53.00 268.00 321.00 NOTE
r-oldrel-osx-x86_64 0.2-20 OK

Check Details

Version: 0.2-20
Check: installed package size
Result: NOTE
     installed size is 15.1Mb
     sub-directories of 1Mb or more:
     bin 12.0Mb
     misc 2.1Mb
Flavors: r-devel-windows-ix86+x86_64, r-release-windows-ix86+x86_64, r-oldrel-windows-ix86+x86_64

Version: 0.2-20
Check: DESCRIPTION meta-information
Result: NOTE
    Dependence on R version ‘3.3.2’ not with patchlevel 0
Flavors: r-patched-linux-x86_64, r-release-linux-x86_64