CRAN Package Check Results for Package arulesSequences

Last updated on 2017-08-23 09:47:02.

Flavor Version Tinstall Tcheck Ttotal Status Flags
r-devel-linux-x86_64-debian-clang 0.2-19 11.65 74.30 85.95 OK
r-devel-linux-x86_64-debian-gcc 0.2-19 11.64 72.41 84.05 OK
r-devel-linux-x86_64-fedora-clang 0.2-19 197.88 OK
r-devel-linux-x86_64-fedora-gcc 0.2-19 184.95 OK
r-devel-windows-ix86+x86_64 0.2-19 48.00 263.00 311.00 NOTE
r-patched-linux-x86_64 0.2-19 11.25 74.93 86.19 OK
r-patched-solaris-x86 0.2-19 259.40 OK
r-release-linux-x86_64 0.2-19 11.09 73.85 84.94 OK
r-release-windows-ix86+x86_64 0.2-19 55.00 249.00 304.00 NOTE
r-release-osx-x86_64 0.2-19 OK
r-oldrel-windows-ix86+x86_64 0.2-19 79.00 195.00 274.00 NOTE
r-oldrel-osx-x86_64 0.2-19 OK

Additional issues

rchk

Check Details

Version: 0.2-19
Check: installed package size
Result: NOTE
     installed size is 14.8Mb
     sub-directories of 1Mb or more:
     bin 12.0Mb
     misc 2.1Mb
Flavors: r-devel-windows-ix86+x86_64, r-release-windows-ix86+x86_64, r-oldrel-windows-ix86+x86_64