CRAN Package Check Results for Package arulesSequences

Last updated on 2015-01-28 05:48:39.

Flavor Version Tinstall Tcheck Ttotal Status Flags
r-devel-linux-x86_64-debian-clang 0.2-6 10.00 65.56 75.57 OK
r-devel-linux-x86_64-debian-gcc 0.2-6 11.00 64.01 75.01 OK
r-devel-linux-x86_64-fedora-clang 0.2-6 195.52 OK
r-devel-linux-x86_64-fedora-gcc 0.2-6 190.66 OK
r-devel-osx-x86_64-clang 0.2-6 154.48 OK
r-devel-windows-ix86+x86_64 0.2-6 69.00 136.00 205.00 NOTE
r-patched-linux-x86_64 0.2-6 11.41 71.41 82.82 OK
r-patched-solaris-sparc 0.2-6 1057.20 OK
r-patched-solaris-x86 0.2-6 245.00 OK
r-release-linux-ix86 0.2-6 13.68 85.07 98.74 OK
r-release-linux-x86_64 0.2-6 11.21 70.70 81.91 OK
r-release-osx-x86_64-mavericks 0.2-6 OK
r-release-osx-x86_64-snowleopard 0.2-6 OK
r-release-windows-ix86+x86_64 0.2-6 47.00 154.00 201.00 NOTE
r-oldrel-windows-ix86+x86_64 0.2-6 47.00 152.00 199.00 NOTE

Check Details

Version: 0.2-6
Check: installed package size
Result: NOTE
     installed size is 14.5Mb
     sub-directories of 1Mb or more:
     bin 11.7Mb
     misc 2.1Mb
Flavors: r-devel-windows-ix86+x86_64, r-release-windows-ix86+x86_64, r-oldrel-windows-ix86+x86_64