CRAN Package Check Results for Package arulesViz

Last updated on 2014-07-25 21:47:48.

Flavor Version Tinstall Tcheck Ttotal Status Flags
r-devel-linux-x86_64-debian-clang 0.1-9 4.90 87.48 92.38 OK
r-devel-linux-x86_64-debian-gcc 0.1-9 4.76 84.74 89.50 OK
r-devel-linux-x86_64-fedora-clang 0.1-9 224.43 OK
r-devel-linux-x86_64-fedora-gcc 0.1-9 214.40 OK
r-devel-osx-x86_64-clang 0.1-9 172.52 OK
r-devel-windows-ix86+x86_64 0.1-9 14.00 126.00 140.00 OK
r-patched-linux-x86_64 0.1-9 4.96 86.91 91.87 OK
r-patched-solaris-sparc 0.1-9 1167.60 OK
r-patched-solaris-x86 0.1-9 276.60 OK
r-release-linux-ix86 0.1-9 5.91 106.80 112.71 OK
r-release-linux-x86_64 0.1-9 5.02 87.66 92.67 OK
r-release-osx-x86_64-mavericks 0.1-9 NOTE
r-release-osx-x86_64-snowleopard 0.1-9 NOTE
r-release-windows-ix86+x86_64 0.1-9 12.00 130.00 142.00 OK
r-oldrel-windows-ix86+x86_64 0.1-9 14.00 121.00 135.00 OK

Check Details

Version: 0.1-9
Check: package dependencies
Result: NOTE
    Packages suggested but not available for checking: ‘Rgraphviz’ ‘graph’
Flavors: r-release-osx-x86_64-mavericks, r-release-osx-x86_64-snowleopard