CRAN Package Check Results for Package arulesViz

Last updated on 2018-01-18 02:51:46 CET.

Flavor Version Tinstall Tcheck Ttotal Status Flags
r-devel-linux-x86_64-debian-clang 1.3-0 7.20 124.20 131.40 OK
r-devel-linux-x86_64-debian-gcc 1.3-0 6.03 106.88 112.91 OK
r-devel-linux-x86_64-fedora-clang 1.3-0 167.98 OK
r-devel-linux-x86_64-fedora-gcc 1.3-0 188.78 OK
r-devel-windows-ix86+x86_64 1.3-0 16.00 142.00 158.00 OK
r-patched-linux-x86_64 1.3-0 7.58 147.06 154.64 OK
r-patched-solaris-x86 1.3-0 268.60 OK
r-release-linux-x86_64 1.3-0 9.48 147.11 156.59 OK
r-release-windows-ix86+x86_64 1.3-0 18.00 155.00 173.00 OK
r-release-osx-x86_64 1.3-0 NOTE
r-oldrel-windows-ix86+x86_64 1.3-0 24.00 152.00 176.00 OK
r-oldrel-osx-x86_64 1.3-0 OK

Check Details

Version: 1.3-0
Check: package dependencies
Result: NOTE
    Packages suggested but not available for checking: ‘graph’ ‘Rgraphviz’
Flavor: r-release-osx-x86_64