CRAN Package Check Results for Package arulesViz

Last updated on 2014-11-28 19:51:13.

Flavor Version Tinstall Tcheck Ttotal Status Flags
r-devel-linux-x86_64-debian-clang 0.1-9 4.77 86.30 91.07 OK
r-devel-linux-x86_64-debian-gcc 0.1-9 4.66 88.16 92.83 OK
r-devel-linux-x86_64-fedora-clang 0.1-9 217.30 OK
r-devel-linux-x86_64-fedora-gcc 0.1-9 238.76 OK
r-devel-osx-x86_64-clang 0.1-9 174.66 OK
r-devel-windows-ix86+x86_64 0.1-9 13.00 118.00 131.00 OK
r-patched-linux-x86_64 0.1-9 4.86 89.02 93.89 OK
r-patched-solaris-sparc 0.1-9 1218.50 OK
r-patched-solaris-x86 0.1-9 267.10 OK
r-release-linux-ix86 0.1-9 5.56 102.82 108.38 OK
r-release-linux-x86_64 0.1-9 4.89 95.25 100.14 OK
r-release-osx-x86_64-mavericks 0.1-9 NOTE
r-release-osx-x86_64-snowleopard 0.1-9 NOTE
r-release-windows-ix86+x86_64 0.1-9 13.00 130.00 143.00 OK
r-oldrel-windows-ix86+x86_64 0.1-9 13.00 125.00 138.00 OK

Check Details

Version: 0.1-9
Check: package dependencies
Result: NOTE
    Packages suggested but not available for checking: ‘Rgraphviz’ ‘graph’
Flavors: r-release-osx-x86_64-mavericks, r-release-osx-x86_64-snowleopard