CRAN Package Check Results for Package arulesViz

Last updated on 2017-02-21 03:49:09.

Flavor Version Tinstall Tcheck Ttotal Status Flags
r-devel-linux-x86_64-debian-clang 1.2-0 5.69 87.40 93.09 OK
r-devel-linux-x86_64-debian-gcc 1.2-0 5.94 87.03 92.97 OK
r-devel-linux-x86_64-fedora-clang 1.2-0 200.27 OK --no-stop-on-test-error
r-devel-linux-x86_64-fedora-gcc 1.2-0 196.63 OK --no-stop-on-test-error
r-devel-macos-x86_64-clang 1.2-0 148.98 OK --no-stop-on-test-error
r-devel-windows-ix86+x86_64 1.2-0 30.00 210.00 240.00 OK
r-patched-linux-x86_64 1.2-0 5.81 78.68 84.49 OK
r-patched-solaris-sparc 1.2-0 1056.50 OK
r-patched-solaris-x86 1.2-0 223.50 OK
r-release-linux-x86_64 1.2-0 5.55 79.05 84.60 OK
r-release-osx-x86_64-mavericks 1.2-0 WARN
r-release-windows-ix86+x86_64 1.2-0 26.00 140.00 166.00 OK
r-oldrel-windows-ix86+x86_64 1.2-0 19.00 167.00 186.00 WARN

Check Details

Version: 1.2-0
Check: whether package can be installed
Result: WARN
    Found the following significant warnings:
     Warning: failed to assign NativeSymbolInfo for lhs since lhs is already defined in the ‘lazyeval’ namespace
     Warning: failed to assign NativeSymbolInfo for rhs since rhs is already defined in the ‘lazyeval’ namespace
Flavors: r-release-osx-x86_64-mavericks, r-oldrel-windows-ix86+x86_64