CRAN Package Check Results for Package arulesViz

Last updated on 2017-08-16 20:47:50.

Flavor Version Tinstall Tcheck Ttotal Status Flags
r-devel-linux-x86_64-debian-clang 1.2-1 6.66 89.78 96.43 OK
r-devel-linux-x86_64-debian-gcc 1.2-1 7.01 89.28 96.29 OK
r-devel-linux-x86_64-fedora-clang 1.2-1 204.33 OK
r-devel-linux-x86_64-fedora-gcc 1.2-1 202.00 OK
r-devel-windows-ix86+x86_64 1.2-1 16.00 147.00 163.00 OK
r-patched-linux-x86_64 1.2-1 6.74 92.00 98.75 OK
r-patched-solaris-x86 1.2-1 255.20 OK
r-release-linux-x86_64 1.2-1 6.91 92.29 99.20 OK
r-release-windows-ix86+x86_64 1.2-1 21.00 218.00 239.00 OK
r-release-osx-x86_64 1.2-1 NOTE
r-oldrel-windows-ix86+x86_64 1.2-1 20.00 143.00 163.00 OK
r-oldrel-osx-x86_64 1.2-1 OK

Check Details

Version: 1.2-1
Check: package dependencies
Result: NOTE
    Packages suggested but not available for checking: ‘graph’ ‘Rgraphviz’
Flavor: r-release-osx-x86_64