CRAN Package Check Results for Package arulesViz

Last updated on 2014-08-31 09:48:12.

Flavor Version Tinstall Tcheck Ttotal Status Flags
r-devel-linux-x86_64-debian-clang 0.1-9 4.87 83.95 88.82 OK
r-devel-linux-x86_64-debian-gcc 0.1-9 4.62 85.82 90.44 OK
r-devel-linux-x86_64-fedora-clang 0.1-9 224.54 OK
r-devel-linux-x86_64-fedora-gcc 0.1-9 211.22 OK
r-devel-osx-x86_64-clang 0.1-9 165.69 OK
r-devel-windows-ix86+x86_64 0.1-9 15.00 120.00 135.00 OK
r-patched-linux-x86_64 0.1-9 4.94 87.37 92.31 OK
r-patched-solaris-sparc 0.1-9 1218.50 OK
r-patched-solaris-x86 0.1-9 281.10 OK
r-release-linux-ix86 0.1-9 5.90 105.24 111.14 OK
r-release-linux-x86_64 0.1-9 5.21 87.72 92.92 OK
r-release-osx-x86_64-mavericks 0.1-9 NOTE
r-release-osx-x86_64-snowleopard 0.1-9 NOTE
r-release-windows-ix86+x86_64 0.1-9 13.00 125.00 138.00 OK
r-oldrel-windows-ix86+x86_64 0.1-9 14.00 123.00 137.00 OK

Check Details

Version: 0.1-9
Check: package dependencies
Result: NOTE
    Packages suggested but not available for checking: ‘Rgraphviz’ ‘graph’
Flavors: r-release-osx-x86_64-mavericks, r-release-osx-x86_64-snowleopard