CRAN Package Check Results for Package arulesViz

Last updated on 2015-05-23 06:46:38.

Flavor Version Tinstall Tcheck Ttotal Status Flags
r-devel-linux-x86_64-debian-clang 1.0-0 3.59 62.10 65.69 OK
r-devel-linux-x86_64-debian-gcc 1.0-0 3.46 60.12 63.58 OK
r-devel-linux-x86_64-fedora-clang 1.0-0 134.72 OK
r-devel-linux-x86_64-fedora-gcc 1.0-0 130.30 OK
r-devel-osx-x86_64-clang 1.0-0 117.44 OK
r-devel-windows-ix86+x86_64 1.0-0 11.00 92.00 103.00 OK
r-patched-linux-x86_64 1.0-0 3.46 61.20 64.66 OK
r-patched-solaris-sparc 1.0-0 789.40 OK
r-patched-solaris-x86 1.0-0 176.80 OK
r-release-linux-x86_64 1.0-0 3.40 60.39 63.80 OK
r-release-osx-x86_64-mavericks 1.0-0 OK
r-release-osx-x86_64-snowleopard 1.0-0 ERROR
r-release-windows-ix86+x86_64 1.0-0 11.00 90.00 101.00 OK
r-oldrel-windows-ix86+x86_64 1.0-0 14.00 117.00 131.00 OK

Check Details

Version: 1.0-0
Check: package dependencies
Result: ERROR
    Packages required but not available: ‘arules’ ‘igraph’
    
    Packages suggested but not available for checking: ‘Rgraphviz’ ‘graph’
    
    See section ‘The DESCRIPTION file’ in the ‘Writing R Extensions’
    manual.
Flavor: r-release-osx-x86_64-snowleopard