CRAN Package Check Results for Package arulesViz

Last updated on 2018-05-21 10:49:43 CEST.

Flavor Version Tinstall Tcheck Ttotal Status Flags
r-devel-linux-x86_64-debian-clang 1.3-1 15.40 133.06 148.46 OK
r-devel-linux-x86_64-debian-gcc 1.3-1 10.73 134.74 145.47 OK
r-devel-linux-x86_64-fedora-clang 1.3-1 225.00 OK
r-devel-linux-x86_64-fedora-gcc 1.3-1 218.08 OK
r-devel-windows-ix86+x86_64 1.3-1 22.00 173.00 195.00 OK
r-patched-linux-x86_64 1.3-1 13.27 138.94 152.21 OK
r-patched-solaris-x86 1.3-1 258.40 OK
r-release-linux-x86_64 1.3-1 12.52 139.09 151.61 OK
r-release-windows-ix86+x86_64 1.3-1 21.00 198.00 219.00 OK
r-release-osx-x86_64 1.3-1 OK
r-oldrel-windows-ix86+x86_64 1.3-1 17.00 145.00 162.00 OK
r-oldrel-osx-x86_64 1.3-0 NOTE

Check Details

Version: 1.3-0
Check: package dependencies
Result: NOTE
    Packages suggested but not available for checking: ‘graph’ ‘Rgraphviz’
Flavor: r-oldrel-osx-x86_64