CRAN Package Check Results for Package arulesViz

Last updated on 2017-05-25 06:47:33.

Flavor Version Tinstall Tcheck Ttotal Status Flags
r-devel-linux-x86_64-debian-clang 1.2-1 5.90 90.92 96.81 OK
r-devel-linux-x86_64-debian-gcc 1.2-1 5.82 88.90 94.72 OK
r-devel-linux-x86_64-fedora-clang 1.2-1 206.26 OK --no-stop-on-test-error
r-devel-linux-x86_64-fedora-gcc 1.2-1 206.68 OK --no-stop-on-test-error
r-devel-windows-ix86+x86_64 1.2-1 17.00 159.00 176.00 OK
r-patched-linux-x86_64 1.2-1 6.11 89.84 95.95 OK
r-patched-solaris-sparc 1.2-1 1177.40 OK
r-patched-solaris-x86 1.2-1 246.60 OK
r-release-linux-x86_64 1.2-1 6.19 90.35 96.54 OK
r-release-windows-ix86+x86_64 1.2-1 19.00 246.00 265.00 OK
r-release-osx-x86_64 1.2-1 NOTE
r-oldrel-windows-ix86+x86_64 1.2-1 27.00 211.00 238.00 OK
r-oldrel-osx-x86_64 1.2-1 OK

Check Details

Version: 1.2-1
Check: package dependencies
Result: NOTE
    Packages suggested but not available for checking: ‘graph’ ‘Rgraphviz’
Flavor: r-release-osx-x86_64