CRAN Package Check Results for Package arulesViz

Last updated on 2015-04-28 11:48:17.

Flavor Version Tinstall Tcheck Ttotal Status Flags
r-devel-linux-x86_64-debian-clang 1.0-0 3.82 62.00 65.81 OK
r-devel-linux-x86_64-debian-gcc 1.0-0 3.44 59.70 63.14 OK
r-devel-linux-x86_64-fedora-clang 1.0-0 139.01 OK
r-devel-linux-x86_64-fedora-gcc 1.0-0 129.67 OK
r-devel-osx-x86_64-clang 1.0-0 117.74 OK
r-devel-windows-ix86+x86_64 1.0-0 11.00 89.00 100.00 OK
r-patched-linux-x86_64 1.0-0 3.65 60.09 63.74 OK
r-patched-solaris-sparc 1.0-0 1325.70 OK
r-patched-solaris-x86 1.0-0 176.20 OK
r-release-linux-x86_64 1.0-0 3.50 61.03 64.53 OK
r-release-osx-x86_64-mavericks 1.0-0 OK
r-release-osx-x86_64-snowleopard 1.0-0 ERROR
r-release-windows-ix86+x86_64 1.0-0 9.00 94.00 103.00 OK
r-oldrel-windows-ix86+x86_64 1.0-0 13.00 110.00 123.00 OK

Check Details

Version: 1.0-0
Check: package dependencies
Result: ERROR
    Packages required but not available: ‘arules’ ‘igraph’
    
    Packages suggested but not available for checking: ‘Rgraphviz’ ‘graph’
    
    See section ‘The DESCRIPTION file’ in the ‘Writing R Extensions’
    manual.
Flavor: r-release-osx-x86_64-snowleopard