CRAN Package Check Results for Package arulesViz

Last updated on 2017-03-29 06:47:53.

Flavor Version Tinstall Tcheck Ttotal Status Flags
r-devel-linux-x86_64-debian-clang 1.2-1 5.93 91.39 97.33 OK
r-devel-linux-x86_64-debian-gcc 1.2-1 5.74 88.94 94.67 OK
r-devel-linux-x86_64-fedora-clang 1.2-1 217.56 OK --no-stop-on-test-error
r-devel-linux-x86_64-fedora-gcc 1.2-1 200.99 OK --no-stop-on-test-error
r-devel-macos-x86_64-clang 1.2-1 151.22 OK --no-stop-on-test-error
r-devel-windows-ix86+x86_64 1.2-1 19.00 162.00 181.00 OK
r-patched-linux-x86_64 1.2-1 6.18 88.93 95.11 OK
r-patched-solaris-sparc 1.2-1 1177.40 OK
r-patched-solaris-x86 1.2-1 249.30 OK
r-release-linux-x86_64 1.2-1 5.80 80.80 86.61 OK
r-release-osx-x86_64-mavericks 1.2-1 OK
r-release-windows-ix86+x86_64 1.2-1 27.00 228.00 255.00 OK
r-oldrel-windows-ix86+x86_64 1.2-1 19.00 225.00 244.00 WARN

Check Details

Version: 1.2-1
Check: whether package can be installed
Result: WARN
    Found the following significant warnings:
     Warning: failed to assign NativeSymbolInfo for lhs since lhs is already defined in the 'lazyeval' namespace
     Warning: failed to assign NativeSymbolInfo for rhs since rhs is already defined in the 'lazyeval' namespace
Flavor: r-oldrel-windows-ix86+x86_64