CRAN Package Check Results for Package arulesViz

Last updated on 2014-09-23 17:47:39.

Flavor Version Tinstall Tcheck Ttotal Status Flags
r-devel-linux-x86_64-debian-clang 0.1-9 4.76 87.20 91.96 OK
r-devel-linux-x86_64-debian-gcc 0.1-9 4.61 83.08 87.70 OK
r-devel-linux-x86_64-fedora-clang 0.1-9 219.73 OK
r-devel-linux-x86_64-fedora-gcc 0.1-9 207.45 OK
r-devel-osx-x86_64-clang 0.1-9 165.25 OK
r-devel-windows-ix86+x86_64 0.1-9 13.00 113.00 126.00 OK
r-patched-linux-x86_64 0.1-9 4.96 90.37 95.33 OK
r-patched-solaris-sparc 0.1-9 1218.50 OK
r-patched-solaris-x86 0.1-9 272.70 OK
r-release-linux-ix86 0.1-9 6.03 111.69 117.72 OK
r-release-linux-x86_64 0.1-9 4.97 90.89 95.86 OK
r-release-osx-x86_64-mavericks 0.1-9 NOTE
r-release-osx-x86_64-snowleopard 0.1-9 NOTE
r-release-windows-ix86+x86_64 0.1-9 13.00 128.00 141.00 OK
r-oldrel-windows-ix86+x86_64 0.1-9 13.00 118.00 131.00 OK

Check Details

Version: 0.1-9
Check: package dependencies
Result: NOTE
    Packages suggested but not available for checking: ‘Rgraphviz’ ‘graph’
Flavors: r-release-osx-x86_64-mavericks, r-release-osx-x86_64-snowleopard