CRAN Package Check Results for Package arulesViz

Last updated on 2014-10-22 13:48:33.

Flavor Version Tinstall Tcheck Ttotal Status Flags
r-devel-linux-x86_64-debian-clang 0.1-9 4.76 86.06 90.82 OK
r-devel-linux-x86_64-debian-gcc 0.1-9 4.70 90.47 95.17 OK
r-devel-linux-x86_64-fedora-clang 0.1-9 216.86 OK
r-devel-linux-x86_64-fedora-gcc 0.1-9 226.37 OK
r-devel-osx-x86_64-clang 0.1-9 178.06 OK
r-devel-windows-ix86+x86_64 0.1-9 14.00 120.00 134.00 OK
r-patched-linux-x86_64 0.1-9 4.94 89.36 94.30 OK
r-patched-solaris-sparc 0.1-9 1218.50 OK
r-patched-solaris-x86 0.1-9 270.50 OK
r-release-linux-ix86 0.1-9 6.71 108.48 115.18 OK
r-release-linux-x86_64 0.1-9 5.00 95.61 100.61 OK
r-release-osx-x86_64-mavericks 0.1-9 NOTE
r-release-osx-x86_64-snowleopard 0.1-9 NOTE
r-release-windows-ix86+x86_64 0.1-9 14.00 137.00 151.00 OK
r-oldrel-windows-ix86+x86_64 0.1-9 14.00 118.00 132.00 OK

Check Details

Version: 0.1-9
Check: package dependencies
Result: NOTE
    Packages suggested but not available for checking: ‘Rgraphviz’ ‘graph’
Flavors: r-release-osx-x86_64-mavericks, r-release-osx-x86_64-snowleopard