CRAN Package Check Results for Package arulesViz

Last updated on 2014-04-24 07:52:23.

Flavor Version Tinstall Tcheck Ttotal Status Flags
r-devel-linux-x86_64-debian-clang 0.1-9 5.18 87.79 92.98 OK
r-devel-linux-x86_64-debian-gcc 0.1-9 5.38 88.02 93.40 OK
r-devel-linux-x86_64-fedora-clang 0.1-9 217.17 OK
r-devel-linux-x86_64-fedora-gcc 0.1-9 207.18 OK
r-devel-osx-x86_64-clang 0.1-9 157.86 OK
r-devel-osx-x86_64-gcc 0.1-9 ERROR
r-devel-windows-ix86+x86_64 0.1-9 12.00 118.00 130.00 OK
r-patched-linux-x86_64 0.1-9 5.21 86.92 92.13 OK
r-patched-solaris-sparc 0.1-9 1167.60 OK
r-patched-solaris-x86 0.1-9 260.60 OK
r-release-linux-ix86 0.1-9 7.00 136.00 143.00 OK
r-release-linux-x86_64 0.1-9 5.33 87.82 93.14 OK
r-release-osx-x86_64-mavericks 0.1-9 WARN
r-release-osx-x86_64-snowleopard 0.1-9 NOTE
r-release-windows-ix86+x86_64 0.1-9 13.00 126.00 139.00 OK
r-oldrel-windows-ix86+x86_64 0.1-9 14.00 114.00 128.00 OK

Check Details

Version: 0.1-9
Check: package dependencies
Result: ERROR
    Packages required but not available: ‘arules’ ‘seriation’ ‘igraph’
    
    Packages suggested but not available for checking: ‘Rgraphviz’ ‘graph’
    
    See the information on DESCRIPTION files in the chapter ‘Creating R
    packages’ of the ‘Writing R Extensions’ manual.
Flavor: r-devel-osx-x86_64-gcc

Version: 0.1-9
Check: package dependencies
Result: NOTE
    Packages suggested but not available for checking: ‘Rgraphviz’ ‘graph’
Flavors: r-release-osx-x86_64-mavericks, r-release-osx-x86_64-snowleopard

Version: 0.1-9
Check: PDF version of manual
Result: WARNING
    LaTeX errors when creating PDF version.
    This typically indicates Rd problems.
    LaTeX errors found:
    ! LaTeX Error: File `upquote.sty' not found.
    
    Type X to quit or <RETURN> to proceed,
    or enter new name. (Default extension: sty)
    
    20942ff9/Rd2.tex:8: ==> Fatal error occurred, no output PDF file produced!
Flavor: r-release-osx-x86_64-mavericks