CRAN Package Check Results for Package arulesViz

Last updated on 2017-06-22 15:48:16.

Flavor Version Tinstall Tcheck Ttotal Status Flags
r-devel-linux-x86_64-debian-clang 1.2-1 6.87 91.56 98.42 OK
r-devel-linux-x86_64-debian-gcc 1.2-1 6.35 91.16 97.51 OK
r-devel-linux-x86_64-fedora-clang 1.2-1 208.50 OK
r-devel-linux-x86_64-fedora-gcc 1.2-1 203.61 OK
r-devel-windows-ix86+x86_64 1.2-1 37.00 213.00 250.00 OK
r-patched-linux-x86_64 1.2-1 6.19 91.61 97.80 OK
r-patched-solaris-sparc 1.2-1 1177.40 OK
r-patched-solaris-x86 1.2-1 254.80 OK
r-release-linux-x86_64 1.2-1 6.59 92.17 98.75 OK
r-release-windows-ix86+x86_64 1.2-1 30.00 170.00 200.00 OK
r-release-osx-x86_64 1.2-1 NOTE
r-oldrel-windows-ix86+x86_64 1.2-1 27.00 151.00 178.00 OK
r-oldrel-osx-x86_64 1.2-1 OK

Check Details

Version: 1.2-1
Check: package dependencies
Result: NOTE
    Packages suggested but not available for checking: ‘graph’ ‘Rgraphviz’
Flavor: r-release-osx-x86_64