CRAN Package Check Results for Package arulesViz

Last updated on 2017-01-22 23:48:10.

Flavor Version Tinstall Tcheck Ttotal Status Flags
r-devel-linux-x86_64-debian-clang 1.2-0 5.75 84.56 90.32 OK
r-devel-linux-x86_64-debian-gcc 1.2-0 6.33 85.58 91.91 OK
r-devel-linux-x86_64-fedora-clang 1.2-0 188.01 OK --no-stop-on-test-error
r-devel-linux-x86_64-fedora-gcc 1.2-0 183.58 OK --no-stop-on-test-error
r-devel-macos-x86_64-clang 1.2-0 147.15 OK --no-stop-on-test-error
r-devel-windows-ix86+x86_64 1.2-0 19.00 165.00 184.00 OK
r-patched-linux-x86_64 1.2-0 6.31 78.56 84.88 OK
r-patched-solaris-sparc 1.2-0 1056.50 OK
r-patched-solaris-x86 1.2-0 218.00 OK
r-release-linux-x86_64 1.2-0 7.93 78.32 86.25 OK
r-release-osx-x86_64-mavericks 1.2-0 WARN
r-release-windows-ix86+x86_64 1.2-0 44.00 190.00 234.00 OK
r-oldrel-windows-ix86+x86_64 1.2-0 27.00 357.00 384.00 WARN

Check Details

Version: 1.2-0
Check: whether package can be installed
Result: WARN
    Found the following significant warnings:
     Warning: failed to assign NativeSymbolInfo for lhs since lhs is already defined in the ‘lazyeval’ namespace
     Warning: failed to assign NativeSymbolInfo for rhs since rhs is already defined in the ‘lazyeval’ namespace
Flavors: r-release-osx-x86_64-mavericks, r-oldrel-windows-ix86+x86_64