CRAN Package Check Results for Package arulesViz

Last updated on 2015-06-30 06:46:48.

Flavor Version Tinstall Tcheck Ttotal Status Flags
r-devel-linux-x86_64-debian-clang 1.0-1 3.69 61.65 65.34 NOTE
r-devel-linux-x86_64-debian-gcc 1.0-1 3.63 60.95 64.58 NOTE
r-devel-linux-x86_64-fedora-clang 1.0-1 129.75 OK
r-devel-linux-x86_64-fedora-gcc 1.0-1 128.92 OK
r-devel-osx-x86_64-clang 1.0-1 118.46 OK
r-devel-windows-ix86+x86_64 1.0-1 10.00 1.00 11.00 ERROR
r-patched-linux-x86_64 1.0-1 3.65 62.30 65.95 OK
r-patched-solaris-sparc 1.0-1 856.40 OK
r-patched-solaris-x86 1.0-1 151.40 OK
r-release-linux-x86_64 1.0-1 3.59 63.08 66.67 OK
r-release-osx-x86_64-mavericks 1.0-1 OK
r-release-windows-ix86+x86_64 1.0-1 17.00 90.00 107.00 OK
r-oldrel-windows-ix86+x86_64 1.0-1 20.00 134.00 154.00 OK

Check Details

Version: 1.0-1
Check: R code for possible problems
Result: NOTE
    .aggr: no visible binding for global variable ‘median’
    .grey_hcl: no visible global function definition for ‘hcl’
    .installed: no visible global function definition for ‘is’
    .installed: no visible global function definition for
     ‘installed.packages’
    .nodeColors: no visible global function definition for ‘rgb’
    abbreviate.itemsets: no visible global function definition for ‘new’
    abbreviate.rules: no visible global function definition for ‘new’
    gBoxSelection: no visible global function definition for ‘is’
    gGetEvent: no visible global function definition for ‘is’
    gInteraction: no visible global function definition for ‘is’
    gScatterplot: no visible global function definition for ‘is’
    getTable: no visible global function definition for ‘as’
    graph_arules: no visible global function definition for ‘par’
    graph_arules: no visible global function definition for ‘plot’
    graph_arules: no visible global function definition for ‘mtext’
    graph_arules: no visible global function definition for ‘text’
    graph_arules_is: no visible global function definition for ‘par’
    graph_arules_is: no visible global function definition for ‘rgb’
    graph_arules_is: no visible global function definition for ‘text’
    graph_arules_is: no visible global function definition for ‘plot’
    graph_arules_is: no visible global function definition for ‘mtext’
    grouped_matrix_arules: no visible binding for global variable ‘median’
    grouped_matrix_arules: no visible global function definition for ‘hcl’
    grouped_matrix_arules: no visible global function definition for ‘plot’
    grouped_matrix_int: no visible binding for global variable ‘median’
    grouped_matrix_int: no visible global function definition for ‘hcl’
    grouped_matrix_int: no visible global function definition for ‘kmeans’
    grouped_matrix_int: no visible global function definition for ‘plot’
    grouped_matrix_plot_int: no visible global function definition for
     ‘hcl’
    iplot_arules: no visible global function definition for ‘head’
    matrix_arules: no visible global function definition for ‘gray.colors’
    matrix_int: no visible global function definition for ‘axis’
    matrix_int2: no visible global function definition for ‘hcl’
    matrix_int2 : <anonymous>: no visible global function definition for
     ‘hcl’
    paracoord_arules: no visible global function definition for ‘gray’
    plot.grouped_matrix: no visible global function definition for ‘hcl’
    saveAsGraph: no visible global function definition for ‘plot’
    scatterplot_arules: no visible global function definition for ‘hcl’
    scatterplot_arules: no visible global function definition for ‘is’
    seriation_method_medMeasure: no visible binding for global variable
     ‘median’
Flavors: r-devel-linux-x86_64-debian-clang, r-devel-linux-x86_64-debian-gcc

Version: 1.0-1
Check: package dependencies
Result: ERROR
    Package required and available but unsuitable version: 'igraph'
    
    See section 'The DESCRIPTION file' in the 'Writing R Extensions'
    manual.
Flavor: r-devel-windows-ix86+x86_64