CRAN Package Check Results for Package arulesViz

Last updated on 2016-12-02 18:47:24.

Flavor Version Tinstall Tcheck Ttotal Status Flags
r-devel-linux-x86_64-debian-clang 1.2-0 5.91 87.28 93.19 OK
r-devel-linux-x86_64-debian-gcc 1.2-0 5.86 85.90 91.76 OK
r-devel-linux-x86_64-fedora-clang 1.2-0 203.58 OK
r-devel-linux-x86_64-fedora-gcc 1.2-0 200.24 OK
r-devel-macos-x86_64-clang 1.2-0 149.74 OK
r-devel-windows-ix86+x86_64 1.2-0 15.00 140.00 155.00 OK
r-patched-linux-x86_64 1.2-0 5.69 78.51 84.20 OK
r-patched-solaris-sparc 1.2-0 977.20 OK
r-patched-solaris-x86 1.2-0 214.90 OK
r-release-linux-x86_64 1.2-0 5.53 77.98 83.52 OK
r-release-osx-x86_64-mavericks 1.2-0 WARN
r-release-windows-ix86+x86_64 1.2-0 25.00 190.00 215.00 OK
r-oldrel-windows-ix86+x86_64 1.2-0 26.00 211.00 237.00 WARN

Check Details

Version: 1.2-0
Check: whether package can be installed
Result: WARN
    Found the following significant warnings:
     Warning: failed to assign NativeSymbolInfo for lhs since lhs is already defined in the ‘lazyeval’ namespace
     Warning: failed to assign NativeSymbolInfo for rhs since rhs is already defined in the ‘lazyeval’ namespace
Flavors: r-release-osx-x86_64-mavericks, r-oldrel-windows-ix86+x86_64