CRAN Package Check Results for Package arulesViz

Last updated on 2017-10-22 22:48:36.

Flavor Version Tinstall Tcheck Ttotal Status Flags
r-devel-linux-x86_64-debian-clang 1.3-0 5.85 88.10 93.95 OK
r-devel-linux-x86_64-debian-gcc 1.3-0 5.98 94.25 100.23 OK
r-devel-linux-x86_64-fedora-clang 1.3-0 202.36 OK
r-devel-linux-x86_64-fedora-gcc 1.3-0 205.28 OK
r-devel-windows-ix86+x86_64 1.3-0 20.00 140.00 160.00 OK
r-patched-linux-x86_64 1.3-0 6.16 89.17 95.34 OK
r-patched-solaris-x86 1.3-0 248.20 OK
r-release-linux-x86_64 1.3-0 6.38 89.77 96.16 OK
r-release-windows-ix86+x86_64 1.3-0 24.00 218.00 242.00 OK
r-release-osx-x86_64 1.3-0 NOTE
r-oldrel-windows-ix86+x86_64 1.3-0 35.00 197.00 232.00 OK
r-oldrel-osx-x86_64 1.3-0 OK

Check Details

Version: 1.3-0
Check: package dependencies
Result: NOTE
    Packages suggested but not available for checking: ‘graph’ ‘Rgraphviz’
Flavor: r-release-osx-x86_64