CRAN Package Check Results for Package asbio

Last updated on 2017-03-28 11:51:06.

Flavor Version Tinstall Tcheck Ttotal Status Flags
r-devel-linux-x86_64-debian-clang 1.3-4 4.24 105.54 109.78 OK
r-devel-linux-x86_64-debian-gcc 1.3-4 4.34 101.95 106.28 OK
r-devel-linux-x86_64-fedora-clang 1.3-4 185.87 OK --no-stop-on-test-error
r-devel-linux-x86_64-fedora-gcc 1.3-4 167.68 OK --no-stop-on-test-error
r-devel-macos-x86_64-clang 1.3-4 149.38 OK --no-stop-on-test-error
r-devel-windows-ix86+x86_64 1.3-4 15.00 143.00 158.00 OK
r-patched-linux-x86_64 1.3-4 4.77 102.61 107.38 OK
r-patched-solaris-sparc 1.3-4 1062.20 OK
r-patched-solaris-x86 1.3-4 206.30 OK
r-release-linux-x86_64 1.3-4 4.15 100.62 104.77 OK
r-release-osx-x86_64-mavericks 1.3-4 WARN
r-release-windows-ix86+x86_64 1.3-4 19.00 173.00 192.00 OK
r-oldrel-windows-ix86+x86_64 1.3-4 17.00 142.00 159.00 OK

Check Details

Version: 1.3-4
Check: dependencies in R code
Result: NOTE
    Invalid MIT-MAGIC-COOKIE-1 key
Flavor: r-release-osx-x86_64-mavericks

Version: 1.3-4
Check: S3 generic/method consistency
Result: WARN
    Invalid MIT-MAGIC-COOKIE-1 key
    See section ‘Generic functions and methods’ in the ‘Writing R
    Extensions’ manual.
Flavor: r-release-osx-x86_64-mavericks

Version: 1.3-4
Check: replacement functions
Result: WARN
    Invalid MIT-MAGIC-COOKIE-1 key
    The argument of a replacement function which corresponds to the right
    hand side must be named ‘value’.
Flavor: r-release-osx-x86_64-mavericks

Version: 1.3-4
Check: foreign function calls
Result: NOTE
    Invalid MIT-MAGIC-COOKIE-1 key
    See chapter ‘System and foreign language interfaces’ in the ‘Writing R
    Extensions’ manual.
Flavor: r-release-osx-x86_64-mavericks

Version: 1.3-4
Check: R code for possible problems
Result: NOTE
    Invalid MIT-MAGIC-COOKIE-1 key
Flavor: r-release-osx-x86_64-mavericks

Version: 1.3-4
Check: for missing documentation entries
Result: WARN
    Invalid MIT-MAGIC-COOKIE-1 key
    All user-level objects in a package should have documentation entries.
    See chapter ‘Writing R documentation files’ in the ‘Writing R
    Extensions’ manual.
Flavor: r-release-osx-x86_64-mavericks

Version: 1.3-4
Check: for code/documentation mismatches
Result: WARN
    Invalid MIT-MAGIC-COOKIE-1 key
    Invalid MIT-MAGIC-COOKIE-1 key
    Invalid MIT-MAGIC-COOKIE-1 key
Flavor: r-release-osx-x86_64-mavericks

Version: 1.3-4
Check: Rd \usage sections
Result: NOTE
    Invalid MIT-MAGIC-COOKIE-1 key
    The \usage entries for S3 methods should use the \method markup and not
    their full name.
    See chapter ‘Writing R documentation files’ in the ‘Writing R
    Extensions’ manual.
Flavor: r-release-osx-x86_64-mavericks