CRAN Package Check Results for Package asbio

Last updated on 2015-04-18 15:47:35.

Flavor Version Tinstall Tcheck Ttotal Status Flags
r-devel-linux-x86_64-debian-clang 1.1-5 4.58 83.19 87.77 OK
r-devel-linux-x86_64-debian-gcc 1.1-5 4.00 80.11 84.12 OK
r-devel-linux-x86_64-fedora-clang 1.1-5 158.61 OK
r-devel-linux-x86_64-fedora-gcc 1.1-5 150.03 OK
r-devel-osx-x86_64-clang 1.1-5 154.90 OK
r-patched-linux-x86_64 1.1-5 3.96 79.27 83.23 OK
r-patched-solaris-sparc 1.1-5 1015.00 OK
r-patched-solaris-x86 1.1-5 203.50 OK
r-release-linux-x86_64 1.1-5 4.02 81.09 85.11 OK
r-release-osx-x86_64-mavericks 1.1-5 NOTE
r-release-osx-x86_64-snowleopard 1.1-5 OK
r-release-windows-ix86+x86_64 1.1-5 10.00 137.00 147.00 OK
r-oldrel-windows-ix86+x86_64 1.1-5 17.00 172.00 189.00 OK

Check Details

Version: 1.1-5
Check: Rd cross-references
Result: NOTE
    Package unavailable to check Rd xrefs: ‘vegan’
Flavor: r-release-osx-x86_64-mavericks