CRAN Package Check Results for Package asbio

Last updated on 2014-09-02 03:49:32.

Flavor Version Tinstall Tcheck Ttotal Status Flags
r-devel-linux-x86_64-debian-clang 1.0-5 4.91 82.82 87.73 NOTE
r-devel-linux-x86_64-debian-gcc 1.0-5 4.84 85.31 90.14 NOTE
r-devel-linux-x86_64-fedora-clang 1.0-5 175.99 NOTE
r-devel-linux-x86_64-fedora-gcc 1.0-5 162.32 NOTE
r-devel-osx-x86_64-clang 1.0-5 169.65 NOTE
r-devel-windows-ix86+x86_64 1.0-5 15.00 133.00 148.00 NOTE
r-patched-linux-x86_64 1.0-5 4.77 84.77 89.54 OK
r-patched-solaris-sparc 1.0-5 1046.70 OK
r-patched-solaris-x86 1.0-5 222.10 OK
r-release-linux-ix86 1.0-5 5.50 112.96 118.45 OK
r-release-linux-x86_64 1.0-5 5.03 86.23 91.26 OK
r-release-osx-x86_64-mavericks 1.0-5 OK
r-release-osx-x86_64-snowleopard 1.0-5 OK
r-release-windows-ix86+x86_64 1.0-5 14.00 122.00 136.00 OK
r-oldrel-windows-ix86+x86_64 1.0-5 19.00 117.00 136.00 OK

Check Details

Version: 1.0-5
Check: R code for possible problems
Result: NOTE
    loess.surf: no visible global function definition for ‘interp’
Flavors: r-devel-linux-x86_64-debian-clang, r-devel-linux-x86_64-debian-gcc, r-devel-linux-x86_64-fedora-clang, r-devel-linux-x86_64-fedora-gcc, r-devel-osx-x86_64-clang, r-devel-windows-ix86+x86_64