CRAN Package Check Results for Package asbio

Last updated on 2016-09-27 05:48:04.

Flavor Version Tinstall Tcheck Ttotal Status Flags
r-devel-linux-x86_64-debian-clang 1.3-4 4.14 102.65 106.78 WARN
r-devel-linux-x86_64-debian-gcc 1.3-4 4.28 105.78 110.06 WARN
r-devel-linux-x86_64-fedora-clang 1.3-4 164.21 WARN
r-devel-linux-x86_64-fedora-gcc 1.3-4 155.68 WARN
r-devel-macos-x86_64-clang 1.3-4 142.99 WARN
r-devel-windows-ix86+x86_64 1.3-4 24.00 175.00 199.00 WARN
r-patched-linux-x86_64 1.3-4 4.12 101.19 105.31 OK
r-patched-solaris-sparc 1.3-4 974.30 OK
r-patched-solaris-x86 1.3-4 196.20 OK
r-release-linux-x86_64 1.3-4 4.34 106.37 110.71 OK
r-release-osx-x86_64-mavericks 1.3-4 WARN
r-release-windows-ix86+x86_64 1.3-4 26.00 177.00 203.00 OK
r-oldrel-windows-ix86+x86_64 1.3-4 44.00 179.00 223.00 OK

Check Details

Version: 1.3-4
Check: files in ‘vignettes’
Result: WARN
    Files in the 'vignettes' directory newer than same file in 'inst/doc':
     ‘ranef.cov.rnw’, ‘simpson.rnw’
Flavors: r-devel-linux-x86_64-debian-clang, r-devel-linux-x86_64-debian-gcc, r-devel-linux-x86_64-fedora-clang, r-devel-linux-x86_64-fedora-gcc, r-devel-macos-x86_64-clang, r-devel-windows-ix86+x86_64

Version: 1.3-4
Check: dependencies in R code
Result: NOTE
    Invalid MIT-MAGIC-COOKIE-1 key
Flavor: r-release-osx-x86_64-mavericks

Version: 1.3-4
Check: S3 generic/method consistency
Result: WARN
    Invalid MIT-MAGIC-COOKIE-1 key
    See section ‘Generic functions and methods’ in the ‘Writing R
    Extensions’ manual.
Flavor: r-release-osx-x86_64-mavericks

Version: 1.3-4
Check: replacement functions
Result: WARN
    Invalid MIT-MAGIC-COOKIE-1 key
    The argument of a replacement function which corresponds to the right
    hand side must be named ‘value’.
Flavor: r-release-osx-x86_64-mavericks

Version: 1.3-4
Check: foreign function calls
Result: NOTE
    Invalid MIT-MAGIC-COOKIE-1 key
    See chapter ‘System and foreign language interfaces’ in the ‘Writing R
    Extensions’ manual.
Flavor: r-release-osx-x86_64-mavericks

Version: 1.3-4
Check: R code for possible problems
Result: NOTE
    Invalid MIT-MAGIC-COOKIE-1 key
Flavor: r-release-osx-x86_64-mavericks

Version: 1.3-4
Check: for missing documentation entries
Result: WARN
    Invalid MIT-MAGIC-COOKIE-1 key
    All user-level objects in a package should have documentation entries.
    See chapter ‘Writing R documentation files’ in the ‘Writing R
    Extensions’ manual.
Flavor: r-release-osx-x86_64-mavericks

Version: 1.3-4
Check: for code/documentation mismatches
Result: WARN
    Invalid MIT-MAGIC-COOKIE-1 key
    Invalid MIT-MAGIC-COOKIE-1 key
    Invalid MIT-MAGIC-COOKIE-1 key
Flavor: r-release-osx-x86_64-mavericks

Version: 1.3-4
Check: Rd \usage sections
Result: NOTE
    Invalid MIT-MAGIC-COOKIE-1 key
    The \usage entries for S3 methods should use the \method markup and not
    their full name.
    See chapter ‘Writing R documentation files’ in the ‘Writing R
    Extensions’ manual.
Flavor: r-release-osx-x86_64-mavericks