CRAN Package Check Results for Package asbio

Last updated on 2014-08-27 11:50:46.

Flavor Version Tinstall Tcheck Ttotal Status Flags
r-devel-linux-x86_64-debian-clang 1.0-5 4.86 87.77 92.63 NOTE
r-devel-linux-x86_64-debian-gcc 1.0-5 4.74 84.15 88.89 NOTE
r-devel-linux-x86_64-fedora-clang 1.0-5 173.35 NOTE
r-devel-linux-x86_64-fedora-gcc 1.0-5 169.47 NOTE
r-devel-osx-x86_64-clang 1.0-5 157.33 NOTE
r-devel-windows-ix86+x86_64 1.0-5 14.00 107.00 121.00 NOTE
r-patched-linux-x86_64 1.0-5 4.92 85.92 90.84 OK
r-patched-solaris-sparc 1.0-5 1046.70 OK
r-patched-solaris-x86 1.0-5 222.10 OK
r-release-linux-ix86 1.0-5 5.41 114.13 119.54 OK
r-release-linux-x86_64 1.0-5 5.67 90.62 96.29 OK
r-release-osx-x86_64-mavericks 1.0-5 OK
r-release-osx-x86_64-snowleopard 1.0-5 OK
r-release-windows-ix86+x86_64 1.0-5 14.00 115.00 129.00 OK
r-oldrel-windows-ix86+x86_64 1.0-5 16.00 122.00 138.00 OK

Check Details

Version: 1.0-5
Check: R code for possible problems
Result: NOTE
    loess.surf: no visible global function definition for ‘interp’
Flavors: r-devel-linux-x86_64-debian-clang, r-devel-linux-x86_64-debian-gcc, r-devel-linux-x86_64-fedora-clang, r-devel-linux-x86_64-fedora-gcc, r-devel-osx-x86_64-clang, r-devel-windows-ix86+x86_64