CRAN Package Check Results for Package asbio

Last updated on 2015-02-02 01:47:40.

Flavor Version Tinstall Tcheck Ttotal Status Flags
r-devel-linux-x86_64-debian-clang 1.1-1 4.57 85.13 89.70 NOTE
r-devel-linux-x86_64-debian-gcc 1.1-1 3.89 84.96 88.85 NOTE
r-devel-linux-x86_64-fedora-clang 1.1-1 156.07 NOTE
r-devel-linux-x86_64-fedora-gcc 1.1-1 151.25 NOTE
r-devel-osx-x86_64-clang 1.1-1 169.42 NOTE
r-devel-windows-ix86+x86_64 1.1-1 28.00 97.00 125.00 NOTE
r-patched-linux-x86_64 1.1-1 4.89 91.56 96.45 OK
r-patched-solaris-sparc 1.1-1 1072.00 OK
r-patched-solaris-x86 1.1-1 229.40 OK
r-release-linux-ix86 1.1-1 6.12 117.92 124.04 OK
r-release-linux-x86_64 1.1-1 4.91 90.82 95.73 OK
r-release-osx-x86_64-mavericks 1.1-1 OK
r-release-osx-x86_64-snowleopard 1.1-1 OK
r-release-windows-ix86+x86_64 1.1-1 18.00 135.00 153.00 OK
r-oldrel-windows-ix86+x86_64 1.1-1 22.00 128.00 150.00 OK

Check Details

Version: 1.1-1
Check: dependencies in R code
Result: NOTE
    'library' or 'require' calls in package code:
     ‘MASS’ ‘akima’ ‘boot’
     Please use :: or requireNamespace() instead.
     See section 'Suggested packages' in the 'Writing R Extensions' manual.
Flavors: r-devel-linux-x86_64-debian-clang, r-devel-linux-x86_64-debian-gcc, r-devel-linux-x86_64-fedora-clang, r-devel-linux-x86_64-fedora-gcc, r-devel-osx-x86_64-clang, r-devel-windows-ix86+x86_64

Version: 1.1-1
Check: S3 generic/method consistency
Result: NOTE
    Found the following apparent S3 methods exported but not registered:
     print.BDM print.addtest print.bci print.blm print.bootstrap print.ci
     print.ciboot print.kback print.mltest print.pairw print.prp.index
     plot.pairw
    See section ‘Registering S3 methods’ in the ‘Writing R Extensions’
    manual.
Flavors: r-devel-linux-x86_64-debian-clang, r-devel-linux-x86_64-debian-gcc, r-devel-linux-x86_64-fedora-clang, r-devel-linux-x86_64-fedora-gcc, r-devel-osx-x86_64-clang