CRAN Package Check Results for Package asbio

Last updated on 2014-04-19 09:52:15.

Flavor Version Tinstall Tcheck Ttotal Status Flags
r-devel-linux-x86_64-debian-clang 1.0 5.35 90.26 95.60 OK
r-devel-linux-x86_64-debian-gcc 1.0 4.99 89.23 94.22 OK
r-devel-linux-x86_64-fedora-clang 1.0 177.57 OK
r-devel-linux-x86_64-fedora-gcc 1.0 167.78 OK
r-devel-macosx-x86_64-clang 1.0 152.41 OK
r-devel-macosx-x86_64-gcc 1.0 NOTE
r-devel-windows-ix86+x86_64 1.0 15.00 105.00 120.00 OK
r-patched-linux-x86_64 1.0 5.12 89.68 94.80 OK
r-patched-solaris-sparc 1.0 1003.00 OK
r-patched-solaris-x86 1.0 226.80 OK
r-release-linux-ix86 1.0 10.00 143.00 153.00 OK
r-release-linux-x86_64 1.0 5.00 90.04 95.04 OK
r-release-macosx-x86_64 1.0 OK
r-release-windows-ix86+x86_64 1.0 19.00 125.00 144.00 OK
r-oldrel-windows-ix86+x86_64 1.0 15.00 115.00 130.00 OK

Check Details

Version: 1.0
Check: Rd cross-references
Result: NOTE
    Package unavailable to check Rd xrefs: ‘vegan’
Flavor: r-devel-macosx-x86_64-gcc