CRAN Package Check Results for Package asbio

Last updated on 2015-05-25 18:46:50.

Flavor Version Tinstall Tcheck Ttotal Status Flags
r-devel-linux-x86_64-debian-clang 1.1-5 4.20 82.27 86.47 OK
r-devel-linux-x86_64-debian-gcc 1.1-5 3.91 81.95 85.86 OK
r-devel-linux-x86_64-fedora-clang 1.1-5 159.58 OK
r-devel-linux-x86_64-fedora-gcc 1.1-5 149.96 OK
r-devel-osx-x86_64-clang 1.1-5 156.09 OK
r-devel-windows-ix86+x86_64 1.1-5 13.00 100.00 113.00 OK
r-patched-linux-x86_64 1.1-5 3.89 79.11 83.00 OK
r-patched-solaris-sparc 1.1-5 965.00 OK
r-patched-solaris-x86 1.1-5 209.90 OK
r-release-linux-x86_64 1.1-5 4.29 82.46 86.74 OK
r-release-osx-x86_64-mavericks 1.1-5 OK
r-release-osx-x86_64-snowleopard 1.1-5 ERROR
r-release-windows-ix86+x86_64 1.1-5 14.00 95.00 109.00 OK
r-oldrel-windows-ix86+x86_64 1.1-5 19.00 138.00 157.00 OK

Check Details

Version: 1.1-5
Check: package dependencies
Result: ERROR
    Package required but not available: ‘multcompView’
    
    See section ‘The DESCRIPTION file’ in the ‘Writing R Extensions’
    manual.
Flavor: r-release-osx-x86_64-snowleopard