CRAN Package Check Results for Package asbio

Last updated on 2017-05-27 01:46:39.

Flavor Version Tinstall Tcheck Ttotal Status Flags
r-devel-linux-x86_64-debian-clang 1.3-4 4.25 110.45 114.70 OK
r-devel-linux-x86_64-debian-gcc 1.3-4 4.73 104.86 109.58 OK
r-devel-linux-x86_64-fedora-clang 1.3-4 173.13 OK
r-devel-linux-x86_64-fedora-gcc 1.3-4 164.71 OK
r-devel-windows-ix86+x86_64 1.3-4 11.00 216.00 227.00 OK
r-patched-linux-x86_64 1.3-4 5.33 115.67 121.00 OK
r-patched-solaris-sparc 1.3-4 1062.20 OK
r-patched-solaris-x86 1.3-4 202.30 OK
r-release-linux-x86_64 1.3-4 4.66 96.91 101.57 OK
r-release-windows-ix86+x86_64 1.3-4 15.00 152.00 167.00 OK
r-release-osx-x86_64 1.3-4 OK
r-oldrel-windows-ix86+x86_64 1.3-4 23.00 131.00 154.00 OK
r-oldrel-osx-x86_64 1.3-4 WARN

Check Details

Version: 1.3-4
Check: dependencies in R code
Result: NOTE
    Invalid MIT-MAGIC-COOKIE-1 key
Flavor: r-oldrel-osx-x86_64

Version: 1.3-4
Check: S3 generic/method consistency
Result: WARN
    Invalid MIT-MAGIC-COOKIE-1 key
    See section ‘Generic functions and methods’ in the ‘Writing R
    Extensions’ manual.
Flavor: r-oldrel-osx-x86_64

Version: 1.3-4
Check: replacement functions
Result: WARN
    Invalid MIT-MAGIC-COOKIE-1 key
    The argument of a replacement function which corresponds to the right
    hand side must be named ‘value’.
Flavor: r-oldrel-osx-x86_64

Version: 1.3-4
Check: foreign function calls
Result: NOTE
    Invalid MIT-MAGIC-COOKIE-1 key
    See chapter ‘System and foreign language interfaces’ in the ‘Writing R
    Extensions’ manual.
Flavor: r-oldrel-osx-x86_64

Version: 1.3-4
Check: R code for possible problems
Result: NOTE
    Invalid MIT-MAGIC-COOKIE-1 key
Flavor: r-oldrel-osx-x86_64

Version: 1.3-4
Check: for missing documentation entries
Result: WARN
    Invalid MIT-MAGIC-COOKIE-1 key
    All user-level objects in a package should have documentation entries.
    See chapter ‘Writing R documentation files’ in the ‘Writing R
    Extensions’ manual.
Flavor: r-oldrel-osx-x86_64

Version: 1.3-4
Check: for code/documentation mismatches
Result: WARN
    Invalid MIT-MAGIC-COOKIE-1 key
    Invalid MIT-MAGIC-COOKIE-1 key
    Invalid MIT-MAGIC-COOKIE-1 key
Flavor: r-oldrel-osx-x86_64

Version: 1.3-4
Check: Rd \usage sections
Result: NOTE
    Invalid MIT-MAGIC-COOKIE-1 key
    The \usage entries for S3 methods should use the \method markup and not
    their full name.
    See chapter ‘Writing R documentation files’ in the ‘Writing R
    Extensions’ manual.
Flavor: r-oldrel-osx-x86_64