CRAN Package Check Results for Package asbio

Last updated on 2016-12-10 12:53:30.

Flavor Version Tinstall Tcheck Ttotal Status Flags
r-devel-linux-x86_64-debian-clang 1.3-4 4.28 109.79 114.08 OK
r-devel-linux-x86_64-debian-gcc 1.3-4 4.62 108.46 113.08 OK
r-devel-linux-x86_64-fedora-clang 1.3-4 185.17 OK --no-stop-on-test-error
r-devel-linux-x86_64-fedora-gcc 1.3-4 172.95 OK --no-stop-on-test-error
r-devel-macos-x86_64-clang 1.3-4 155.02 OK --no-stop-on-test-error
r-devel-windows-ix86+x86_64 1.3-4 15.00 205.00 220.00 OK
r-patched-linux-x86_64 1.3-4 4.32 102.71 107.02 OK
r-patched-solaris-sparc 1.3-4 974.30 OK
r-patched-solaris-x86 1.3-4 200.20 OK
r-release-linux-x86_64 1.3-4 4.47 103.67 108.14 OK
r-release-osx-x86_64-mavericks 1.3-4 WARN
r-release-windows-ix86+x86_64 1.3-4 22.00 141.00 163.00 OK
r-oldrel-windows-ix86+x86_64 1.3-4 31.00 145.00 176.00 OK

Check Details

Version: 1.3-4
Check: dependencies in R code
Result: NOTE
    Invalid MIT-MAGIC-COOKIE-1 key
Flavor: r-release-osx-x86_64-mavericks

Version: 1.3-4
Check: S3 generic/method consistency
Result: WARN
    Invalid MIT-MAGIC-COOKIE-1 key
    See section ‘Generic functions and methods’ in the ‘Writing R
    Extensions’ manual.
Flavor: r-release-osx-x86_64-mavericks

Version: 1.3-4
Check: replacement functions
Result: WARN
    Invalid MIT-MAGIC-COOKIE-1 key
    The argument of a replacement function which corresponds to the right
    hand side must be named ‘value’.
Flavor: r-release-osx-x86_64-mavericks

Version: 1.3-4
Check: foreign function calls
Result: NOTE
    Invalid MIT-MAGIC-COOKIE-1 key
    See chapter ‘System and foreign language interfaces’ in the ‘Writing R
    Extensions’ manual.
Flavor: r-release-osx-x86_64-mavericks

Version: 1.3-4
Check: R code for possible problems
Result: NOTE
    Invalid MIT-MAGIC-COOKIE-1 key
Flavor: r-release-osx-x86_64-mavericks

Version: 1.3-4
Check: for missing documentation entries
Result: WARN
    Invalid MIT-MAGIC-COOKIE-1 key
    All user-level objects in a package should have documentation entries.
    See chapter ‘Writing R documentation files’ in the ‘Writing R
    Extensions’ manual.
Flavor: r-release-osx-x86_64-mavericks

Version: 1.3-4
Check: for code/documentation mismatches
Result: WARN
    Invalid MIT-MAGIC-COOKIE-1 key
    Invalid MIT-MAGIC-COOKIE-1 key
    Invalid MIT-MAGIC-COOKIE-1 key
Flavor: r-release-osx-x86_64-mavericks

Version: 1.3-4
Check: Rd \usage sections
Result: NOTE
    Invalid MIT-MAGIC-COOKIE-1 key
    The \usage entries for S3 methods should use the \method markup and not
    their full name.
    See chapter ‘Writing R documentation files’ in the ‘Writing R
    Extensions’ manual.
Flavor: r-release-osx-x86_64-mavericks