CRAN Package Check Results for Package asbio

Last updated on 2015-07-29 19:49:41.

Flavor Version Tinstall Tcheck Ttotal Status Flags
r-devel-linux-x86_64-debian-clang 1.1-5 4.29 84.84 89.13 NOTE
r-devel-linux-x86_64-debian-gcc 1.1-5 4.17 80.87 85.04 NOTE
r-devel-linux-x86_64-fedora-clang 1.1-5 159.08 NOTE
r-devel-linux-x86_64-fedora-gcc 1.1-5 150.60 NOTE
r-devel-osx-x86_64-clang 1.1-5 151.32 OK
r-devel-windows-ix86+x86_64 1.1-5 27.00 180.00 207.00 NOTE
r-patched-linux-x86_64 1.1-5 4.35 81.76 86.10 OK
r-patched-solaris-sparc 1.1-5 997.10 OK
r-patched-solaris-x86 1.1-5 204.70 OK
r-release-linux-x86_64 1.1-5 4.15 80.90 85.06 OK
r-release-osx-x86_64-mavericks 1.1-5 OK
r-release-windows-ix86+x86_64 1.1-5 25.00 119.00 144.00 OK
r-oldrel-windows-ix86+x86_64 1.1-5 28.00 186.00 214.00 OK

Check Details

Version: 1.1-5
Check: R code for possible problems
Result: NOTE
    AP.test: no visible global function definition for ‘cov’
    AP.test: no visible global function definition for ‘pf’
    BDM.2way: no visible global function definition for ‘pf’
    BDM.test: no visible global function definition for ‘pf’
    Bayes.disc: no visible global function definition for ‘par’
    Bayes.disc: no visible global function definition for ‘dev.new’
    Bayes.disc: no visible global function definition for ‘gray’
    Bayes.disc: no visible global function definition for ‘grid’
    Bayes.disc: no visible global function definition for ‘mtext’
    D.sq: no visible global function definition for ‘cov’
    DH.test: no visible global function definition for ‘var’
    DH.test: no visible global function definition for ‘pchisq’
    ExpDesign: no visible global function definition for ‘par’
    ExpDesign: no visible global function definition for ‘text’
    ExpDesign: no visible global function definition for ‘segments’
    ExpDesign: no visible global function definition for ‘arrows’
    ExpDesign: no visible global function definition for ‘symbols’
    ExpDesign: no visible global function definition for ‘mtext’
    G.mean: no visible global function definition for ‘na.omit’
    H.mean: no visible global function definition for ‘na.omit’
    HL.mean: no visible global function definition for ‘median’
    HL.mean: no visible global function definition for ‘qnorm’
    HL.mean: no visible global function definition for ‘qsignrank’
    Kullback: no visible global function definition for ‘cov’
    Kullback: no visible global function definition for ‘pchisq’
    MC.test: no visible global function definition for ‘t.test’
    MS.test: no visible global function definition for ‘pchisq’
    Mode: no visible global function definition for ‘na.omit’
    Preston.dist: no visible global function definition for ‘hist’
    Preston.dist: no visible global function definition for ‘nls’
    Preston.dist: no visible global function definition for ‘curve’
    Preston.dist: no visible global function definition for ‘points’
    Preston.dist: no visible global function definition for ‘abline’
    Preston.dist: no visible global function definition for ‘legend’
    R.hat: no visible binding for global variable ‘var’
    R.hat: no visible global function definition for ‘var’
    R.hat: no visible global function definition for ‘cov’
    R.hat: no visible global function definition for ‘quantile’
    R.hat: no visible global function definition for ‘qt’
    Venn: no visible global function definition for ‘text’
    Venn: no visible global function definition for ‘rect’
    Venn: no visible global function definition for ‘rgb’
    Venn: no visible global function definition for ‘mtext’
    Venn: no visible global function definition for ‘arrows’
    anm.ExpDesign: no visible global function definition for ‘par’
    anm.ExpDesign: no visible global function definition for ‘dev.hold’
    anm.ExpDesign: no visible global function definition for ‘dev.flush’
    anm.LVcomp: no visible global function definition for ‘layout’
    anm.LVcomp: no visible global function definition for ‘dev.hold’
    anm.LVcomp: no visible global function definition for ‘par’
    anm.LVcomp: no visible global function definition for ‘legend’
    anm.LVcomp: no visible global function definition for ‘grid’
    anm.LVcomp: no visible global function definition for ‘points’
    anm.LVcomp: no visible global function definition for ‘dev.flush’
    anm.LVexp: no visible global function definition for ‘rainbow’
    anm.LVexp: no visible global function definition for ‘layout’
    anm.LVexp: no visible global function definition for ‘dev.hold’
    anm.LVexp: no visible global function definition for ‘par’
    anm.LVexp: no visible global function definition for ‘legend’
    anm.LVexp: no visible global function definition for ‘grid’
    anm.LVexp: no visible global function definition for ‘points’
    anm.LVexp: no visible global function definition for ‘dev.flush’
    anm.ci: no visible global function definition for ‘dev.hold’
    anm.ci: no visible global function definition for ‘abline’
    anm.ci: no visible global function definition for ‘mtext’
    anm.ci: no visible global function definition for ‘points’
    anm.ci: no visible global function definition for ‘segments’
    anm.ci: no visible global function definition for ‘dev.flush’
    anm.coin: no visible global function definition for ‘rbinom’
    anm.coin: no visible global function definition for ‘abline’
    anm.coin: no visible global function definition for ‘lines’
    anm.coin: no visible global function definition for ‘par’
    anm.coin: no visible global function definition for ‘layout’
    anm.coin: no visible global function definition for ‘dev.hold’
    anm.coin: no visible global function definition for ‘rgb’
    anm.coin: no visible global function definition for ‘text’
    anm.coin: no visible global function definition for ‘dev.flush’
    anm.cont.pdf: no visible global function definition for ‘rnorm’
    anm.cont.pdf: no visible global function definition for ‘rt’
    anm.cont.pdf: no visible global function definition for ‘rexp’
    anm.cont.pdf: no visible global function definition for ‘runif’
    anm.cont.pdf: no visible global function definition for ‘hist’
    anm.cont.pdf: no visible global function definition for ‘dev.flush’
    anm.cont.pdf: no visible global function definition for ‘curve’
    anm.cont.pdf: no visible global function definition for ‘dnorm’
    anm.cont.pdf: no visible global function definition for ‘dt’
    anm.cont.pdf: no visible global function definition for ‘dexp’
    anm.cont.pdf: no visible global function definition for ‘dunif’
    anm.die: no visible global function definition for ‘par’
    anm.die: no visible global function definition for ‘dev.hold’
    anm.die: no visible global function definition for ‘layout’
    anm.die: no visible global function definition for ‘points’
    anm.die: no visible global function definition for ‘gray’
    anm.die: no visible global function definition for ‘legend’
    anm.die: no visible global function definition for ‘dev.flush’
    anm.exp.growth: no visible global function definition for ‘layout’
    anm.exp.growth: no visible global function definition for ‘par’
    anm.exp.growth: no visible global function definition for ‘dev.hold’
    anm.exp.growth: no visible global function definition for ‘legend’
    anm.exp.growth: no visible global function definition for ‘grid’
    anm.exp.growth: no visible global function definition for ‘points’
    anm.exp.growth: no visible global function definition for ‘dev.flush’
    anm.geo.growth: no visible global function definition for ‘layout’
    anm.geo.growth: no visible global function definition for ‘par’
    anm.geo.growth: no visible global function definition for ‘dev.hold’
    anm.geo.growth: no visible global function definition for ‘legend’
    anm.geo.growth: no visible global function definition for ‘grid’
    anm.geo.growth: no visible global function definition for ‘points’
    anm.geo.growth: no visible global function definition for ‘dev.flush’
    anm.log.growth: no visible global function definition for ‘par’
    anm.log.growth: no visible global function definition for ‘layout’
    anm.log.growth: no visible global function definition for ‘dev.hold’
    anm.log.growth: no visible global function definition for ‘legend’
    anm.log.growth: no visible global function definition for ‘grid’
    anm.log.growth: no visible global function definition for ‘points’
    anm.log.growth: no visible global function definition for ‘dev.flush’
    anm.ls: no visible global function definition for ‘sd’
    anm.ls: no visible global function definition for ‘dev.new’
    anm.ls: no visible global function definition for ‘par’
    anm.ls: no visible global function definition for ‘abline’
    anm.ls: no visible global function definition for ‘legend’
    anm.ls: no visible global function definition for ‘points’
    anm.ls: no visible global function definition for ‘dev.hold’
    anm.ls: no visible global function definition for ‘arrows’
    anm.ls: no visible global function definition for ‘dev.flush’
    anm.ls.reg: no visible global function definition for ‘lm’
    anm.ls.reg: no visible global function definition for ‘dev.new’
    anm.ls.reg: no visible global function definition for ‘par’
    anm.ls.reg: no visible global function definition for ‘dev.hold’
    anm.ls.reg: no visible global function definition for ‘abline’
    anm.ls.reg: no visible global function definition for ‘segments’
    anm.ls.reg: no visible global function definition for ‘arrows’
    anm.ls.reg: no visible global function definition for ‘points’
    anm.ls.reg: no visible global function definition for ‘legend’
    anm.ls.reg: no visible global function definition for ‘dev.flush’
    anm.mc.bvn: no visible global function definition for ‘dev.new’
    anm.mc.bvn: no visible global function definition for ‘par’
    anm.mc.bvn: no visible global function definition for ‘gray’
    anm.mc.bvn: no visible global function definition for ‘rnorm’
    anm.mc.bvn: no visible global function definition for ‘dev.hold’
    anm.mc.bvn: no visible global function definition for ‘points’
    anm.mc.bvn: no visible global function definition for ‘legend’
    anm.mc.bvn: no visible global function definition for ‘dev.flush’
    anm.mc.norm: no visible global function definition for ‘dev.new’
    anm.mc.norm: no visible global function definition for ‘curve’
    anm.mc.norm: no visible global function definition for ‘dnorm’
    anm.mc.norm: no visible global function definition for ‘rnorm’
    anm.mc.norm: no visible global function definition for ‘dev.hold’
    anm.mc.norm: no visible global function definition for ‘points’
    anm.mc.norm: no visible global function definition for ‘legend’
    anm.mc.norm: no visible global function definition for ‘dev.flush’
    anm.samp.design: no visible global function definition for ‘dev.flush’
    anm.transM: no visible global function definition for ‘dev.hold’
    anm.transM: no visible global function definition for ‘grid’
    anm.transM: no visible global function definition for ‘lines’
    anm.transM: no visible global function definition for ‘points’
    anm.transM: no visible global function definition for ‘legend’
    anm.transM: no visible global function definition for ‘dev.flush’
    auc: no visible global function definition for ‘abline’
    bayes.lm : <anonymous>: no visible global function definition for
     ‘quantile’
    bayes.lm: no visible binding for global variable ‘median’
    bonf.cont: no visible global function definition for ‘complete.cases’
    bonf.cont: no visible global function definition for ‘anova’
    bonf.cont: no visible global function definition for ‘lm’
    bonf.cont: no visible global function definition for ‘qt’
    bonf.cont: no visible global function definition for ‘pt’
    bonfCI: no visible global function definition for ‘anova’
    bonfCI: no visible global function definition for ‘lm’
    bonfCI: no visible global function definition for ‘pt’
    bonfCI: no visible global function definition for ‘qt’
    boot.ci.M: no visible global function definition for ‘complete.cases’
    boot.ci.M: no visible global function definition for ‘var’
    bootstrap: no visible global function definition for ‘sd’
    bplot: no visible binding for global variable ‘IQR’
    bplot : <anonymous>: no visible global function definition for ‘mad’
    bplot: no visible binding for global variable ‘mad’
    bplot: no visible global function definition for ‘barplot’
    bplot: no visible global function definition for ‘arrows’
    bplot: no visible global function definition for ‘mtext’
    bv.boxplot : biweight: no visible global function definition for
     ‘median’
    bv.boxplot: no visible global function definition for ‘cor’
    bv.boxplot: no visible global function definition for ‘sd’
    bv.boxplot: no visible global function definition for ‘median’
    bv.boxplot: no visible global function definition for ‘lines’
    bv.boxplot: no visible global function definition for ‘segments’
    bv.boxplot: no visible global function definition for ‘points’
    bv.boxplot: no visible global function definition for ‘text’
    bv.boxplot: no visible global function definition for ‘par’
    chi.plot: no visible global function definition for ‘abline’
    ci.boot: no visible global function definition for ‘qnorm’
    ci.boot: no visible global function definition for ‘pnorm’
    ci.boot: no visible global function definition for ‘qt’
    ci.median: no visible global function definition for ‘qbinom’
    ci.median: no visible global function definition for ‘median’
    ci.median: no visible global function definition for ‘pbinom’
    ci.mu.oneside: no visible global function definition for ‘var’
    ci.mu.oneside: no visible global function definition for ‘qt’
    ci.mu.t: no visible global function definition for ‘qt’
    ci.mu.t: no visible global function definition for ‘var’
    ci.mu.z: no visible global function definition for ‘qnorm’
    ci.p: no visible global function definition for ‘qnorm’
    ci.p: no visible global function definition for ‘qbeta’
    ci.p: no visible global function definition for ‘qchisq’
    ci.p: no visible global function definition for ‘dbinom’
    ci.p: no visible global function definition for ‘abline’
    ci.prat: no visible global function definition for ‘qnorm’
    ci.prat: no visible global function definition for ‘qchisq’
    ci.prat : ci.prat1: no visible global function definition for
     ‘quantile’
    ci.prat : ci.prat1: no visible global function definition for ‘uniroot’
    ci.prat.ak: no visible global function definition for ‘qnorm’
    ci.prat.ak : ci.prat.ak1: no visible global function definition for
     ‘qbeta’
    ci.sigma: no visible global function definition for ‘var’
    ci.sigma: no visible global function definition for ‘qchisq’
    ci.strat : <anonymous>: no visible global function definition for ‘var’
    ci.strat: no visible global function definition for ‘qnorm’
    ci.strat: no visible global function definition for ‘qt’
    dunnettCI: no visible global function definition for ‘complete.cases’
    eff.rbd: no visible global function definition for ‘anova’
    g.test: no visible global function definition for ‘chisq.test’
    g.test: no visible global function definition for ‘pchisq’
    huber.NR: no visible global function definition for ‘median’
    huber.NR: no visible global function definition for ‘mad’
    illusions: no visible global function definition for ‘par’
    illusions: no visible global function definition for ‘arrows’
    illusions: no visible global function definition for ‘rect’
    illusions: no visible global function definition for ‘segments’
    illusions: no visible global function definition for ‘abline’
    illusions: no visible global function definition for ‘points’
    illusions: no visible global function definition for ‘plot.new’
    joint.ci.bonf: no visible global function definition for ‘qt’
    km: no visible global function definition for ‘qnorm’
    km: no visible global function definition for ‘lines’
    kurt: no visible global function definition for ‘sd’
    lm.select: no visible global function definition for ‘AIC’
    lm.select: no visible global function definition for ‘coef’
    lm.select: no visible global function definition for ‘fitted’
    lm.select: no visible global function definition for ‘tail’
    lm.select: no visible global function definition for ‘anova’
    loess.surf: no visible global function definition for ‘loess’
    loess.surf: no visible global function definition for ‘predict’
    loess.surf: no visible global function definition for ‘lines’
    loess.surf: no visible global function definition for ‘persp’
    loglik.binom.plot: no visible global function definition for ‘sd’
    loglik.binom.plot: no visible global function definition for ‘dbinom’
    loglik.binom.plot: no visible global function definition for ‘dev.new’
    loglik.binom.plot: no visible global function definition for ‘par’
    loglik.binom.plot: no visible global function definition for ‘legend’
    loglik.binom.plot: no visible global function definition for ‘abline’
    loglik.binom.plot: no visible global function definition for ‘segments’
    loglik.binom.plot: no visible global function definition for ‘points’
    loglik.binom.plot: no visible global function definition for ‘dev.hold’
    loglik.binom.plot: no visible global function definition for ‘arrows’
    loglik.binom.plot: no visible global function definition for
     ‘dev.flush’
    loglik.custom.plot: no visible global function definition for
     ‘dev.hold’
    loglik.custom.plot: no visible global function definition for ‘arrows’
    loglik.custom.plot: no visible global function definition for ‘points’
    loglik.custom.plot: no visible global function definition for
     ‘dev.flush’
    loglik.custom.plot: no visible global function definition for ‘abline’
    loglik.custom.plot: no visible global function definition for ‘legend’
    loglik.exp.plot: no visible global function definition for ‘par’
    loglik.exp.plot: no visible global function definition for ‘sd’
    loglik.exp.plot: no visible global function definition for ‘dexp’
    loglik.exp.plot: no visible global function definition for ‘dev.new’
    loglik.exp.plot: no visible global function definition for ‘layout’
    loglik.exp.plot: no visible global function definition for ‘legend’
    loglik.exp.plot: no visible global function definition for ‘abline’
    loglik.exp.plot: no visible global function definition for ‘curve’
    loglik.exp.plot: no visible global function definition for ‘segments’
    loglik.exp.plot: no visible global function definition for ‘dev.hold’
    loglik.exp.plot: no visible global function definition for ‘arrows’
    loglik.exp.plot: no visible global function definition for ‘points’
    loglik.exp.plot: no visible global function definition for ‘dev.flush’
    loglik.norm.plot: no visible global function definition for ‘sd’
    loglik.norm.plot: no visible global function definition for ‘dnorm’
    loglik.norm.plot: no visible global function definition for ‘dev.new’
    loglik.norm.plot: no visible global function definition for ‘par’
    loglik.norm.plot: no visible global function definition for ‘layout’
    loglik.norm.plot: no visible global function definition for ‘legend’
    loglik.norm.plot: no visible global function definition for ‘abline’
    loglik.norm.plot: no visible global function definition for ‘curve’
    loglik.norm.plot: no visible global function definition for ‘segments’
    loglik.norm.plot: no visible global function definition for ‘dev.hold’
    loglik.norm.plot: no visible global function definition for ‘arrows’
    loglik.norm.plot: no visible global function definition for ‘points’
    loglik.norm.plot: no visible global function definition for ‘dev.flush’
    loglik.pois.plot: no visible global function definition for ‘sd’
    loglik.pois.plot: no visible global function definition for ‘dpois’
    loglik.pois.plot: no visible global function definition for ‘dev.new’
    loglik.pois.plot: no visible global function definition for ‘par’
    loglik.pois.plot: no visible global function definition for ‘layout’
    loglik.pois.plot: no visible global function definition for ‘legend’
    loglik.pois.plot: no visible global function definition for ‘abline’
    loglik.pois.plot: no visible global function definition for ‘segments’
    loglik.pois.plot: no visible global function definition for ‘points’
    loglik.pois.plot: no visible global function definition for ‘dev.hold’
    loglik.pois.plot: no visible global function definition for ‘arrows’
    loglik.pois.plot: no visible global function definition for ‘dev.flush’
    lsdCI: no visible global function definition for ‘anova’
    lsdCI: no visible global function definition for ‘lm’
    lsdCI: no visible global function definition for ‘pt’
    lsdCI: no visible global function definition for ‘qt’
    mcmc.norm.hier: no visible global function definition for ‘rnorm’
    modlevene.test: no visible binding for global variable ‘median’
    modlevene.test: no visible global function definition for ‘anova’
    modlevene.test: no visible global function definition for ‘lm’
    norm.hier.summary: no visible global function definition for ‘quantile’
    norm.hier.summary: no visible global function definition for ‘median’
    one.sample.t: no visible global function definition for ‘pt’
    one.sample.z: no visible global function definition for ‘pnorm’
    paik: no visible global function definition for ‘terms’
    paik: no visible global function definition for ‘xtabs’
    paik: no visible global function definition for ‘barplot’
    paik: no visible global function definition for ‘stack’
    paik: no visible global function definition for ‘grid’
    paik: no visible global function definition for ‘axis’
    paik: no visible global function definition for ‘gray’
    paik: no visible global function definition for ‘segments’
    paik: no visible global function definition for ‘points’
    paik: no visible global function definition for ‘legend’
    paik: no visible global function definition for ‘text’
    pairw.fried: no visible binding for global variable ‘median’
    pairw.fried: no visible global function definition for ‘qnorm’
    pairw.fried: no visible global function definition for ‘pnorm’
    pairw.kw: no visible binding for global variable ‘median’
    pairw.kw: no visible global function definition for ‘qnorm’
    pairw.kw: no visible global function definition for ‘pnorm’
    panel.cor.res: no visible global function definition for ‘par’
    panel.cor.res: no visible global function definition for ‘cor’
    panel.cor.res: no visible global function definition for ‘cor.test’
    panel.cor.res: no visible global function definition for ‘text’
    panel.lm: no visible global function definition for ‘par’
    panel.lm: no visible global function definition for ‘points’
    panel.lm: no visible global function definition for ‘lm’
    panel.lm: no visible global function definition for ‘abline’
    partial.R2: no visible global function definition for ‘anova’
    partial.R2: no visible global function definition for ‘tail’
    partial.resid.plot: no visible global function definition for ‘lm’
    partial.resid.plot: no visible global function definition for ‘abline’
    partial.resid.plot: no visible global function definition for ‘lines’
    partial.resid.plot: no visible global function definition for ‘lowess’
    perm.fact.test: no visible global function definition for ‘anova’
    perm.fact.test: no visible global function definition for ‘lm’
    plot.pairw: no visible global function definition for ‘barplot’
    plot.pairw: no visible global function definition for ‘abline’
    plot.pairw: no visible global function definition for ‘arrows’
    plot.pairw: no visible global function definition for ‘points’
    plotAncova: no visible global function definition for ‘par’
    plotAncova: no visible global function definition for ‘coef’
    plotAncova: no visible global function definition for ‘abline’
    plotAncova: no visible global function definition for ‘lm’
    plotAncova: no visible global function definition for ‘legend’
    plotCI.reg: no visible global function definition for ‘lm’
    plotCI.reg: no visible global function definition for ‘predict’
    plotCI.reg: no visible global function definition for ‘abline’
    plotCI.reg: no visible global function definition for ‘lines’
    plotCI.reg: no visible global function definition for ‘fitted’
    plotCI.reg: no visible global function definition for ‘segments’
    pm: no visible global function definition for ‘par’
    pm: no visible global function definition for ‘layout’
    pm: no visible global function definition for ‘text’
    pm: no visible global function definition for ‘segments’
    pm: no visible global function definition for ‘legend’
    pm: no visible global function definition for ‘anova’
    pm: no visible global function definition for ‘lm’
    pm: no visible global function definition for ‘tail’
    pm: no visible global function definition for ‘rect’
    pm: no visible global function definition for ‘pf’
    pm1: no visible global function definition for ‘par’
    pm1: no visible global function definition for ‘layout’
    pm1: no visible global function definition for ‘legend’
    pm1: no visible global function definition for ‘text’
    power.z.test: no visible global function definition for ‘qnorm’
    power.z.test: no visible global function definition for ‘pnorm’
    press: no visible global function definition for ‘model.matrix’
    press: no visible global function definition for ‘resid’
    prp : <anonymous>: no visible global function definition for ‘sd’
    qq.Plot : boot.envel: no visible global function definition for ‘var’
    qq.Plot : boot.envel : gen: no visible global function definition for
     ‘rnorm’
    qq.Plot : boot.envel: no visible global function definition for
     ‘qqnorm’
    qq.Plot: no visible global function definition for ‘lm’
    qq.Plot: no visible global function definition for ‘abline’
    qq.Plot: no visible global function definition for ‘coef’
    qq.Plot: no visible global function definition for ‘lines’
    qq.Plot: no visible global function definition for ‘points’
    qq.Plot: no visible global function definition for ‘legend’
    r.bw: no visible global function definition for ‘median’
    r.bw: no visible global function definition for ‘qnorm’
    r.bw: no visible global function definition for ‘mad’
    r.dist: no visible global function definition for ‘integrate’
    r.eff: no visible global function definition for ‘dev.hold’
    r.eff: no visible global function definition for ‘layout’
    r.eff: no visible global function definition for ‘par’
    r.eff: no visible global function definition for ‘dnorm’
    r.eff: no visible global function definition for ‘abline’
    r.eff: no visible global function definition for ‘mtext’
    r.eff: no visible global function definition for ‘rnorm’
    r.eff: no visible global function definition for ‘text’
    r.eff: no visible global function definition for ‘points’
    r.eff: no visible global function definition for ‘dev.flush’
    r.pb : prc: no visible global function definition for ‘median’
    r.pb: no visible global function definition for ‘pt’
    rinvchisq: no visible global function definition for ‘rchisq’
    samp.design: no visible global function definition for ‘par’
    samp.design : plotSamp: no visible global function definition for
     ‘symbols’
    samp.design : plotSamp: no visible global function definition for
     ‘segments’
    samp.design: no visible global function definition for ‘segments’
    samp.dist: no visible global function definition for ‘rainbow’
    samp.dist: no visible global function definition for ‘heat.colors’
    samp.dist: no visible global function definition for ‘gray’
    samp.dist: no visible binding for global variable ‘sd’
    samp.dist: no visible global function definition for ‘sd’
    samp.dist: no visible global function definition for ‘dev.hold’
    samp.dist: no visible global function definition for ‘hist’
    samp.dist: no visible global function definition for ‘points’
    samp.dist: no visible global function definition for ‘legend’
    samp.dist: no visible global function definition for ‘dev.flush’
    samp.dist.mech: no visible global function definition for ‘par’
    samp.dist.mech: no visible global function definition for ‘rnorm’
    samp.dist.mech : retry: no visible global function definition for
     ‘rnorm’
    samp.dist.mech : sub: no visible global function definition for
     ‘layout’
    samp.dist.mech : sub: no visible global function definition for ‘par’
    samp.dist.mech : sub: no visible global function definition for ‘mtext’
    samp.dist.mech: no visible global function definition for ‘dev.hold’
    samp.dist.mech: no visible global function definition for ‘mtext’
    samp.dist.mech: no visible global function definition for ‘hist’
    samp.dist.mech: no visible global function definition for ‘arrows’
    samp.dist.mech: no visible global function definition for ‘dev.flush’
    samp.dist.mech.tck : <local> : dialog.ci : f: no visible global
     function definition for ‘par’
    samp.dist.n: no visible binding for global variable ‘sd’
    samp.dist.n: no visible global function definition for ‘hist’
    samp.dist.n: no visible global function definition for ‘lines’
    samp.dist.n: no visible global function definition for ‘density’
    samp.dist.n: no visible global function definition for ‘legend’
    samp.dist.n: no visible global function definition for ‘heat.colors’
    samp.dist.n: no visible global function definition for ‘rainbow’
    samp.dist.n: no visible global function definition for ‘gray’
    samp.dist.n: no visible global function definition for ‘dev.hold’
    samp.dist.n: no visible global function definition for ‘dev.flush’
    samp.dist.snap: no visible global function definition for ‘par’
    scheffe.cont: no visible global function definition for
     ‘complete.cases’
    scheffe.cont: no visible global function definition for ‘anova’
    scheffe.cont: no visible global function definition for ‘lm’
    scheffe.cont: no visible global function definition for ‘qf’
    scheffe.cont: no visible global function definition for ‘pf’
    scheffeCI: no visible global function definition for ‘anova’
    scheffeCI: no visible global function definition for ‘lm’
    scheffeCI: no visible global function definition for ‘pf’
    scheffeCI: no visible global function definition for ‘qf’
    see.F.tck : norm.refresh: no visible global function definition for
     ‘df’
    see.F.tck : norm.refresh: no visible global function definition for
     ‘dev.hold’
    see.F.tck : norm.refresh: no visible global function definition for
     ‘mtext’
    see.F.tck : norm.refresh: no visible global function definition for
     ‘dev.flush’
    see.Fcdf.tck: no visible global function definition for ‘dev.new’
    see.Fcdf.tck: no visible global function definition for ‘par’
    see.Fcdf.tck: no visible global function definition for ‘layout’
    see.Fcdf.tck : norm.refresh: no visible global function definition for
     ‘df’
    see.Fcdf.tck : norm.refresh: no visible global function definition for
     ‘pf’
    see.Fcdf.tck : norm.refresh: no visible global function definition for
     ‘dev.hold’
    see.Fcdf.tck : norm.refresh: no visible global function definition for
     ‘mtext’
    see.Fcdf.tck : norm.refresh: no visible global function definition for
     ‘dev.flush’
    see.HW: no visible global function definition for ‘dev.hold’
    see.HW: no visible global function definition for ‘layout’
    see.HW: no visible global function definition for ‘par’
    see.HW: no visible global function definition for ‘legend’
    see.HW: no visible global function definition for ‘grid’
    see.HW: no visible global function definition for ‘points’
    see.HW: no visible global function definition for ‘abline’
    see.HW: no visible global function definition for ‘dev.flush’
    see.M : norm.refresh: no visible global function definition for
     ‘dev.hold’
    see.M : norm.refresh: no visible global function definition for ‘grid’
    see.M : norm.refresh: no visible global function definition for
     ‘legend’
    see.M : norm.refresh: no visible global function definition for
     ‘dev.flush’
    see.accPrec.tck: no visible global function definition for ‘dev.new’
    see.accPrec.tck: no visible global function definition for ‘par’
    see.accPrec.tck : norm.refresh: no visible global function definition
     for ‘dev.hold’
    see.accPrec.tck : norm.refresh: no visible global function definition
     for ‘rnorm’
    see.accPrec.tck : norm.refresh: no visible global function definition
     for ‘points’
    see.accPrec.tck : norm.refresh: no visible global function definition
     for ‘dev.flush’
    see.adddel: no visible global function definition for ‘dev.new’
    see.adddel: no visible global function definition for ‘par’
    see.adddel: no visible global function definition for ‘rect’
    see.adddel: no visible global function definition for ‘points’
    see.adddel: no visible global function definition for ‘lm’
    see.adddel: no visible global function definition for ‘coef’
    see.adddel: no visible global function definition for ‘abline’
    see.adddel: no visible global function definition for ‘legend’
    see.adddel: no visible global function definition for ‘cor’
    see.adddel: no visible global function definition for ‘box’
    see.adddel : add.points: no visible global function definition for
     ‘locator’
    see.adddel : delete.points: no visible global function definition for
     ‘identify’
    see.adddel : refresh: no visible global function definition for
     ‘dev.hold’
    see.adddel : refresh: no visible global function definition for ‘par’
    see.adddel : refresh: no visible global function definition for ‘rect’
    see.adddel : refresh: no visible global function definition for
     ‘points’
    see.adddel : refresh: no visible global function definition for ‘lm’
    see.adddel : refresh: no visible global function definition for ‘coef’
    see.adddel : refresh: no visible global function definition for
     ‘abline’
    see.adddel : refresh: no visible global function definition for
     ‘legend’
    see.adddel : refresh: no visible global function definition for ‘cor’
    see.adddel : refresh: no visible global function definition for ‘box’
    see.adddel : refresh: no visible global function definition for
     ‘dev.flush’
    see.ancova.tck : see.anc: no visible global function definition for
     ‘rnorm’
    see.ancova.tck : see.anc: no visible global function definition for
     ‘dev.hold’
    see.ancova.tck : see.anc: no visible global function definition for
     ‘layout’
    see.ancova.tck : see.anc: no visible global function definition for
     ‘par’
    see.ancova.tck : see.anc: no visible global function definition for
     ‘abline’
    see.ancova.tck : see.anc: no visible global function definition for
     ‘legend’
    see.ancova.tck : see.anc: no visible global function definition for
     ‘mtext’
    see.ancova.tck : see.anc: no visible global function definition for
     ‘axis’
    see.ancova.tck : see.anc: no visible global function definition for
     ‘runif’
    see.ancova.tck : see.anc: no visible global function definition for
     ‘dev.flush’
    see.anova.tck: no visible global function definition for ‘dnorm’
    see.anova.tck : norm.refresh: no visible global function definition for
     ‘dev.hold’
    see.anova.tck : norm.refresh: no visible global function definition for
     ‘rnorm’
    see.anova.tck : norm.refresh: no visible global function definition for
     ‘anova’
    see.anova.tck : norm.refresh: no visible global function definition for
     ‘lm’
    see.anova.tck : norm.refresh: no visible global function definition for
     ‘pf’
    see.anova.tck : norm.refresh: no visible global function definition for
     ‘rgb’
    see.anova.tck : norm.refresh: no visible global function definition for
     ‘curve’
    see.anova.tck : norm.refresh: no visible global function definition for
     ‘dnorm’
    see.anova.tck : norm.refresh: no visible global function definition for
     ‘mtext’
    see.anova.tck : norm.refresh: no visible global function definition for
     ‘polygon’
    see.anova.tck : norm.refresh: no visible global function definition for
     ‘legend’
    see.anova.tck : norm.refresh: no visible global function definition for
     ‘abline’
    see.anova.tck : norm.refresh: no visible global function definition for
     ‘text’
    see.anova.tck : norm.refresh: no visible global function definition for
     ‘dev.flush’
    see.beta.tck : norm.refresh: no visible global function definition for
     ‘dev.hold’
    see.beta.tck : norm.refresh: no visible global function definition for
     ‘dbeta’
    see.beta.tck : norm.refresh: no visible global function definition for
     ‘mtext’
    see.beta.tck : norm.refresh: no visible global function definition for
     ‘dev.flush’
    see.betacdf.tck: no visible global function definition for ‘dev.new’
    see.betacdf.tck: no visible global function definition for ‘par’
    see.betacdf.tck: no visible global function definition for ‘layout’
    see.betacdf.tck : norm.refresh: no visible global function definition
     for ‘dbeta’
    see.betacdf.tck : norm.refresh: no visible global function definition
     for ‘pbeta’
    see.betacdf.tck : norm.refresh: no visible global function definition
     for ‘dev.hold’
    see.betacdf.tck : norm.refresh: no visible global function definition
     for ‘mtext’
    see.betacdf.tck : norm.refresh: no visible global function definition
     for ‘dev.flush’
    see.bin.tck : prefunc: no visible global function definition for
     ‘dev.hold’
    see.bin.tck : prefunc: no visible global function definition for
     ‘points’
    see.bin.tck : prefunc: no visible global function definition for
     ‘curve’
    see.bin.tck : prefunc: no visible global function definition for
     ‘dnorm’
    see.bin.tck : prefunc: no visible global function definition for
     ‘mtext’
    see.bin.tck : prefunc: no visible global function definition for
     ‘dev.flush’
    see.bin.tck : norm.refresh: no visible global function definition for
     ‘dbinom’
    see.bincdf.tck: no visible global function definition for ‘dev.new’
    see.bincdf.tck: no visible global function definition for ‘par’
    see.bincdf.tck: no visible global function definition for ‘layout’
    see.bincdf.tck : prefunc: no visible global function definition for
     ‘dev.hold’
    see.bincdf.tck : prefunc: no visible global function definition for
     ‘points’
    see.bincdf.tck : prefunc: no visible global function definition for
     ‘curve’
    see.bincdf.tck : prefunc: no visible global function definition for
     ‘dnorm’
    see.bincdf.tck : prefunc: no visible global function definition for
     ‘segments’
    see.bincdf.tck : prefunc: no visible global function definition for
     ‘pnorm’
    see.bincdf.tck : prefunc: no visible global function definition for
     ‘mtext’
    see.bincdf.tck : prefunc: no visible global function definition for
     ‘dev.flush’
    see.bincdf.tck : norm.refresh: no visible global function definition
     for ‘dbinom’
    see.bincdf.tck : norm.refresh: no visible global function definition
     for ‘pbinom’
    see.chi.tck : norm.refresh: no visible global function definition for
     ‘dchisq’
    see.chi.tck : norm.refresh: no visible global function definition for
     ‘pchisq’
    see.chi.tck : norm.refresh: no visible global function definition for
     ‘dev.hold’
    see.chi.tck : norm.refresh: no visible global function definition for
     ‘mtext’
    see.chi.tck : norm.refresh: no visible global function definition for
     ‘dev.flush’
    see.chicdf.tck: no visible global function definition for ‘dev.new’
    see.chicdf.tck: no visible global function definition for ‘par’
    see.chicdf.tck: no visible global function definition for ‘layout’
    see.chicdf.tck : norm.refresh: no visible global function definition
     for ‘dchisq’
    see.chicdf.tck : norm.refresh: no visible global function definition
     for ‘pchisq’
    see.chicdf.tck : norm.refresh: no visible global function definition
     for ‘dev.hold’
    see.chicdf.tck : norm.refresh: no visible global function definition
     for ‘mtext’
    see.chicdf.tck : norm.refresh: no visible global function definition
     for ‘dev.flush’
    see.cor.range.tck : draw.cor.range: no visible global function
     definition for ‘dev.hold’
    see.cor.range.tck : draw.cor.range: no visible global function
     definition for ‘rgb’
    see.cor.range.tck : draw.cor.range: no visible global function
     definition for ‘rect’
    see.cor.range.tck : draw.cor.range: no visible global function
     definition for ‘points’
    see.cor.range.tck : draw.cor.range: no visible global function
     definition for ‘legend’
    see.cor.range.tck : draw.cor.range: no visible global function
     definition for ‘cor’
    see.cor.range.tck : draw.cor.range: no visible global function
     definition for ‘dev.flush’
    see.cor.range.tck: no visible global function definition for ‘runif’
    see.cor.range.tck: no visible global function definition for ‘rnorm’
    see.exp.tck : norm.refresh: no visible global function definition for
     ‘dev.hold’
    see.exp.tck : norm.refresh: no visible global function definition for
     ‘dexp’
    see.exp.tck : norm.refresh: no visible global function definition for
     ‘mtext’
    see.exp.tck : norm.refresh: no visible global function definition for
     ‘dev.flush’
    see.expcdf.tck: no visible global function definition for ‘dev.new’
    see.expcdf.tck: no visible global function definition for ‘par’
    see.expcdf.tck: no visible global function definition for ‘layout’
    see.expcdf.tck : norm.refresh: no visible global function definition
     for ‘dev.hold’
    see.expcdf.tck : norm.refresh: no visible global function definition
     for ‘dexp’
    see.expcdf.tck : norm.refresh: no visible global function definition
     for ‘pexp’
    see.expcdf.tck : norm.refresh: no visible global function definition
     for ‘mtext’
    see.expcdf.tck : norm.refresh: no visible global function definition
     for ‘dev.flush’
    see.exppower.tck : norm.refresh: no visible global function definition
     for ‘dev.hold’
    see.exppower.tck : norm.refresh: no visible global function definition
     for ‘dev.flush’
    see.gam.tck : norm.refresh: no visible global function definition for
     ‘dgamma’
    see.gam.tck : norm.refresh: no visible global function definition for
     ‘dev.hold’
    see.gam.tck : norm.refresh: no visible global function definition for
     ‘mtext’
    see.gam.tck : norm.refresh: no visible global function definition for
     ‘dev.flush’
    see.gamcdf.tck: no visible global function definition for ‘dev.new’
    see.gamcdf.tck: no visible global function definition for ‘par’
    see.gamcdf.tck: no visible global function definition for ‘layout’
    see.gamcdf.tck : norm.refresh: no visible global function definition
     for ‘dgamma’
    see.gamcdf.tck : norm.refresh: no visible global function definition
     for ‘pgamma’
    see.gamcdf.tck : norm.refresh: no visible global function definition
     for ‘dev.hold’
    see.gamcdf.tck : norm.refresh: no visible global function definition
     for ‘mtext’
    see.gamcdf.tck : norm.refresh: no visible global function definition
     for ‘dev.flush’
    see.geo.tck : norm.refresh: no visible global function definition for
     ‘dgeom’
    see.geo.tck : norm.refresh: no visible global function definition for
     ‘dev.hold’
    see.geo.tck : norm.refresh: no visible global function definition for
     ‘points’
    see.geo.tck : norm.refresh: no visible global function definition for
     ‘mtext’
    see.geo.tck : norm.refresh: no visible global function definition for
     ‘dev.flush’
    see.geocdf.tck: no visible global function definition for ‘dev.new’
    see.geocdf.tck: no visible global function definition for ‘par’
    see.geocdf.tck: no visible global function definition for ‘layout’
    see.geocdf.tck : norm.refresh: no visible global function definition
     for ‘dgeom’
    see.geocdf.tck : norm.refresh: no visible global function definition
     for ‘pgeom’
    see.geocdf.tck : norm.refresh: no visible global function definition
     for ‘dev.hold’
    see.geocdf.tck : norm.refresh: no visible global function definition
     for ‘points’
    see.geocdf.tck : norm.refresh: no visible global function definition
     for ‘segments’
    see.geocdf.tck : norm.refresh: no visible global function definition
     for ‘mtext’
    see.geocdf.tck : norm.refresh: no visible global function definition
     for ‘dev.flush’
    see.hyper.tck : norm.refresh: no visible global function definition for
     ‘dhyper’
    see.hyper.tck : norm.refresh: no visible global function definition for
     ‘dev.hold’
    see.hyper.tck : norm.refresh: no visible global function definition for
     ‘points’
    see.hyper.tck : norm.refresh: no visible global function definition for
     ‘mtext’
    see.hyper.tck : norm.refresh: no visible global function definition for
     ‘dev.flush’
    see.hypercdf.tck: no visible global function definition for ‘dev.new’
    see.hypercdf.tck: no visible global function definition for ‘par’
    see.hypercdf.tck: no visible global function definition for ‘layout’
    see.hypercdf.tck : norm.refresh: no visible global function definition
     for ‘dhyper’
    see.hypercdf.tck : norm.refresh: no visible global function definition
     for ‘phyper’
    see.hypercdf.tck : norm.refresh: no visible global function definition
     for ‘dev.hold’
    see.hypercdf.tck : norm.refresh: no visible global function definition
     for ‘points’
    see.hypercdf.tck : norm.refresh: no visible global function definition
     for ‘segments’
    see.hypercdf.tck : norm.refresh: no visible global function definition
     for ‘mtext’
    see.hypercdf.tck : norm.refresh: no visible global function definition
     for ‘dev.flush’
    see.lnorm.tck : norm.refresh: no visible global function definition for
     ‘dlnorm’
    see.lnorm.tck : norm.refresh: no visible global function definition for
     ‘dev.hold’
    see.lnorm.tck : norm.refresh: no visible global function definition for
     ‘mtext’
    see.lnorm.tck : norm.refresh: no visible global function definition for
     ‘dev.flush’
    see.lnormcdf.tck: no visible global function definition for ‘dev.new’
    see.lnormcdf.tck: no visible global function definition for ‘par’
    see.lnormcdf.tck: no visible global function definition for ‘layout’
    see.lnormcdf.tck : norm.refresh: no visible global function definition
     for ‘dlnorm’
    see.lnormcdf.tck : norm.refresh: no visible global function definition
     for ‘plnorm’
    see.lnormcdf.tck : norm.refresh: no visible global function definition
     for ‘dev.hold’
    see.lnormcdf.tck : norm.refresh: no visible global function definition
     for ‘mtext’
    see.lnormcdf.tck : norm.refresh: no visible global function definition
     for ‘dev.flush’
    see.logis.tck : norm.refresh: no visible global function definition for
     ‘dlogis’
    see.logis.tck : norm.refresh: no visible global function definition for
     ‘dev.hold’
    see.logis.tck : norm.refresh: no visible global function definition for
     ‘mtext’
    see.logis.tck : norm.refresh: no visible global function definition for
     ‘dev.flush’
    see.logiscdf.tck: no visible global function definition for ‘dev.new’
    see.logiscdf.tck: no visible global function definition for ‘par’
    see.logiscdf.tck: no visible global function definition for ‘layout’
    see.logiscdf.tck : norm.refresh: no visible global function definition
     for ‘dlogis’
    see.logiscdf.tck : norm.refresh: no visible global function definition
     for ‘plogis’
    see.logiscdf.tck : norm.refresh: no visible global function definition
     for ‘dev.hold’
    see.logiscdf.tck : norm.refresh: no visible global function definition
     for ‘mtext’
    see.logiscdf.tck : norm.refresh: no visible global function definition
     for ‘dev.flush’
    see.mixedII: no visible global function definition for
     ‘dev.capabilities’
    see.mixedII : setup.mixed: no visible global function definition for
     ‘dev.cur’
    see.mixedII : setup.mixed: no visible global function definition for
     ‘dev.off’
    see.mixedII : setup.mixed: no visible global function definition for
     ‘dev.new’
    see.mixedII : setup.mixed : make.table: no visible global function
     definition for ‘par’
    see.mixedII : setup.mixed : draw.cell: no visible global function
     definition for ‘rect’
    see.mixedII : setup.mixed: no visible global function definition for
     ‘text’
    see.mixedII : setup.mixed: no visible global function definition for
     ‘rect’
    see.mixedII : setup.mixed : fl: no visible global function definition
     for ‘locator’
    see.mixedII : setup.mixed : fl: no visible global function definition
     for ‘rect’
    see.mixedII : setup.mixed : fl: no visible global function definition
     for ‘rgb’
    see.mixedII : setup.mixed : fl1: no visible global function definition
     for ‘locator’
    see.mixedII : setup.mixed : fl1: no visible global function definition
     for ‘rect’
    see.mixedII : setup.mixed : fl1: no visible global function definition
     for ‘rgb’
    see.mixedII : sample.mixed : col.row: no visible global function
     definition for ‘rgb’
    see.mixedII : sample.mixed : col.row: no visible global function
     definition for ‘rect’
    see.mixedII : sample.mixed: no visible global function definition for
     ‘rect’
    see.mixedII : sample.mixed: no visible global function definition for
     ‘text’
    see.mixedII : sample.mixed : fl: no visible global function definition
     for ‘locator’
    see.mixedII : sample.mixed : fl: no visible global function definition
     for ‘dev.off’
    see.mixedII : sample.mixed : fl1: no visible global function definition
     for ‘locator’
    see.mixedII : sample.mixed : fl1: no visible global function definition
     for ‘dev.off’
    see.mnom.tck : norm.refresh: no visible global function definition for
     ‘dbinom’
    see.mnom.tck : norm.refresh: no visible global function definition for
     ‘dev.hold’
    see.mnom.tck : norm.refresh: no visible global function definition for
     ‘par’
    see.mnom.tck : norm.refresh: no visible global function definition for
     ‘mtext’
    see.mnom.tck : norm.refresh: no visible global function definition for
     ‘dev.flush’
    see.move : <local> : plotLine: no visible global function definition
     for ‘lm’
    see.move : <local> : plotLine: no visible global function definition
     for ‘predict’
    see.move : <local> : slope.func: no visible global function definition
     for ‘lm’
    see.move : <local> : yint.func: no visible global function definition
     for ‘lm’
    see.move : <local> : r.func: no visible global function definition for
     ‘cor’
    see.move : <local> : r2.func: no visible global function definition for
     ‘cor’
    see.nbin.tck : norm.refresh: no visible global function definition for
     ‘dnbinom’
    see.nbin.tck : norm.refresh: no visible global function definition for
     ‘points’
    see.nbin.tck : norm.refresh: no visible global function definition for
     ‘mtext’
    see.nbin.tck : norm.refresh: no visible global function definition for
     ‘dev.flush’
    see.nbincdf.tck: no visible global function definition for ‘dev.new’
    see.nbincdf.tck: no visible global function definition for ‘par’
    see.nbincdf.tck: no visible global function definition for ‘layout’
    see.nbincdf.tck : norm.refresh: no visible global function definition
     for ‘dnbinom’
    see.nbincdf.tck : norm.refresh: no visible global function definition
     for ‘pnbinom’
    see.nbincdf.tck : norm.refresh: no visible global function definition
     for ‘points’
    see.nbincdf.tck : norm.refresh: no visible global function definition
     for ‘segments’
    see.nbincdf.tck : norm.refresh: no visible global function definition
     for ‘mtext’
    see.nbincdf.tck : norm.refresh: no visible global function definition
     for ‘dev.flush’
    see.nlm: no visible global function definition for ‘dev.list’
    see.nlm: no visible global function definition for ‘graphics.off’
    see.nlm: no visible global function definition for ‘par’
    see.nlm: no visible global function definition for ‘text’
    see.nlm: no visible global function definition for ‘rect’
    see.nlm: no visible global function definition for ‘segments’
    see.nlm: no visible global function definition for ‘points’
    see.nlm : fp: no visible global function definition for ‘identify’
    see.nlm : fp: no visible global function definition for ‘points’
    see.nlm : fp: no visible global function definition for ‘dev.new’
    see.nlm : norm.refresh: no visible global function definition for ‘par’
    see.nlm : norm.refresh: no visible global function definition for
     ‘dev.hold’
    see.nlm : norm.refresh: no visible global function definition for
     ‘dev.flush’
    see.norm.tck: no visible global function definition for ‘dnorm’
    see.norm.tck : norm.refresh: no visible global function definition for
     ‘dev.hold’
    see.norm.tck : norm.refresh: no visible global function definition for
     ‘dnorm’
    see.norm.tck : norm.refresh: no visible global function definition for
     ‘lines’
    see.norm.tck : norm.refresh: no visible global function definition for
     ‘par’
    see.norm.tck : norm.refresh: no visible global function definition for
     ‘segments’
    see.norm.tck : norm.refresh: no visible global function definition for
     ‘mtext’
    see.norm.tck : norm.refresh: no visible global function definition for
     ‘legend’
    see.norm.tck : norm.refresh: no visible global function definition for
     ‘dev.flush’
    see.normcdf.tck: no visible global function definition for ‘dnorm’
    see.normcdf.tck: no visible global function definition for ‘dev.new’
    see.normcdf.tck: no visible global function definition for ‘par’
    see.normcdf.tck: no visible global function definition for ‘layout’
    see.normcdf.tck : norm.refresh: no visible global function definition
     for ‘dev.hold’
    see.normcdf.tck : norm.refresh: no visible global function definition
     for ‘dnorm’
    see.normcdf.tck : norm.refresh: no visible global function definition
     for ‘pnorm’
    see.normcdf.tck : norm.refresh: no visible global function definition
     for ‘lines’
    see.normcdf.tck : norm.refresh: no visible global function definition
     for ‘par’
    see.normcdf.tck : norm.refresh: no visible global function definition
     for ‘segments’
    see.normcdf.tck : norm.refresh: no visible global function definition
     for ‘legend’
    see.normcdf.tck : norm.refresh: no visible global function definition
     for ‘mtext’
    see.normcdf.tck : norm.refresh: no visible global function definition
     for ‘dev.flush’
    see.pois.tck : prefunc: no visible global function definition for
     ‘dev.hold’
    see.pois.tck : prefunc: no visible global function definition for
     ‘points’
    see.pois.tck : prefunc: no visible global function definition for
     ‘curve’
    see.pois.tck : prefunc: no visible global function definition for
     ‘dnorm’
    see.pois.tck : prefunc: no visible global function definition for
     ‘mtext’
    see.pois.tck : prefunc: no visible global function definition for
     ‘dev.flush’
    see.pois.tck : norm.refresh: no visible global function definition for
     ‘dpois’
    see.poiscdf.tck: no visible global function definition for ‘dev.new’
    see.poiscdf.tck: no visible global function definition for ‘par’
    see.poiscdf.tck: no visible global function definition for ‘layout’
    see.poiscdf.tck : prefunc: no visible global function definition for
     ‘dev.hold’
    see.poiscdf.tck : prefunc: no visible global function definition for
     ‘points’
    see.poiscdf.tck : prefunc: no visible global function definition for
     ‘curve’
    see.poiscdf.tck : prefunc: no visible global function definition for
     ‘dnorm’
    see.poiscdf.tck : prefunc: no visible global function definition for
     ‘segments’
    see.poiscdf.tck : prefunc: no visible global function definition for
     ‘pnorm’
    see.poiscdf.tck : prefunc: no visible global function definition for
     ‘mtext’
    see.poiscdf.tck : prefunc: no visible global function definition for
     ‘dev.flush’
    see.poiscdf.tck : norm.refresh: no visible global function definition
     for ‘dpois’
    see.poiscdf.tck : norm.refresh: no visible global function definition
     for ‘ppois’
    see.power: no visible global function definition for ‘layout’
    see.power: no visible global function definition for ‘par’
    see.power: no visible global function definition for ‘dev.hold’
    see.power: no visible global function definition for ‘qnorm’
    see.power: no visible global function definition for ‘text’
    see.power: no visible global function definition for ‘abline’
    see.power: no visible global function definition for ‘legend’
    see.power: no visible global function definition for ‘dnorm’
    see.power: no visible global function definition for ‘dev.flush’
    see.r.dist.tck : plot_r: no visible global function definition for
     ‘dev.hold’
    see.r.dist.tck : plot_r: no visible global function definition for
     ‘dev.flush’
    see.regression.tck: no visible global function definition for ‘dev.new’
    see.regression.tck : plot_it: no visible global function definition for
     ‘dev.hold’
    see.regression.tck : plot_it: no visible global function definition for
     ‘runif’
    see.regression.tck : plot_it: no visible global function definition for
     ‘layout’
    see.regression.tck : plot_it: no visible global function definition for
     ‘dnorm’
    see.regression.tck : plot_it: no visible global function definition for
     ‘rnorm’
    see.regression.tck : plot_it: no visible global function definition for
     ‘text’
    see.regression.tck : plot_it: no visible global function definition for
     ‘lm’
    see.regression.tck : plot_it: no visible global function definition for
     ‘par’
    see.regression.tck : plot_it: no visible global function definition for
     ‘coef’
    see.regression.tck : plot_it: no visible global function definition for
     ‘anova’
    see.regression.tck : plot_it: no visible global function definition for
     ‘mtext’
    see.regression.tck : plot_it: no visible global function definition for
     ‘dev.flush’
    see.roc.tck: no visible global function definition for ‘dev.new’
    see.roc.tck: no visible global function definition for ‘dnorm’
    see.roc.tck : norm.refresh: no visible global function definition for
     ‘dev.hold’
    see.roc.tck : norm.refresh: no visible global function definition for
     ‘layout’
    see.roc.tck : norm.refresh: no visible global function definition for
     ‘par’
    see.roc.tck : norm.refresh: no visible global function definition for
     ‘rgb’
    see.roc.tck : norm.refresh: no visible global function definition for
     ‘curve’
    see.roc.tck : norm.refresh: no visible global function definition for
     ‘dnorm’
    see.roc.tck : norm.refresh: no visible global function definition for
     ‘axis’
    see.roc.tck : norm.refresh: no visible global function definition for
     ‘mtext’
    see.roc.tck : norm.refresh: no visible global function definition for
     ‘legend’
    see.roc.tck : norm.refresh: no visible global function definition for
     ‘polygon’
    see.roc.tck : norm.refresh: no visible global function definition for
     ‘rect’
    see.roc.tck : norm.refresh: no visible global function definition for
     ‘rnorm’
    see.roc.tck : norm.refresh: no visible global function definition for
     ‘glm’
    see.roc.tck : norm.refresh: no visible global function definition for
     ‘abline’
    see.roc.tck : norm.refresh: no visible global function definition for
     ‘fitted’
    see.roc.tck : norm.refresh: no visible global function definition for
     ‘text’
    see.roc.tck : norm.refresh: no visible global function definition for
     ‘dev.flush’
    see.smooth.tck : <local> : plot_lines: no visible global function
     definition for ‘dev.hold’
    see.smooth.tck : <local> : plot_lines: no visible global function
     definition for ‘par’
    see.smooth.tck : <local> : plot_lines: no visible global function
     definition for ‘legend’
    see.smooth.tck : <local> : plot_lines: no visible global function
     definition for ‘lines’
    see.smooth.tck : <local> : plot_lines: no visible global function
     definition for ‘fitted’
    see.smooth.tck : <local> : plot_lines: no visible global function
     definition for ‘loess’
    see.smooth.tck : <local> : plot_lines: no visible global function
     definition for ‘ksmooth’
    see.smooth.tck : <local> : plot_lines: no visible global function
     definition for ‘smooth.spline’
    see.smooth.tck : <local> : plot_lines: no visible global function
     definition for ‘dev.flush’
    see.t.tck : prefunc: no visible global function definition for
     ‘dev.hold’
    see.t.tck : prefunc: no visible global function definition for ‘points’
    see.t.tck : prefunc: no visible global function definition for ‘mtext’
    see.t.tck : prefunc: no visible global function definition for
     ‘dev.flush’
    see.t.tck : norm.refresh: no visible global function definition for
     ‘dt’
    see.t.tck : norm.refresh: no visible global function definition for
     ‘dnorm’
    see.tcdf.tck: no visible global function definition for ‘dev.new’
    see.tcdf.tck: no visible global function definition for ‘par’
    see.tcdf.tck: no visible global function definition for ‘layout’
    see.tcdf.tck : prefunc: no visible global function definition for
     ‘dev.hold’
    see.tcdf.tck : prefunc: no visible global function definition for
     ‘points’
    see.tcdf.tck : prefunc: no visible global function definition for
     ‘mtext’
    see.tcdf.tck : prefunc: no visible global function definition for
     ‘dev.flush’
    see.tcdf.tck : norm.refresh: no visible global function definition for
     ‘dt’
    see.tcdf.tck : norm.refresh: no visible global function definition for
     ‘pt’
    see.tcdf.tck : norm.refresh: no visible global function definition for
     ‘dnorm’
    see.tcdf.tck : norm.refresh: no visible global function definition for
     ‘pnorm’
    see.ttest.tck: no visible global function definition for ‘dnorm’
    see.ttest.tck : norm.refresh: no visible global function definition for
     ‘dev.hold’
    see.ttest.tck : norm.refresh: no visible global function definition for
     ‘par’
    see.ttest.tck : norm.refresh: no visible global function definition for
     ‘rnorm’
    see.ttest.tck : norm.refresh: no visible global function definition for
     ‘t.test’
    see.ttest.tck : norm.refresh: no visible global function definition for
     ‘rgb’
    see.ttest.tck : norm.refresh: no visible global function definition for
     ‘curve’
    see.ttest.tck : norm.refresh: no visible global function definition for
     ‘dnorm’
    see.ttest.tck : norm.refresh: no visible global function definition for
     ‘mtext’
    see.ttest.tck : norm.refresh: no visible global function definition for
     ‘polygon’
    see.ttest.tck : norm.refresh: no visible global function definition for
     ‘text’
    see.ttest.tck : norm.refresh: no visible global function definition for
     ‘legend’
    see.ttest.tck : norm.refresh: no visible global function definition for
     ‘dev.flush’
    see.unif.tck : norm.refresh: no visible global function definition for
     ‘dunif’
    see.unif.tck : norm.refresh: no visible global function definition for
     ‘dev.hold’
    see.unif.tck : norm.refresh: no visible global function definition for
     ‘segments’
    see.unif.tck : norm.refresh: no visible global function definition for
     ‘mtext’
    see.unif.tck : norm.refresh: no visible global function definition for
     ‘dev.flush’
    see.unifcdf.tck: no visible global function definition for ‘dev.new’
    see.unifcdf.tck: no visible global function definition for ‘par’
    see.unifcdf.tck: no visible global function definition for ‘layout’
    see.unifcdf.tck : norm.refresh: no visible global function definition
     for ‘dunif’
    see.unifcdf.tck : norm.refresh: no visible global function definition
     for ‘punif’
    see.unifcdf.tck : norm.refresh: no visible global function definition
     for ‘dev.hold’
    see.unifcdf.tck : norm.refresh: no visible global function definition
     for ‘segments’
    see.unifcdf.tck : norm.refresh: no visible global function definition
     for ‘mtext’
    see.unifcdf.tck : norm.refresh: no visible global function definition
     for ‘dev.flush’
    see.weib.tck : norm.refresh: no visible global function definition for
     ‘dweibull’
    see.weib.tck : norm.refresh: no visible global function definition for
     ‘dev.hold’
    see.weib.tck : norm.refresh: no visible global function definition for
     ‘mtext’
    see.weib.tck : norm.refresh: no visible global function definition for
     ‘dev.flush’
    see.weibcdf.tck: no visible global function definition for ‘dev.new’
    see.weibcdf.tck: no visible global function definition for ‘par’
    see.weibcdf.tck: no visible global function definition for ‘layout’
    see.weibcdf.tck : norm.refresh: no visible global function definition
     for ‘dweibull’
    see.weibcdf.tck : norm.refresh: no visible global function definition
     for ‘pweibull’
    see.weibcdf.tck : norm.refresh: no visible global function definition
     for ‘dev.hold’
    see.weibcdf.tck : norm.refresh: no visible global function definition
     for ‘mtext’
    see.weibcdf.tck : norm.refresh: no visible global function definition
     for ‘dev.flush’
    shade.F: no visible global function definition for ‘qf’
    shade.F: no visible global function definition for ‘df’
    shade.F: no visible global function definition for ‘curve’
    shade.F: no visible global function definition for ‘polygon’
    shade.F: no visible global function definition for ‘pf’
    shade.F: no visible global function definition for ‘legend’
    shade.bin: no visible global function definition for ‘dbinom’
    shade.bin: no visible global function definition for ‘gray’
    shade.bin: no visible global function definition for ‘points’
    shade.bin: no visible global function definition for ‘segments’
    shade.bin: no visible global function definition for ‘legend’
    shade.bin: no visible global function definition for ‘pbinom’
    shade.chi: no visible global function definition for ‘qchisq’
    shade.chi: no visible global function definition for ‘dchisq’
    shade.chi: no visible global function definition for ‘curve’
    shade.chi: no visible global function definition for ‘polygon’
    shade.chi: no visible global function definition for ‘pchisq’
    shade.chi: no visible global function definition for ‘legend’
    shade.norm: no visible global function definition for ‘dnorm’
    shade.norm: no visible global function definition for ‘curve’
    shade.norm: no visible global function definition for ‘polygon’
    shade.norm: no visible global function definition for ‘pnorm’
    shade.norm: no visible global function definition for ‘legend’
    shade.poi: no visible global function definition for ‘dpois’
    shade.poi: no visible global function definition for ‘gray’
    shade.poi: no visible global function definition for ‘points’
    shade.poi: no visible global function definition for ‘segments’
    shade.poi: no visible global function definition for ‘legend’
    shade.poi: no visible global function definition for ‘ppois’
    shade.t: no visible global function definition for ‘qt’
    shade.t: no visible global function definition for ‘dt’
    shade.t: no visible global function definition for ‘curve’
    shade.t: no visible global function definition for ‘polygon’
    shade.t: no visible global function definition for ‘pt’
    shade.t: no visible global function definition for ‘legend’
    shade.wei: no visible global function definition for ‘qweibull’
    shade.wei: no visible global function definition for ‘dweibull’
    shade.wei: no visible global function definition for ‘curve’
    shade.wei: no visible global function definition for ‘polygon’
    shade.wei: no visible global function definition for ‘pweibull’
    shade.wei: no visible global function definition for ‘legend’
    skew: no visible global function definition for ‘sd’
    transM: no visible global function definition for ‘lines’
    transM: no visible global function definition for ‘legend’
    trim.ranef.test: no visible global function definition for ‘var’
    trim.ranef.test: no visible global function definition for ‘pf’
    trim.test: no visible global function definition for ‘var’
    trim.test: no visible global function definition for ‘pf’
    tukey.add.test: no visible global function definition for ‘anova’
    tukey.add.test: no visible global function definition for ‘lm’
    tukey.add.test: no visible global function definition for ‘pf’
    tukeyCI: no visible global function definition for ‘anova’
    tukeyCI: no visible global function definition for ‘lm’
    tukeyCI: no visible global function definition for ‘ptukey’
    tukeyCI: no visible global function definition for ‘qtukey’
    Undefined global functions or variables:
     AIC IQR abline anova arrows axis barplot box chisq.test coef
     complete.cases cor cor.test cov curve dbeta dbinom dchisq density
     dev.capabilities dev.cur dev.flush dev.hold dev.list dev.new dev.off
     dexp df dgamma dgeom dhyper dlnorm dlogis dnbinom dnorm dpois dt
     dunif dweibull fitted glm graphics.off gray grid heat.colors hist
     identify integrate ksmooth layout legend lines lm locator loess
     lowess mad median model.matrix mtext na.omit nls par pbeta pbinom
     pchisq persp pexp pf pgamma pgeom phyper plnorm plogis plot.new
     pnbinom pnorm points polygon ppois predict pt ptukey punif pweibull
     qbeta qbinom qchisq qf qnorm qqnorm qsignrank qt qtukey quantile
     qweibull rainbow rbinom rchisq rect resid rexp rgb rnorm rt runif sd
     segments smooth.spline stack symbols t.test tail terms text uniroot
     var xtabs
    Consider adding
     importFrom("grDevices", "dev.capabilities", "dev.cur", "dev.flush",
     "dev.hold", "dev.list", "dev.new", "dev.off",
     "graphics.off", "gray", "heat.colors", "rainbow", "rgb")
     importFrom("graphics", "abline", "arrows", "axis", "barplot", "box",
     "curve", "grid", "hist", "identify", "layout", "legend",
     "lines", "locator", "mtext", "par", "persp", "plot.new",
     "points", "polygon", "rect", "segments", "symbols", "text")
     importFrom("stats", "AIC", "IQR", "anova", "chisq.test", "coef",
     "complete.cases", "cor", "cor.test", "cov", "dbeta",
     "dbinom", "dchisq", "density", "dexp", "df", "dgamma",
     "dgeom", "dhyper", "dlnorm", "dlogis", "dnbinom", "dnorm",
     "dpois", "dt", "dunif", "dweibull", "fitted", "glm",
     "integrate", "ksmooth", "lm", "loess", "lowess", "mad",
     "median", "model.matrix", "na.omit", "nls", "pbeta",
     "pbinom", "pchisq", "pexp", "pf", "pgamma", "pgeom",
     "phyper", "plnorm", "plogis", "pnbinom", "pnorm", "ppois",
     "predict", "pt", "ptukey", "punif", "pweibull", "qbeta",
     "qbinom", "qchisq", "qf", "qnorm", "qqnorm", "qsignrank",
     "qt", "qtukey", "quantile", "qweibull", "rbinom", "rchisq",
     "resid", "rexp", "rnorm", "rt", "runif", "sd",
     "smooth.spline", "t.test", "terms", "uniroot", "var",
     "xtabs")
     importFrom("utils", "stack", "tail")
    to your NAMESPACE.
Flavors: r-devel-linux-x86_64-debian-clang, r-devel-linux-x86_64-debian-gcc, r-devel-linux-x86_64-fedora-clang, r-devel-linux-x86_64-fedora-gcc, r-devel-windows-ix86+x86_64