CRAN Package Check Results for Package ascii

Last updated on 2014-07-23 17:48:53.

Flavor Version Tinstall Tcheck Ttotal Status Flags
r-devel-linux-x86_64-debian-clang 2.1 1.88 31.84 33.72 NOTE
r-devel-linux-x86_64-debian-gcc 2.1 1.84 29.81 31.65 NOTE
r-devel-linux-x86_64-fedora-clang 2.1 67.14 NOTE
r-devel-linux-x86_64-fedora-gcc 2.1 63.36 NOTE
r-devel-osx-x86_64-clang 2.1 58.26 NOTE
r-devel-windows-ix86+x86_64 2.1 6.00 43.00 49.00 NOTE
r-patched-linux-x86_64 2.1 1.88 29.73 31.62 NOTE
r-patched-solaris-sparc 2.1 355.20 NOTE
r-patched-solaris-x86 2.1 73.80 NOTE
r-release-linux-ix86 2.1 2.38 38.76 41.14 NOTE
r-release-linux-x86_64 2.1 1.94 30.58 32.52 NOTE
r-release-osx-x86_64-mavericks 2.1 NOTE
r-release-windows-ix86+x86_64 2.1 5.00 41.00 46.00 NOTE
r-oldrel-windows-ix86+x86_64 2.1 4.00 40.00 44.00 NOTE

Check Details

Version: 2.1
Check: dependencies in R code
Result: NOTE
    Package in Depends field not imported from: ‘methods’
     These packages need to be imported from (in the NAMESPACE file)
     for when this namespace is loaded but not attached.
    ':::' call which should be '::': ‘utils:::RtangleSetup’
     See the note in ?`:::` about the use of this operator.
    Unexported objects imported by ':::' calls:
     ‘cacheSweave:::metaChunkName’ ‘cacheSweave:::metaSetCreationTime’
     ‘survival:::survmean’ ‘utils:::.SweaveValidFilenameRegexp’
     ‘utils:::RtangleFinish’ ‘utils:::RtangleRuncode’
     ‘utils:::SweaveParseOptions’
     See the note in ?`:::` about the use of this operator.
    See the information on DESCRIPTION files in the chapter ‘Creating R
    packages’ of the ‘Writing R Extensions’ manual.
Flavors: r-devel-linux-x86_64-debian-clang, r-devel-linux-x86_64-debian-gcc, r-devel-linux-x86_64-fedora-clang, r-devel-linux-x86_64-fedora-gcc, r-devel-osx-x86_64-clang, r-devel-windows-ix86+x86_64, r-patched-linux-x86_64, r-patched-solaris-sparc, r-patched-solaris-x86, r-release-linux-ix86, r-release-linux-x86_64, r-release-osx-x86_64-mavericks, r-release-windows-ix86+x86_64, r-oldrel-windows-ix86+x86_64

Version: 2.1
Check: Rd line widths
Result: NOTE
    Rd file 'RweaveAsciiSetup.Rd':
     \usage lines wider than 90 characters:
     RweaveAsciiSetup(file, syntax, output = NULL, quiet = FALSE, debug = FALSE, extension = "txt", backend = "asciidoc", openSchunk = "---- ... [TRUNCATED]
    
    Rd file 'RweaveAsciidoc.Rd':
     \usage lines wider than 90 characters:
     weaverAsciiSetup(file, syntax, output = NULL, quiet = FALSE, debug = FALSE, extension = "txt", backend = "asciidoc", openSchunk = "---- ... [TRUNCATED]
    
    Rd file 'RweaveOrg.Rd':
     \usage lines wider than 90 characters:
     RweaveOrgSetup(file, syntax, output = NULL, quiet = FALSE, debug = FALSE, extension = "org", backend = "org-mode", openSchunk = "#+BEGI ... [TRUNCATED]
     weaverOrgSetup(file, syntax, output = NULL, quiet = FALSE, debug = FALSE, extension = "org", backend = "org-mode", openSchunk = "#+BEGI ... [TRUNCATED]
    
    Rd file 'RweavePandoc.Rd':
     \usage lines wider than 90 characters:
     RweavePandocSetup(file, syntax, output = NULL, quiet = FALSE, debug = FALSE, extension = "md", backend = "pandoc", openSchunk = "~~~~~~ ... [TRUNCATED]
     weaverPandocSetup(file, syntax, output = NULL, quiet = FALSE, debug = FALSE, extension = "md", backend = "pandoc", openSchunk = "~~~~~~ ... [TRUNCATED]
    
    Rd file 'RweaveReST.Rd':
     \usage lines wider than 90 characters:
     RweaveReSTSetup(file, syntax, output = NULL, quiet = FALSE, debug = FALSE, extension = "rst", backend = "docutils, sphinx, ...", openSc ... [TRUNCATED]
     weaverReSTSetup(file, syntax, output = NULL, quiet = FALSE, debug = FALSE, extension = "rst", backend = "docutils, sphinx, ...", openSc ... [TRUNCATED]
    
    Rd file 'RweaveT2t.Rd':
     \usage lines wider than 90 characters:
     RweaveT2tSetup(file, syntax, output = NULL, quiet = FALSE, debug = FALSE, extension = "t2t", backend = "txt2tags", openSchunk = "```", ... [TRUNCATED]
     weaverT2tSetup(file, syntax, output = NULL, quiet = FALSE, debug = FALSE, extension = "t2t", backend = "txt2tags", openSchunk = "```", ... [TRUNCATED]
    
    Rd file 'RweaveTextile.Rd':
     \usage lines wider than 90 characters:
     RweaveTextileSetup(file, syntax, output = NULL, quiet = FALSE, debug = FALSE, extension = "txt", backend = "textile", openSchunk = "\nb ... [TRUNCATED]
     weaverTextileSetup(file, syntax, output = NULL, quiet = FALSE, debug = FALSE, extension = "txt", backend = "textile", openSchunk = "\nb ... [TRUNCATED]
    
    Rd file 'ascii.Rd':
     \usage lines wider than 90 characters:
     ascii(x, include.rownames = TRUE, include.colnames = TRUE, rownames = NULL, colnames = NULL, format = "f", digits = 2, decimal.mark = " ... [TRUNCATED]
     ascii(x, scale = 1, print.rmean = getOption("survfit.print.rmean"), rmean = getOption("survfit.rmean"), include.rownames = TRUE, includ ... [TRUNCATED]
    
    Rd file 'asciiOpts.Rd':
     \usage lines wider than 90 characters:
     asciiOpts(select = "all", .backends = NULL, .outputs = NULL, .extensions = NULL, .cli = NULL, .args = NULL, .O = NULL, .f = NULL, .e = ... [TRUNCATED]
    
    Rd file 'cbind.ascii.Rd':
     \usage lines wider than 90 characters:
     cbind.ascii(..., caption = NULL, caption.level = NULL, frame = NULL, grid = NULL, col.width = 1, width = 0)
    
    Rd file 'convert.Rd':
     \usage lines wider than 90 characters:
     convert(i, d = NULL, f = NULL, e = NULL, O = NULL, backend = getOption("asciiBackend"), cygwin = FALSE, open = FALSE)
    
    Rd file 'createreport.Rd':
     \usage lines wider than 90 characters:
     createreport(..., list = NULL, file = NULL, format = NULL, open = TRUE, backend = getOption("asciiBackend"), encoding = NULL, options = ... [TRUNCATED]
    
    Rd file 'header.asciidoc.Rd':
     \usage lines wider than 90 characters:
     header.asciidoc(caption = NULL, caption.level = NULL, frame = NULL, grid = NULL, col.width = 1, width = 0)
    
    Rd file 'print.character.matrix.Rd':
     \usage lines wider than 90 characters:
     print.character.matrix(x, vsep = "|", before_vsep = "", after_vsep = "", hsep = "-", csep = "+", before_cell_content = " ", after_cell_ ... [TRUNCATED]
    
    Rd file 'replace.Rd':
     \usage lines wider than 90 characters:
     replace(backend = getOption("asciiBackend"), cygwin = FALSE, i, f = NULL, d = NULL, e = NULL, O = NULL)
    
    Rd file 'show.asciidoc.table.Rd':
     \usage lines wider than 90 characters:
     show.asciidoc.table(x, include.rownames = FALSE, include.colnames = FALSE, rownames = NULL, colnames = NULL, format = "f", digits = 2, ... [TRUNCATED]
    
    Rd file 'show.org.table.Rd':
     \usage lines wider than 90 characters:
     show.org.table(x, include.rownames = FALSE, include.colnames = FALSE, rownames = NULL, colnames = NULL, format = "f", digits = 2, decim ... [TRUNCATED]
    
    Rd file 'show.pandoc.table.Rd':
     \usage lines wider than 90 characters:
     show.pandoc.table(x, include.rownames = FALSE, include.colnames = FALSE, rownames = NULL, colnames = NULL, format = "f", digits = 2, de ... [TRUNCATED]
    
    Rd file 'show.rest.table.Rd':
     \usage lines wider than 90 characters:
     show.rest.table(x, include.rownames = FALSE, include.colnames = FALSE, rownames = NULL, colnames = NULL, format = "f", digits = 2, deci ... [TRUNCATED]
    
    Rd file 'show.t2t.table.Rd':
     \usage lines wider than 90 characters:
     show.t2t.table(x, include.rownames = FALSE, include.colnames = FALSE, rownames = NULL, colnames = NULL, format = "f", digits = 2, decim ... [TRUNCATED]
    
    Rd file 'show.textile.table.Rd':
     \usage lines wider than 90 characters:
     show.textile.table(x, include.rownames = FALSE, include.colnames = FALSE, rownames = NULL, colnames = NULL, format = "f", digits = 2, d ... [TRUNCATED]
    
    Rd file 'tocharac.Rd':
     \usage lines wider than 90 characters:
     tocharac(x, include.rownames = FALSE, include.colnames = FALSE, rownames = NULL, colnames = NULL, format = "f", digits = 2, decimal.mar ... [TRUNCATED]
    
    These lines will be truncated in the PDF manual.
Flavors: r-devel-linux-x86_64-fedora-clang, r-devel-linux-x86_64-fedora-gcc

Version: 2.1
Check: package dependencies
Result: NOTE
    Package suggested but not available for checking: ‘weaver’
Flavor: r-release-osx-x86_64-mavericks

Version: 2.1
Check: R code for possible problems
Result: NOTE
    Error in exists(n, envir = w$globalenv, mode = "function") :
     object 'weaverEvalWithOpt' not found
    Calls: <Anonymous> ... h -> walkCode -> <Anonymous> -> <Anonymous> -> exists
    Execution halted
Flavor: r-release-osx-x86_64-mavericks