CRAN Package Check Results for Package asd

Last updated on 2015-08-29 20:47:51.

Flavor Version Tinstall Tcheck Ttotal Status Flags
r-devel-linux-x86_64-debian-clang 2.0 0.57 24.06 24.63 NOTE
r-devel-linux-x86_64-debian-gcc 2.0 0.79 23.96 24.76 NOTE
r-devel-linux-x86_64-fedora-clang 2.0 49.24 NOTE
r-devel-linux-x86_64-fedora-gcc 2.0 46.55 NOTE
r-devel-osx-x86_64-clang 2.0 42.80 OK
r-devel-windows-ix86+x86_64 2.0 4.00 64.00 68.00 NOTE
r-patched-linux-x86_64 2.0 0.62 24.37 25.00 OK
r-patched-solaris-sparc 2.0 279.30 OK
r-patched-solaris-x86 2.0 59.10 OK
r-release-linux-x86_64 2.0 0.62 24.92 25.55 OK
r-release-osx-x86_64-mavericks 2.0 OK
r-release-windows-ix86+x86_64 2.0 2.00 56.00 58.00 OK
r-oldrel-windows-ix86+x86_64 2.0 5.00 41.00 46.00 OK

Check Details

Version: 2.0
Check: R code for possible problems
Result: NOTE
    combn.test: no visible global function definition for ‘qnorm’
    combn.test: no visible global function definition for ‘pchisq’
    dunnett.test: no visible global function definition for ‘combn’
    dunnett.test : int_dunnett: no visible global function definition for
     ‘pnorm’
    dunnett.test : int_dunnett: no visible global function definition for
     ‘dnorm’
    dunnett.test: no visible global function definition for ‘integrate’
    dunnett.test: no visible global function definition for ‘qnorm’
    gsubpop.sim : simes.test: no visible global function definition for
     ‘pnorm’
    gsubpop.sim : simes.test: no visible global function definition for
     ‘qnorm’
    gsubpop.sim : bonferroni.test: no visible global function definition
     for ‘pnorm’
    gsubpop.sim : bonferroni.test: no visible global function definition
     for ‘qnorm’
    gsubpop.sim : binormal.test : int_binormal: no visible global function
     definition for ‘pnorm’
    gsubpop.sim : binormal.test : int_binormal: no visible global function
     definition for ‘dnorm’
    gsubpop.sim : binormal.test: no visible global function definition for
     ‘pnorm’
    gsubpop.sim : binormal.test: no visible global function definition for
     ‘integrate’
    gsubpop.sim : binormal.test: no visible global function definition for
     ‘qnorm’
    gsubpop.sim: no visible global function definition for ‘rnorm’
    gsubpop.sim: no visible global function definition for ‘pnorm’
    gsubpop.sim : int_funct: no visible global function definition for
     ‘pnorm’
    gsubpop.sim : int_funct: no visible global function definition for
     ‘dnorm’
    gsubpop.sim: no visible global function definition for ‘integrate’
    hyp.test: no visible global function definition for ‘qnorm’
    subpop.sim: no visible global function definition for ‘runif’
    subpop.sim: no visible global function definition for ‘rbinom’
    Undefined global functions or variables:
     combn dnorm integrate pchisq pnorm qnorm rbinom rnorm runif
    Consider adding
     importFrom("stats", "dnorm", "integrate", "pchisq", "pnorm", "qnorm",
     "rbinom", "rnorm", "runif")
     importFrom("utils", "combn")
    to your NAMESPACE.
Flavors: r-devel-linux-x86_64-debian-clang, r-devel-linux-x86_64-debian-gcc, r-devel-linux-x86_64-fedora-clang, r-devel-linux-x86_64-fedora-gcc, r-devel-windows-ix86+x86_64