CRAN Package Check Results for Package asd

Last updated on 2016-02-08 03:46:41.

Flavor Version Tinstall Tcheck Ttotal Status Flags
r-devel-linux-x86_64-debian-gcc 2.0 0.64 25.88 26.52 NOTE
r-devel-linux-x86_64-fedora-clang 2.0 51.14 NOTE
r-devel-linux-x86_64-fedora-gcc 2.0 48.06 NOTE
r-devel-osx-x86_64-clang 2.0 55.50 NOTE
r-devel-windows-ix86+x86_64 2.0 4.00 62.00 66.00 NOTE
r-patched-linux-x86_64 2.0 0.65 27.80 28.46 OK
r-patched-solaris-sparc 2.0 290.20 OK
r-patched-solaris-x86 2.0 79.30 OK
r-release-linux-x86_64 2.0 0.78 27.83 28.60 OK
r-release-osx-x86_64-mavericks 2.0 OK
r-release-windows-ix86+x86_64 2.0 3.00 60.00 63.00 OK
r-oldrel-windows-ix86+x86_64 2.0 5.00 53.00 58.00 OK

Check Details

Version: 2.0
Check: R code for possible problems
Result: NOTE
    combn.test: no visible global function definition for ‘qnorm’
    combn.test: no visible global function definition for ‘pchisq’
    dunnett.test: no visible global function definition for ‘combn’
    dunnett.test : int_dunnett: no visible global function definition for
     ‘pnorm’
    dunnett.test : int_dunnett: no visible global function definition for
     ‘dnorm’
    dunnett.test: no visible global function definition for ‘integrate’
    dunnett.test: no visible global function definition for ‘qnorm’
    gsubpop.sim : simes.test: no visible global function definition for
     ‘pnorm’
    gsubpop.sim : simes.test: no visible global function definition for
     ‘qnorm’
    gsubpop.sim : bonferroni.test: no visible global function definition
     for ‘pnorm’
    gsubpop.sim : bonferroni.test: no visible global function definition
     for ‘qnorm’
    gsubpop.sim : binormal.test : int_binormal: no visible global function
     definition for ‘pnorm’
    gsubpop.sim : binormal.test : int_binormal: no visible global function
     definition for ‘dnorm’
    gsubpop.sim : binormal.test: no visible global function definition for
     ‘pnorm’
    gsubpop.sim : binormal.test: no visible global function definition for
     ‘integrate’
    gsubpop.sim : binormal.test: no visible global function definition for
     ‘qnorm’
    gsubpop.sim: no visible global function definition for ‘rnorm’
    gsubpop.sim: no visible global function definition for ‘pnorm’
    gsubpop.sim : int_funct: no visible global function definition for
     ‘pnorm’
    gsubpop.sim : int_funct: no visible global function definition for
     ‘dnorm’
    gsubpop.sim: no visible global function definition for ‘integrate’
    hyp.test: no visible global function definition for ‘qnorm’
    subpop.sim: no visible global function definition for ‘runif’
    subpop.sim: no visible global function definition for ‘rbinom’
    Undefined global functions or variables:
     combn dnorm integrate pchisq pnorm qnorm rbinom rnorm runif
    Consider adding
     importFrom("stats", "dnorm", "integrate", "pchisq", "pnorm", "qnorm",
     "rbinom", "rnorm", "runif")
     importFrom("utils", "combn")
    to your NAMESPACE file.
Flavors: r-devel-linux-x86_64-debian-gcc, r-devel-linux-x86_64-fedora-clang, r-devel-linux-x86_64-fedora-gcc, r-devel-osx-x86_64-clang, r-devel-windows-ix86+x86_64