CRAN Package Check Results for Package asd

Last updated on 2016-05-04 23:46:47.

Flavor Version Tinstall Tcheck Ttotal Status Flags
r-devel-linux-x86_64-debian-gcc 2.0 0.70 27.31 28.01 NOTE
r-devel-linux-x86_64-fedora-clang 2.0 53.19 NOTE
r-devel-linux-x86_64-fedora-gcc 2.0 49.46 NOTE
r-devel-osx-x86_64-clang 2.0 57.11 NOTE
r-devel-windows-ix86+x86_64 2.0 4.00 71.00 75.00 NOTE
r-patched-linux-x86_64 2.0 0.65 26.67 27.32 NOTE
r-patched-solaris-sparc 2.0 305.60 NOTE
r-patched-solaris-x86 2.0 60.90 NOTE
r-release-linux-x86_64 2.0 0.60 27.47 28.07 NOTE
r-release-osx-x86_64-mavericks 2.0 OK
r-release-windows-ix86+x86_64 2.0 4.00 71.00 75.00 NOTE
r-oldrel-windows-ix86+x86_64 2.0 3.00 60.00 63.00 OK

Check Details

Version: 2.0
Check: R code for possible problems
Result: NOTE
    combn.test: no visible global function definition for ‘qnorm’
    combn.test: no visible global function definition for ‘pchisq’
    dunnett.test: no visible global function definition for ‘combn’
    dunnett.test : int_dunnett: no visible global function definition for
     ‘pnorm’
    dunnett.test : int_dunnett: no visible global function definition for
     ‘dnorm’
    dunnett.test: no visible global function definition for ‘integrate’
    dunnett.test: no visible global function definition for ‘qnorm’
    gsubpop.sim : simes.test: no visible global function definition for
     ‘pnorm’
    gsubpop.sim : simes.test: no visible global function definition for
     ‘qnorm’
    gsubpop.sim : bonferroni.test: no visible global function definition
     for ‘pnorm’
    gsubpop.sim : bonferroni.test: no visible global function definition
     for ‘qnorm’
    gsubpop.sim : binormal.test : int_binormal: no visible global function
     definition for ‘pnorm’
    gsubpop.sim : binormal.test : int_binormal: no visible global function
     definition for ‘dnorm’
    gsubpop.sim : binormal.test: no visible global function definition for
     ‘pnorm’
    gsubpop.sim : binormal.test: no visible global function definition for
     ‘integrate’
    gsubpop.sim : binormal.test: no visible global function definition for
     ‘qnorm’
    gsubpop.sim: no visible global function definition for ‘rnorm’
    gsubpop.sim: no visible global function definition for ‘pnorm’
    gsubpop.sim : int_funct: no visible global function definition for
     ‘pnorm’
    gsubpop.sim : int_funct: no visible global function definition for
     ‘dnorm’
    gsubpop.sim: no visible global function definition for ‘integrate’
    hyp.test: no visible global function definition for ‘qnorm’
    subpop.sim: no visible global function definition for ‘runif’
    subpop.sim: no visible global function definition for ‘rbinom’
    Undefined global functions or variables:
     combn dnorm integrate pchisq pnorm qnorm rbinom rnorm runif
    Consider adding
     importFrom("stats", "dnorm", "integrate", "pchisq", "pnorm", "qnorm",
     "rbinom", "rnorm", "runif")
     importFrom("utils", "combn")
    to your NAMESPACE file.
Flavors: r-devel-linux-x86_64-debian-gcc, r-devel-linux-x86_64-fedora-clang, r-devel-linux-x86_64-fedora-gcc, r-devel-osx-x86_64-clang, r-devel-windows-ix86+x86_64, r-patched-linux-x86_64, r-patched-solaris-sparc, r-patched-solaris-x86, r-release-linux-x86_64, r-release-windows-ix86+x86_64