CRAN Package Check Results for Package asd

Last updated on 2015-07-08 06:47:46.

Flavor Version Tinstall Tcheck Ttotal Status Flags
r-devel-linux-x86_64-debian-clang 2.0 0.59 21.40 22.00 NOTE
r-devel-linux-x86_64-debian-gcc 2.0 0.62 20.54 21.15 NOTE
r-devel-linux-x86_64-fedora-clang 2.0 42.54 NOTE
r-devel-linux-x86_64-fedora-gcc 2.0 39.85 NOTE
r-devel-osx-x86_64-clang 2.0 40.23 OK
r-devel-windows-ix86+x86_64 2.0 3.00 34.00 37.00 NOTE
r-patched-linux-x86_64 2.0 0.61 20.98 21.59 OK
r-patched-solaris-sparc 2.0 270.70 OK
r-patched-solaris-x86 2.0 51.70 OK
r-release-linux-x86_64 2.0 0.63 21.49 22.12 OK
r-release-osx-x86_64-mavericks 2.0 OK
r-release-windows-ix86+x86_64 2.0 2.00 31.00 33.00 OK
r-oldrel-windows-ix86+x86_64 2.0 4.00 40.00 44.00 OK

Check Details

Version: 2.0
Check: R code for possible problems
Result: NOTE
    combn.test: no visible global function definition for ‘qnorm’
    combn.test: no visible global function definition for ‘pchisq’
    dunnett.test: no visible global function definition for ‘combn’
    dunnett.test : int_dunnett: no visible global function definition for
     ‘pnorm’
    dunnett.test : int_dunnett: no visible global function definition for
     ‘dnorm’
    dunnett.test: no visible global function definition for ‘integrate’
    dunnett.test: no visible global function definition for ‘qnorm’
    gsubpop.sim : simes.test: no visible global function definition for
     ‘pnorm’
    gsubpop.sim : simes.test: no visible global function definition for
     ‘qnorm’
    gsubpop.sim : bonferroni.test: no visible global function definition
     for ‘pnorm’
    gsubpop.sim : bonferroni.test: no visible global function definition
     for ‘qnorm’
    gsubpop.sim : binormal.test : int_binormal: no visible global function
     definition for ‘pnorm’
    gsubpop.sim : binormal.test : int_binormal: no visible global function
     definition for ‘dnorm’
    gsubpop.sim : binormal.test: no visible global function definition for
     ‘pnorm’
    gsubpop.sim : binormal.test: no visible global function definition for
     ‘integrate’
    gsubpop.sim : binormal.test: no visible global function definition for
     ‘qnorm’
    gsubpop.sim: no visible global function definition for ‘rnorm’
    gsubpop.sim: no visible global function definition for ‘pnorm’
    gsubpop.sim : int_funct: no visible global function definition for
     ‘pnorm’
    gsubpop.sim : int_funct: no visible global function definition for
     ‘dnorm’
    gsubpop.sim: no visible global function definition for ‘integrate’
    hyp.test: no visible global function definition for ‘qnorm’
    subpop.sim: no visible global function definition for ‘runif’
    subpop.sim: no visible global function definition for ‘rbinom’
    Undefined global functions or variables:
     combn dnorm integrate pchisq pnorm qnorm rbinom rnorm runif
Flavors: r-devel-linux-x86_64-debian-clang, r-devel-linux-x86_64-debian-gcc, r-devel-linux-x86_64-fedora-clang, r-devel-linux-x86_64-fedora-gcc, r-devel-windows-ix86+x86_64