CRAN Package Check Results for Package asdreader

Last updated on 2022-12-08 04:06:24 CET.

Flavor Version Tinstall Tcheck Ttotal Status Flags
r-devel-linux-x86_64-debian-clang 0.1-3 2.36 22.59 24.95 NOTE
r-devel-linux-x86_64-debian-gcc 0.1-3 1.53 17.32 18.85 NOTE
r-devel-linux-x86_64-fedora-clang 0.1-3 41.04 NOTE
r-devel-linux-x86_64-fedora-gcc 0.1-3 39.56 NOTE
r-devel-windows-x86_64 0.1-3 26.00 44.00 70.00 NOTE
r-patched-linux-x86_64 0.1-3 1.67 21.40 23.07 NOTE
r-release-linux-x86_64 0.1-3 2.13 21.87 24.00 NOTE
r-release-macos-arm64 0.1-3 17.00 NOTE
r-release-macos-x86_64 0.1-3 21.00 NOTE
r-release-windows-x86_64 0.1-3 7.00 42.00 49.00 NOTE
r-oldrel-macos-arm64 0.1-3 17.00 NOTE
r-oldrel-macos-x86_64 0.1-3 24.00 NOTE
r-oldrel-windows-ix86+x86_64 0.1-3 5.00 32.00 37.00 NOTE

Check Details

Version: 0.1-3
Check: LazyData
Result: NOTE
     'LazyData' is specified without a 'data' directory
Flavors: r-devel-linux-x86_64-debian-clang, r-devel-linux-x86_64-debian-gcc, r-devel-linux-x86_64-fedora-clang, r-devel-linux-x86_64-fedora-gcc, r-devel-windows-x86_64, r-patched-linux-x86_64, r-release-linux-x86_64, r-release-macos-arm64, r-release-macos-x86_64, r-release-windows-x86_64, r-oldrel-macos-arm64, r-oldrel-macos-x86_64, r-oldrel-windows-ix86+x86_64