CRAN Package Check Results for Package ash

Last updated on 2019-07-21 04:46:09 CEST.

Flavor Version Tinstall Tcheck Ttotal Status Flags
r-devel-linux-x86_64-debian-clang 1.0-15 2.07 16.45 18.52 OK
r-devel-linux-x86_64-debian-gcc 1.0-15 1.74 13.50 15.24 OK
r-devel-linux-x86_64-fedora-clang 1.0-15 22.56 NOTE
r-devel-linux-x86_64-fedora-gcc 1.0-15 21.63 NOTE
r-devel-windows-ix86+x86_64 1.0-15 9.00 34.00 43.00 OK
r-patched-linux-x86_64 1.0-15 2.07 16.29 18.36 OK
r-patched-solaris-x86 1.0-15 38.50 OK
r-release-linux-x86_64 1.0-15 2.21 16.43 18.64 OK
r-release-windows-ix86+x86_64 1.0-15 8.00 42.00 50.00 OK
r-release-osx-x86_64 1.0-15 OK
r-oldrel-windows-ix86+x86_64 1.0-15 6.00 30.00 36.00 OK
r-oldrel-osx-x86_64 1.0-15 OK

Check Details

Version: 1.0-15
Check: compiled code
Result: NOTE
    File ‘ash/libs/ash.so’:
     Found no calls to: ‘R_registerRoutines’, ‘R_useDynamicSymbols’
    
    It is good practice to register native routines and to disable symbol
    search.
    
    See ‘Writing portable packages’ in the ‘Writing R Extensions’ manual.
Flavors: r-devel-linux-x86_64-fedora-clang, r-devel-linux-x86_64-fedora-gcc