CRAN Package Check Results for Package ash

Last updated on 2017-04-28 17:47:22.

Flavor Version Tinstall Tcheck Ttotal Status Flags
r-devel-linux-x86_64-debian-clang 1.0-15 1.25 10.41 11.66 NOTE
r-devel-linux-x86_64-debian-gcc 1.0-15 1.03 10.15 11.18 NOTE
r-devel-linux-x86_64-fedora-clang 1.0-15 18.12 NOTE --no-stop-on-test-error
r-devel-linux-x86_64-fedora-gcc 1.0-15 17.32 NOTE --no-stop-on-test-error
r-devel-windows-ix86+x86_64 1.0-15 10.00 27.00 37.00 OK
r-patched-linux-x86_64 1.0-15 1.10 10.09 11.18 NOTE
r-patched-solaris-sparc 1.0-15 109.30 OK
r-patched-solaris-x86 1.0-15 25.60 OK
r-release-linux-x86_64 1.0-15 1.08 10.61 11.69 NOTE
r-release-windows-ix86+x86_64 1.0-15 6.00 26.00 32.00 OK
r-release-osx-x86_64 1.0-15 OK
r-oldrel-windows-ix86+x86_64 1.0-15 5.00 25.00 30.00 OK
r-oldrel-osx-x86_64 1.0-15 OK

Check Details

Version: 1.0-15
Check: compiled code
Result: NOTE
    File ‘ash/libs/ash.so’:
     Found no calls to: ‘R_registerRoutines’, ‘R_useDynamicSymbols’
    
    It is good practice to register native routines and to disable symbol
    search.
    
    See ‘Writing portable packages’ in the ‘Writing R Extensions’ manual.
Flavors: r-devel-linux-x86_64-debian-clang, r-devel-linux-x86_64-debian-gcc, r-patched-linux-x86_64, r-release-linux-x86_64

Version: 1.0-15
Flags: --no-stop-on-test-error
Check: compiled code
Result: NOTE
    File ‘ash/libs/ash.so’:
     Found no calls to: ‘R_registerRoutines’, ‘R_useDynamicSymbols’
    
    It is good practice to register native routines and to disable symbol
    search.
    
    See ‘Writing portable packages’ in the ‘Writing R Extensions’ manual.
Flavors: r-devel-linux-x86_64-fedora-clang, r-devel-linux-x86_64-fedora-gcc