CRAN Package Check Results for Package ash

Last updated on 2017-08-18 04:46:32.

Flavor Version Tinstall Tcheck Ttotal Status Flags
r-devel-linux-x86_64-debian-clang 1.0-15 1.10 10.39 11.49 NOTE
r-devel-linux-x86_64-debian-gcc 1.0-15 1.02 9.99 11.01 NOTE
r-devel-linux-x86_64-fedora-clang 1.0-15 18.04 NOTE
r-devel-linux-x86_64-fedora-gcc 1.0-15 17.34 NOTE
r-devel-windows-ix86+x86_64 1.0-15 10.00 37.00 47.00 OK
r-patched-linux-x86_64 1.0-15 1.03 10.20 11.23 NOTE
r-patched-solaris-x86 1.0-15 27.60 OK
r-release-linux-x86_64 1.0-15 1.09 10.29 11.38 NOTE
r-release-windows-ix86+x86_64 1.0-15 6.00 26.00 32.00 OK
r-release-osx-x86_64 1.0-15 OK
r-oldrel-windows-ix86+x86_64 1.0-15 5.00 25.00 30.00 OK
r-oldrel-osx-x86_64 1.0-15 OK

Check Details

Version: 1.0-15
Check: compiled code
Result: NOTE
    File ‘ash/libs/ash.so’:
     Found no calls to: ‘R_registerRoutines’, ‘R_useDynamicSymbols’
    
    It is good practice to register native routines and to disable symbol
    search.
    
    See ‘Writing portable packages’ in the ‘Writing R Extensions’ manual.
Flavors: r-devel-linux-x86_64-debian-clang, r-devel-linux-x86_64-debian-gcc, r-devel-linux-x86_64-fedora-clang, r-devel-linux-x86_64-fedora-gcc, r-patched-linux-x86_64, r-release-linux-x86_64