CRAN Package Check Results for Package ash

Last updated on 2015-05-30 15:47:37.

Flavor Version Tinstall Tcheck Ttotal Status Flags
r-devel-linux-x86_64-debian-clang 1.0-14 0.96 8.69 9.65 NOTE
r-devel-linux-x86_64-debian-gcc 1.0-14 0.96 7.96 8.92 NOTE
r-devel-linux-x86_64-fedora-clang 1.0-14 18.27 NOTE
r-devel-linux-x86_64-fedora-gcc 1.0-14 16.63 NOTE
r-devel-osx-x86_64-clang 1.0-14 21.03 NOTE
r-devel-windows-ix86+x86_64 1.0-14 5.00 17.00 22.00 NOTE
r-patched-linux-x86_64 1.0-14 0.94 8.32 9.26 NOTE
r-patched-solaris-sparc 1.0-14 117.30 NOTE
r-patched-solaris-x86 1.0-14 26.10 NOTE
r-release-linux-x86_64 1.0-14 0.98 8.88 9.86 NOTE
r-release-osx-x86_64-mavericks 1.0-14 NOTE
r-release-osx-x86_64-snowleopard 1.0-14 NOTE
r-release-windows-ix86+x86_64 1.0-14 4.00 18.00 22.00 NOTE
r-oldrel-windows-ix86+x86_64 1.0-14 9.00 23.00 32.00 OK

Check Details

Version: 1.0-14
Check: DESCRIPTION meta-information
Result: NOTE
    Malformed Description field: should contain one or more complete sentences.
Flavors: r-devel-linux-x86_64-debian-clang, r-devel-linux-x86_64-debian-gcc, r-devel-linux-x86_64-fedora-clang, r-devel-linux-x86_64-fedora-gcc, r-devel-osx-x86_64-clang, r-devel-windows-ix86+x86_64, r-patched-linux-x86_64, r-patched-solaris-sparc, r-patched-solaris-x86, r-release-linux-x86_64, r-release-osx-x86_64-mavericks, r-release-osx-x86_64-snowleopard, r-release-windows-ix86+x86_64