CRAN Package Check Results for Package ash

Last updated on 2015-08-30 12:47:03.

Flavor Version Tinstall Tcheck Ttotal Status Flags
r-devel-linux-x86_64-debian-clang 1.0-14 0.96 7.65 8.60 NOTE
r-devel-linux-x86_64-debian-gcc 1.0-14 0.90 7.80 8.70 NOTE
r-devel-linux-x86_64-fedora-clang 1.0-14 16.00 NOTE
r-devel-linux-x86_64-fedora-gcc 1.0-14 15.36 NOTE
r-devel-osx-x86_64-clang 1.0-14 15.97 NOTE
r-devel-windows-ix86+x86_64 1.0-14 9.00 33.00 42.00 NOTE
r-patched-linux-x86_64 1.0-14 0.96 8.13 9.09 NOTE
r-patched-solaris-sparc 1.0-14 118.90 NOTE
r-patched-solaris-x86 1.0-14 29.00 NOTE
r-release-linux-x86_64 1.0-14 1.20 8.12 9.32 NOTE
r-release-osx-x86_64-mavericks 1.0-14 NOTE
r-release-windows-ix86+x86_64 1.0-14 5.00 23.00 28.00 NOTE
r-oldrel-windows-ix86+x86_64 1.0-14 9.00 23.00 32.00 OK

Check Details

Version: 1.0-14
Check: DESCRIPTION meta-information
Result: NOTE
    Malformed Description field: should contain one or more complete sentences.
Flavors: r-devel-linux-x86_64-debian-clang, r-devel-linux-x86_64-debian-gcc, r-devel-linux-x86_64-fedora-clang, r-devel-linux-x86_64-fedora-gcc, r-devel-osx-x86_64-clang, r-devel-windows-ix86+x86_64, r-patched-linux-x86_64, r-patched-solaris-sparc, r-patched-solaris-x86, r-release-linux-x86_64, r-release-osx-x86_64-mavericks, r-release-windows-ix86+x86_64