CRAN Package Check Results for Package ash

Last updated on 2015-03-30 23:47:39.

Flavor Version Tinstall Tcheck Ttotal Status Flags
r-devel-linux-x86_64-debian-clang 1.0-14 0.99 8.27 9.26 NOTE
r-devel-linux-x86_64-debian-gcc 1.0-14 0.94 8.05 8.98 NOTE
r-devel-linux-x86_64-fedora-clang 1.0-14 18.06 NOTE
r-devel-linux-x86_64-fedora-gcc 1.0-14 17.27 NOTE
r-devel-osx-x86_64-clang 1.0-14 24.12 NOTE
r-prerel-windows-ix86+x86_64 1.0-14 8.00 17.00 25.00 NOTE
r-prerel-linux-x86_64 1.0-14 0.94 8.16 9.11 NOTE
r-prerel-solaris-sparc 1.0-14 103.00 NOTE
r-prerel-solaris-x86 1.0-14 26.50 NOTE
r-release-linux-x86_64 1.0-14 0.98 8.91 9.89 OK
r-release-osx-x86_64-mavericks 1.0-14 OK
r-release-windows-ix86+x86_64 1.0-14 9.00 23.00 32.00 OK
r-oldrel-windows-ix86+x86_64 1.0-14 5.00 18.00 23.00 OK

Check Details

Version: 1.0-14
Check: DESCRIPTION meta-information
Result: NOTE
    Malformed Description field: should contain one or more complete sentences.
Flavors: r-devel-linux-x86_64-debian-clang, r-devel-linux-x86_64-debian-gcc, r-devel-linux-x86_64-fedora-clang, r-devel-linux-x86_64-fedora-gcc, r-devel-osx-x86_64-clang, r-prerel-windows-ix86+x86_64, r-prerel-linux-x86_64, r-prerel-solaris-sparc, r-prerel-solaris-x86