CRAN Package Check Results for Package ash

Last updated on 2017-10-16 23:47:17.

Flavor Version Tinstall Tcheck Ttotal Status Flags
r-devel-linux-x86_64-debian-clang 1.0-15 1.06 11.10 12.15 NOTE
r-devel-linux-x86_64-debian-gcc 1.0-15 1.22 11.83 13.05 NOTE
r-devel-linux-x86_64-fedora-clang 1.0-15 19.15 NOTE
r-devel-linux-x86_64-fedora-gcc 1.0-15 17.98 NOTE
r-devel-windows-ix86+x86_64 1.0-15 11.00 28.00 39.00 OK
r-patched-linux-x86_64 1.0-15 1.08 10.49 11.58 NOTE
r-patched-solaris-x86 1.0-15 26.30 OK
r-release-linux-x86_64 1.0-15 1.03 10.35 11.38 NOTE
r-release-windows-ix86+x86_64 1.0-15 6.00 26.00 32.00 OK
r-release-osx-x86_64 1.0-15 OK
r-oldrel-windows-ix86+x86_64 1.0-15 5.00 25.00 30.00 OK
r-oldrel-osx-x86_64 1.0-15 OK

Check Details

Version: 1.0-15
Check: compiled code
Result: NOTE
    File ‘ash/libs/ash.so’:
     Found no calls to: ‘R_registerRoutines’, ‘R_useDynamicSymbols’
    
    It is good practice to register native routines and to disable symbol
    search.
    
    See ‘Writing portable packages’ in the ‘Writing R Extensions’ manual.
Flavors: r-devel-linux-x86_64-debian-clang, r-devel-linux-x86_64-debian-gcc, r-devel-linux-x86_64-fedora-clang, r-devel-linux-x86_64-fedora-gcc, r-patched-linux-x86_64, r-release-linux-x86_64