CRAN Package Check Results for Package ash

Last updated on 2021-10-24 23:51:41 CEST.

Flavor Version Tinstall Tcheck Ttotal Status Flags
r-devel-linux-x86_64-debian-clang 1.0-15 2.64 18.88 21.52 OK
r-devel-linux-x86_64-debian-gcc 1.0-15 2.07 15.00 17.07 OK
r-devel-linux-x86_64-fedora-clang 1.0-15 37.89 NOTE
r-devel-linux-x86_64-fedora-gcc 1.0-15 27.31 NOTE
r-devel-windows-x86_64 1.0-15 5.00 33.00 38.00 OK
r-devel-windows-x86_64-gcc10-UCRT 1.0-15 OK
r-patched-linux-x86_64 1.0-15 2.55 18.32 20.87 OK
r-patched-solaris-x86 1.0-15 45.90 OK
r-release-linux-x86_64 1.0-15 2.42 18.14 20.56 OK
r-release-macos-arm64 1.0-15 OK
r-release-macos-x86_64 1.0-15 OK
r-release-windows-ix86+x86_64 1.0-15 9.00 38.00 47.00 OK
r-oldrel-macos-x86_64 1.0-15 OK
r-oldrel-windows-ix86+x86_64 1.0-15 7.00 35.00 42.00 OK

Check Details

Version: 1.0-15
Check: compiled code
Result: NOTE
    File ‘ash/libs/ash.so’:
     Found no calls to: ‘R_registerRoutines’, ‘R_useDynamicSymbols’
    
    It is good practice to register native routines and to disable symbol
    search.
    
    See ‘Writing portable packages’ in the ‘Writing R Extensions’ manual.
Flavors: r-devel-linux-x86_64-fedora-clang, r-devel-linux-x86_64-fedora-gcc