CRAN Package Check Results for Package ash

Last updated on 2019-11-14 21:46:56 CET.

Flavor Version Tinstall Tcheck Ttotal Status Flags
r-devel-linux-x86_64-debian-clang 1.0-15 2.54 16.27 18.81 OK
r-devel-linux-x86_64-debian-gcc 1.0-15 2.02 13.11 15.13 OK
r-devel-linux-x86_64-fedora-clang 1.0-15 24.10 NOTE
r-devel-linux-x86_64-fedora-gcc 1.0-15 23.38 NOTE
r-devel-windows-ix86+x86_64 1.0-15 9.00 33.00 42.00 OK
r-patched-linux-x86_64 1.0-15 2.15 15.90 18.05 OK
r-patched-solaris-x86 1.0-15 36.50 OK
r-release-linux-x86_64 1.0-15 2.15 15.84 17.99 OK
r-release-windows-ix86+x86_64 1.0-15 8.00 42.00 50.00 OK
r-release-osx-x86_64 1.0-15 OK
r-oldrel-windows-ix86+x86_64 1.0-15 6.00 30.00 36.00 OK
r-oldrel-osx-x86_64 1.0-15 OK

Check Details

Version: 1.0-15
Check: compiled code
Result: NOTE
    File ‘ash/libs/ash.so’:
     Found no calls to: ‘R_registerRoutines’, ‘R_useDynamicSymbols’
    
    It is good practice to register native routines and to disable symbol
    search.
    
    See ‘Writing portable packages’ in the ‘Writing R Extensions’ manual.
Flavors: r-devel-linux-x86_64-fedora-clang, r-devel-linux-x86_64-fedora-gcc