CRAN Package Check Results for Package ash

Last updated on 2017-03-01 17:52:02.

Flavor Version Tinstall Tcheck Ttotal Status Flags
r-devel-linux-x86_64-debian-clang 1.0-15 1.15 10.52 11.67 NOTE
r-devel-linux-x86_64-debian-gcc 1.0-15 1.05 10.13 11.18 NOTE
r-devel-linux-x86_64-fedora-clang 1.0-15 18.08 NOTE --no-stop-on-test-error
r-devel-linux-x86_64-fedora-gcc 1.0-15 16.99 NOTE --no-stop-on-test-error
r-devel-macos-x86_64-clang 1.0-15 17.31 NOTE --no-stop-on-test-error
r-devel-windows-ix86+x86_64 1.0-15 6.00 39.00 45.00 OK
r-patched-linux-x86_64 1.0-15 0.92 8.30 9.23 OK
r-patched-solaris-sparc 1.0-15 92.10 OK
r-patched-solaris-x86 1.0-15 22.40 OK
r-release-linux-x86_64 1.0-15 1.50 8.23 9.73 OK
r-release-osx-x86_64-mavericks 1.0-15 OK
r-release-windows-ix86+x86_64 1.0-15 5.00 25.00 30.00 OK
r-oldrel-windows-ix86+x86_64 1.0-15 6.00 23.00 29.00 OK

Check Details

Version: 1.0-15
Check: compiled code
Result: NOTE
    File ‘ash/libs/ash.so’:
     Found no calls to: ‘R_registerRoutines’, ‘R_useDynamicSymbols’
    
    It is good practice to register native routines and to disable symbol
    search.
    
    See ‘Writing portable packages’ in the ‘Writing R Extensions’ manual.
Flavors: r-devel-linux-x86_64-debian-clang, r-devel-linux-x86_64-debian-gcc

Version: 1.0-15
Flags: --no-stop-on-test-error
Check: compiled code
Result: NOTE
    File ‘ash/libs/ash.so’:
     Found no calls to: ‘R_registerRoutines’, ‘R_useDynamicSymbols’
    
    It is good practice to register native routines and to disable symbol
    search.
    
    See ‘Writing portable packages’ in the ‘Writing R Extensions’ manual.
Flavors: r-devel-linux-x86_64-fedora-clang, r-devel-linux-x86_64-fedora-gcc, r-devel-macos-x86_64-clang