CRAN Package Check Results for Package askpass

Last updated on 2023-02-02 15:54:22 CET.

Flavor Version Tinstall Tcheck Ttotal Status Flags
r-devel-linux-x86_64-debian-clang 1.1 2.23 22.20 24.43 NOTE
r-devel-linux-x86_64-debian-gcc 1.1 1.78 16.88 18.66 NOTE
r-devel-linux-x86_64-fedora-clang 1.1 31.45 NOTE
r-devel-linux-x86_64-fedora-gcc 1.1 29.90 NOTE
r-patched-linux-x86_64 1.1 2.52 22.25 24.77 NOTE
r-release-linux-x86_64 1.1 2.64 22.06 24.70 NOTE
r-release-macos-arm64 1.1 16.00 NOTE
r-release-macos-x86_64 1.1 22.00 NOTE
r-release-windows-x86_64 1.1 15.00 54.00 69.00 NOTE
r-oldrel-macos-arm64 1.1 20.00 NOTE
r-oldrel-macos-x86_64 1.1 27.00 NOTE
r-oldrel-windows-ix86+x86_64 1.1 11.00 54.00 65.00 NOTE

Check Details

Version: 1.1
Check: LazyData
Result: NOTE
     'LazyData' is specified without a 'data' directory
Flavors: r-devel-linux-x86_64-debian-clang, r-devel-linux-x86_64-debian-gcc, r-devel-linux-x86_64-fedora-clang, r-devel-linux-x86_64-fedora-gcc, r-patched-linux-x86_64, r-release-linux-x86_64, r-release-macos-arm64, r-release-macos-x86_64, r-release-windows-x86_64, r-oldrel-macos-arm64, r-oldrel-macos-x86_64, r-oldrel-windows-ix86+x86_64