CRAN Package Check Results for Package aspect

Last updated on 2014-04-24 21:47:36.

Flavor Version Tinstall Tcheck Ttotal Status Flags
r-devel-linux-x86_64-debian-clang 1.0-2 0.68 13.39 14.07 OK
r-devel-linux-x86_64-debian-gcc 1.0-2 0.66 14.37 15.03 OK
r-devel-linux-x86_64-fedora-clang 1.0-2 28.57 OK
r-devel-linux-x86_64-fedora-gcc 1.0-2 27.06 OK
r-devel-osx-x86_64-clang 1.0-2 26.64 OK
r-devel-osx-x86_64-gcc 1.0-2 OK
r-devel-windows-ix86+x86_64 1.0-2 2.00 21.00 23.00 OK
r-patched-linux-x86_64 1.0-2 0.63 13.64 14.27 OK
r-patched-solaris-sparc 1.0-2 160.50 OK --no-vignettes
r-patched-solaris-x86 1.0-2 38.40 OK
r-release-linux-ix86 1.0-2 1.00 28.00 29.00 OK
r-release-linux-x86_64 1.0-2 0.62 13.59 14.21 OK
r-release-osx-x86_64-mavericks 1.0-2 WARN
r-release-osx-x86_64-snowleopard 1.0-2 OK
r-release-windows-ix86+x86_64 1.0-2 2.00 22.00 24.00 OK
r-oldrel-windows-ix86+x86_64 1.0-2 2.00 23.00 25.00 OK

Check Details

Version: 1.0-2
Check: PDF version of manual
Result: WARNING
    LaTeX errors when creating PDF version.
    This typically indicates Rd problems.
    LaTeX errors found:
    ! LaTeX Error: File `upquote.sty' not found.
    
    Type X to quit or <RETURN> to proceed,
    or enter new name. (Default extension: sty)
    
    6d8dbb8/Rd2.tex:8: ==> Fatal error occurred, no output PDF file produced!
Flavor: r-release-osx-x86_64-mavericks