CRAN Package Check Results for Package aspect

Last updated on 2015-07-04 09:47:48.

Flavor Version Tinstall Tcheck Ttotal Status Flags
r-devel-linux-x86_64-debian-clang 1.0-3 1.20 13.42 14.62 NOTE
r-devel-linux-x86_64-debian-gcc 1.0-3 1.18 11.88 13.06 NOTE
r-devel-linux-x86_64-fedora-clang 1.0-3 25.08 NOTE
r-devel-linux-x86_64-fedora-gcc 1.0-3 23.55 NOTE
r-devel-osx-x86_64-clang 1.0-3 25.87 OK
r-devel-windows-ix86+x86_64 1.0-3 6.00 21.00 27.00 NOTE
r-patched-linux-x86_64 1.0-3 1.19 12.36 13.55 OK
r-patched-solaris-sparc 1.0-3 164.00 OK --no-vignettes
r-patched-solaris-x86 1.0-3 35.20 OK
r-release-linux-x86_64 1.0-3 1.16 12.50 13.66 OK
r-release-osx-x86_64-mavericks 1.0-3 OK
r-release-windows-ix86+x86_64 1.0-3 6.00 21.00 27.00 OK
r-oldrel-windows-ix86+x86_64 1.0-3 6.00 37.00 43.00 OK

Check Details

Version: 1.0-3
Check: R code for possible problems
Result: NOTE
    plot.aspect: no visible global function definition for ‘dev.new’
    Undefined global functions or variables:
     dev.new
Flavors: r-devel-linux-x86_64-debian-clang, r-devel-linux-x86_64-debian-gcc, r-devel-linux-x86_64-fedora-clang, r-devel-linux-x86_64-fedora-gcc, r-devel-windows-ix86+x86_64