CRAN Package Check Results for Package asremlPlus

Last updated on 2020-07-12 14:47:28 CEST.

Flavor Version Tinstall Tcheck Ttotal Status Flags
r-devel-linux-x86_64-debian-clang 4.2-18 16.07 179.89 195.96 NOTE
r-devel-linux-x86_64-debian-gcc 4.2-18 13.21 133.82 147.03 NOTE
r-devel-linux-x86_64-fedora-clang 4.2-21 260.65 NOTE
r-devel-linux-x86_64-fedora-gcc 4.2-21 228.72 NOTE
r-devel-windows-ix86+x86_64 4.2-21 44.00 221.00 265.00 NOTE
r-patched-linux-x86_64 4.2-18 15.81 174.53 190.34 NOTE
r-patched-solaris-x86 4.2-21 260.00 NOTE
r-release-linux-x86_64 4.2-18 16.41 176.25 192.66 NOTE
r-release-macos-x86_64 4.2-18 NOTE
r-release-windows-ix86+x86_64 4.2-18 43.00 254.00 297.00 NOTE
r-oldrel-macos-x86_64 4.2-18 NOTE
r-oldrel-windows-ix86+x86_64 4.2-21 7.00 6.00 13.00 ERROR

Check Details

Version: 4.2-18
Check: package dependencies
Result: NOTE
    Package which this enhances but not available for checking: 'asreml'
Flavors: r-devel-linux-x86_64-debian-clang, r-devel-linux-x86_64-debian-gcc, r-patched-linux-x86_64, r-release-linux-x86_64, r-release-macos-x86_64, r-release-windows-ix86+x86_64, r-oldrel-macos-x86_64

Version: 4.2-21
Check: package dependencies
Result: NOTE
    Package which this enhances but not available for checking: ‘asreml’
Flavors: r-devel-linux-x86_64-fedora-clang, r-devel-linux-x86_64-fedora-gcc, r-devel-windows-ix86+x86_64, r-patched-solaris-x86, r-oldrel-windows-ix86+x86_64

Version: 4.2-21
Check: whether package can be installed
Result: ERROR
    Installation failed.
Flavor: r-oldrel-windows-ix86+x86_64