CRAN Package Check Results for Package asremlPlus

Last updated on 2022-01-19 01:47:25 CET.

Flavor Version Tinstall Tcheck Ttotal Status Flags
r-devel-linux-x86_64-debian-clang 4.3-31 19.24 215.57 234.81 NOTE
r-devel-linux-x86_64-debian-gcc 4.3-31 17.10 167.39 184.49 NOTE
r-devel-linux-x86_64-fedora-clang 4.3-31 284.61 NOTE
r-devel-linux-x86_64-fedora-gcc 4.3-31 274.43 NOTE
r-devel-windows-x86_64-new-UL 4.3-31 254.00 259.00 513.00 NOTE
r-devel-windows-x86_64-new-TK 4.3-31 NOTE
r-patched-linux-x86_64 4.3-31 25.86 216.38 242.24 NOTE
r-release-linux-x86_64 4.3-31 NOTE
r-release-macos-arm64 4.3-31 NOTE
r-release-macos-x86_64 4.3-31 NOTE
r-release-windows-ix86+x86_64 4.3-31 37.00 251.00 288.00 NOTE
r-oldrel-macos-x86_64 4.3-31 NOTE
r-oldrel-windows-ix86+x86_64 4.3-31 36.00 256.00 292.00 NOTE

Check Details

Version: 4.3-31
Check: package dependencies
Result: NOTE
    Package which this enhances but not available for checking: 'asreml'
Flavors: r-devel-linux-x86_64-debian-clang, r-devel-linux-x86_64-debian-gcc, r-devel-linux-x86_64-fedora-clang, r-devel-linux-x86_64-fedora-gcc, r-devel-windows-x86_64-new-UL, r-patched-linux-x86_64, r-release-linux-x86_64, r-release-macos-arm64, r-release-macos-x86_64, r-release-windows-ix86+x86_64, r-oldrel-macos-x86_64, r-oldrel-windows-ix86+x86_64

Version: 4.3-31
Check: package dependencies
Result: NOTE
    Packages suggested but not available for checking: 'lmerTest', 'pbkrtest'
    
    Package which this enhances but not available for checking: 'asreml'
Flavor: r-devel-windows-x86_64-new-TK