CRAN Package Check Results for Package asremlPlus

Last updated on 2019-07-19 01:47:10 CEST.

Flavor Version Tinstall Tcheck Ttotal Status Flags
r-devel-linux-x86_64-debian-clang 4.1-26 11.89 145.12 157.01 NOTE
r-devel-linux-x86_64-debian-gcc 4.1-26 11.11 114.13 125.24 NOTE
r-devel-linux-x86_64-fedora-clang 4.1-26 187.50 NOTE
r-devel-linux-x86_64-fedora-gcc 4.1-26 184.02 NOTE
r-devel-windows-ix86+x86_64 4.1-26 34.00 162.00 196.00 NOTE
r-patched-linux-x86_64 4.1-26 13.68 144.09 157.77 NOTE
r-patched-solaris-x86 4.1-26 253.40 NOTE
r-release-linux-x86_64 4.1-26 13.54 145.25 158.79 NOTE
r-release-windows-ix86+x86_64 4.1-26 26.00 154.00 180.00 NOTE
r-release-osx-x86_64 4.1-26 NOTE
r-oldrel-windows-ix86+x86_64 4.1-26 19.00 204.00 223.00 NOTE
r-oldrel-osx-x86_64 4.1-26 NOTE

Check Details

Version: 4.1-26
Check: package dependencies
Result: NOTE
    Package which this enhances but not available for checking: 'asreml'
Flavors: r-devel-linux-x86_64-debian-clang, r-devel-linux-x86_64-debian-gcc, r-devel-linux-x86_64-fedora-clang, r-devel-linux-x86_64-fedora-gcc, r-devel-windows-ix86+x86_64, r-patched-linux-x86_64, r-patched-solaris-x86, r-release-linux-x86_64, r-release-windows-ix86+x86_64, r-release-osx-x86_64, r-oldrel-windows-ix86+x86_64, r-oldrel-osx-x86_64