CRAN Package Check Results for Package asremlPlus

Last updated on 2019-01-17 03:50:29 CET.

Flavor Version Tinstall Tcheck Ttotal Status Flags
r-devel-linux-x86_64-debian-clang 4.1-10 10.95 141.04 151.99 NOTE
r-devel-linux-x86_64-debian-gcc 4.1-10 8.91 106.96 115.87 NOTE
r-devel-linux-x86_64-fedora-clang 4.1-10 179.18 NOTE
r-devel-linux-x86_64-fedora-gcc 4.1-10 180.84 NOTE
r-devel-windows-ix86+x86_64 4.1-10 18.00 133.00 151.00 NOTE
r-patched-linux-x86_64 4.1-10 9.85 132.36 142.21 NOTE
r-patched-solaris-x86 4.1-10 234.20 NOTE
r-release-linux-x86_64 4.1-10 8.95 132.77 141.72 NOTE
r-release-windows-ix86+x86_64 4.1-10 22.00 206.00 228.00 NOTE
r-release-osx-x86_64 4.1-10 NOTE
r-oldrel-windows-ix86+x86_64 4.1-10 10.00 174.00 184.00 NOTE
r-oldrel-osx-x86_64 2.0-12 NOTE

Check Details

Version: 4.1-10
Check: package dependencies
Result: NOTE
    Package which this enhances but not available for checking: ‘asreml’
Flavors: r-devel-linux-x86_64-debian-clang, r-devel-linux-x86_64-debian-gcc, r-devel-linux-x86_64-fedora-clang, r-devel-linux-x86_64-fedora-gcc, r-devel-windows-ix86+x86_64, r-patched-linux-x86_64, r-patched-solaris-x86, r-release-linux-x86_64, r-release-windows-ix86+x86_64, r-release-osx-x86_64, r-oldrel-windows-ix86+x86_64

Version: 2.0-12
Check: package dependencies
Result: NOTE
    Package which this enhances but not available for checking: ‘asreml’
Flavor: r-oldrel-osx-x86_64