Last updated on 2021-03-03 12:46:58 CET.
Flavor | Version | Tinstall | Tcheck | Ttotal | Status | Flags |
---|---|---|---|---|---|---|
r-devel-linux-x86_64-debian-clang | 0.0-9 | OK | ||||
r-devel-linux-x86_64-debian-gcc | 0.0-9 | 2.06 | 22.87 | 24.93 | OK | |
r-devel-linux-x86_64-fedora-clang | 0.0-9 | 49.17 | NOTE | |||
r-devel-linux-x86_64-fedora-gcc | 0.0-9 | 37.99 | OK | |||
r-devel-windows-ix86+x86_64 | 0.0-9 | 6.00 | 46.00 | 52.00 | OK | |
r-patched-linux-x86_64 | 0.0-9 | 2.62 | 28.51 | 31.13 | OK | |
r-patched-solaris-x86 | 0.0-9 | 57.80 | OK | |||
r-release-linux-x86_64 | 0.0-9 | 2.33 | 28.49 | 30.82 | OK | |
r-release-macos-x86_64 | 0.0-9 | OK | ||||
r-release-windows-ix86+x86_64 | 0.0-9 | 5.00 | 35.00 | 40.00 | OK | |
r-oldrel-macos-x86_64 | 0.0-9 | OK | ||||
r-oldrel-windows-ix86+x86_64 | 0.0-9 | 18.00 | 43.00 | 61.00 | OK |
Version: 0.0-9
Check: Rd cross-references
Result: NOTE
Undeclared packages ‘assertive.properties’, ‘assertive.types’ in Rd xrefs
Flavor: r-devel-linux-x86_64-fedora-clang