CRAN Package Check Results for Package assertive.code

Last updated on 2023-02-08 04:51:52 CET.

Flavor Version Tinstall Tcheck Ttotal Status Flags
r-devel-linux-x86_64-debian-clang 0.0-3 2.66 28.81 31.47 NOTE
r-devel-linux-x86_64-debian-gcc 0.0-3 1.75 22.07 23.82 NOTE
r-devel-linux-x86_64-fedora-clang 0.0-3 38.64 NOTE
r-devel-linux-x86_64-fedora-gcc 0.0-3 37.72 NOTE
r-devel-windows-x86_64 0.0-3 18.00 58.00 76.00 NOTE
r-patched-linux-x86_64 0.0-3 2.01 27.91 29.92 NOTE
r-release-linux-x86_64 0.0-3 2.31 28.23 30.54 NOTE
r-release-macos-arm64 0.0-3 17.00 NOTE
r-release-macos-x86_64 0.0-3 23.00 NOTE
r-release-windows-x86_64 0.0-3 25.00 58.00 83.00 NOTE
r-oldrel-macos-arm64 0.0-3 22.00 NOTE
r-oldrel-macos-x86_64 0.0-3 25.00 NOTE
r-oldrel-windows-ix86+x86_64 0.0-3 6.00 54.00 60.00 NOTE

Check Details

Version: 0.0-3
Check: LazyData
Result: NOTE
     'LazyData' is specified without a 'data' directory
Flavors: r-devel-linux-x86_64-debian-clang, r-devel-linux-x86_64-debian-gcc, r-devel-linux-x86_64-fedora-clang, r-devel-linux-x86_64-fedora-gcc, r-devel-windows-x86_64, r-patched-linux-x86_64, r-release-linux-x86_64, r-release-macos-arm64, r-release-macos-x86_64, r-release-windows-x86_64, r-oldrel-macos-arm64, r-oldrel-macos-x86_64, r-oldrel-windows-ix86+x86_64