CRAN Package Check Results for Package assertive.code

Last updated on 2021-04-18 19:50:52 CEST.

Flavor Version Tinstall Tcheck Ttotal Status Flags
r-devel-linux-x86_64-debian-clang 0.0-3 2.22 27.70 29.92 NOTE
r-devel-linux-x86_64-debian-gcc 0.0-3 1.73 21.74 23.47 NOTE
r-devel-linux-x86_64-fedora-clang 0.0-3 46.51 NOTE
r-devel-linux-x86_64-fedora-gcc 0.0-3 35.57 NOTE
r-devel-windows-ix86+x86_64 0.0-3 6.00 33.00 39.00 NOTE
r-devel-windows-x86_64-gcc10-UCRT 0.0-3 NOTE
r-patched-linux-x86_64 0.0-3 2.35 27.08 29.43 OK
r-patched-solaris-x86 0.0-3 57.50 OK
r-release-linux-x86_64 0.0-3 2.22 27.11 29.33 OK
r-release-macos-x86_64 0.0-3 OK
r-release-windows-ix86+x86_64 0.0-3 6.00 36.00 42.00 OK
r-oldrel-macos-x86_64 0.0-3 OK
r-oldrel-windows-ix86+x86_64 0.0-3 3.00 43.00 46.00 OK

Check Details

Version: 0.0-3
Check: LazyData
Result: NOTE
     'LazyData' is specified without a 'data' directory
Flavors: r-devel-linux-x86_64-debian-clang, r-devel-linux-x86_64-debian-gcc, r-devel-linux-x86_64-fedora-clang, r-devel-linux-x86_64-fedora-gcc, r-devel-windows-ix86+x86_64, r-devel-windows-x86_64-gcc10-UCRT