CRAN Package Check Results for Package assertive.files

Last updated on 2021-04-11 02:46:37 CEST.

Flavor Version Tinstall Tcheck Ttotal Status Flags
r-devel-linux-x86_64-debian-clang 0.0-2 2.62 27.48 30.10 NOTE
r-devel-linux-x86_64-debian-gcc 0.0-2 1.71 21.38 23.09 NOTE
r-devel-linux-x86_64-fedora-clang 0.0-2 46.11 NOTE
r-devel-linux-x86_64-fedora-gcc 0.0-2 33.82 NOTE
r-devel-windows-ix86+x86_64 0.0-2 4.00 32.00 36.00 NOTE
r-devel-windows-x86_64-gcc10-UCRT 0.0-2 NOTE
r-patched-linux-x86_64 0.0-2 2.41 26.71 29.12 OK
r-patched-solaris-x86 0.0-2 55.60 OK
r-release-linux-x86_64 0.0-2 2.50 26.53 29.03 OK
r-release-macos-x86_64 0.0-2 OK
r-release-windows-ix86+x86_64 0.0-2 4.00 43.00 47.00 OK
r-oldrel-macos-x86_64 0.0-2 OK
r-oldrel-windows-ix86+x86_64 0.0-2 4.00 31.00 35.00 OK

Check Details

Version: 0.0-2
Check: LazyData
Result: NOTE
     'LazyData' is specified without a 'data' directory
Flavors: r-devel-linux-x86_64-debian-clang, r-devel-linux-x86_64-debian-gcc, r-devel-linux-x86_64-fedora-clang, r-devel-linux-x86_64-fedora-gcc, r-devel-windows-ix86+x86_64, r-devel-windows-x86_64-gcc10-UCRT