CRAN Package Check Results for Package assertive.files

Last updated on 2022-11-26 22:59:59 CET.

Flavor Version Tinstall Tcheck Ttotal Status Flags
r-devel-linux-x86_64-debian-clang 0.0-2 2.14 28.89 31.03 NOTE
r-devel-linux-x86_64-debian-gcc 0.0-2 1.84 22.70 24.54 NOTE
r-devel-linux-x86_64-fedora-clang 0.0-2 50.04 NOTE
r-devel-linux-x86_64-fedora-gcc 0.0-2 47.81 NOTE
r-devel-windows-x86_64 0.0-2 41.00 56.00 97.00 NOTE
r-patched-linux-x86_64 0.0-2 NOTE
r-release-linux-x86_64 0.0-2 2.33 28.53 30.86 NOTE
r-release-macos-arm64 0.0-2 18.00 NOTE
r-release-macos-x86_64 0.0-2 22.00 NOTE
r-release-windows-x86_64 0.0-2 30.00 59.00 89.00 NOTE
r-oldrel-macos-arm64 0.0-2 21.00 NOTE
r-oldrel-macos-x86_64 0.0-2 31.00 NOTE
r-oldrel-windows-ix86+x86_64 0.0-2 6.00 52.00 58.00 NOTE

Check Details

Version: 0.0-2
Check: LazyData
Result: NOTE
     'LazyData' is specified without a 'data' directory
Flavors: r-devel-linux-x86_64-debian-clang, r-devel-linux-x86_64-debian-gcc, r-devel-linux-x86_64-fedora-clang, r-devel-linux-x86_64-fedora-gcc, r-devel-windows-x86_64, r-patched-linux-x86_64, r-release-linux-x86_64, r-release-macos-arm64, r-release-macos-x86_64, r-release-windows-x86_64, r-oldrel-macos-arm64, r-oldrel-macos-x86_64, r-oldrel-windows-ix86+x86_64