CRAN Package Check Results for Package assertive

Last updated on 2015-05-27 11:49:15.

Flavor Version Tinstall Tcheck Ttotal Status Flags
r-devel-linux-x86_64-debian-clang 0.2-4 1.86 25.81 27.67 OK
r-devel-linux-x86_64-debian-gcc 0.2-4 1.94 25.84 27.78 OK
r-devel-linux-x86_64-fedora-clang 0.2-4 54.58 OK
r-devel-linux-x86_64-fedora-gcc 0.2-4 51.62 OK
r-devel-osx-x86_64-clang 0.2-4 55.73 OK
r-devel-windows-ix86+x86_64 0.2-4 10.00 49.00 59.00 OK
r-patched-linux-x86_64 0.2-4 1.70 25.64 27.34 OK
r-patched-solaris-sparc 0.2-4 324.60 OK
r-patched-solaris-x86 0.2-4 69.60 OK
r-release-linux-x86_64 0.2-4 1.86 25.71 27.58 OK
r-release-osx-x86_64-mavericks 0.2-4 OK
r-release-osx-x86_64-snowleopard 0.2-4 ERROR
r-release-windows-ix86+x86_64 0.2-4 10.00 48.00 58.00 OK
r-oldrel-windows-ix86+x86_64 0.2-4 8.00 50.00 58.00 OK

Check Details

Version: 0.2-4
Check: package dependencies
Result: ERROR
    Package required but not available: ‘knitr’
    
    VignetteBuilder package required for checking but not installed: ‘knitr’
    
    See section ‘The DESCRIPTION file’ in the ‘Writing R Extensions’
    manual.
Flavor: r-release-osx-x86_64-snowleopard