CRAN Package Check Results for Package assertive

Last updated on 2015-06-30 04:46:24.

Flavor Version Tinstall Tcheck Ttotal Status Flags
r-devel-linux-x86_64-debian-clang 0.2-6 1.73 35.40 37.12 NOTE
r-devel-linux-x86_64-debian-gcc 0.2-6 1.68 24.76 26.44 NOTE
r-devel-linux-x86_64-fedora-clang 0.2-6 53.71 OK
r-devel-linux-x86_64-fedora-gcc 0.2-6 48.85 OK
r-devel-osx-x86_64-clang 0.2-6 53.60 OK
r-devel-windows-ix86+x86_64 0.2-6 9.00 49.00 58.00 NOTE
r-patched-linux-x86_64 0.2-6 1.84 26.84 28.67 OK
r-patched-solaris-sparc 0.2-6 302.80 OK
r-patched-solaris-x86 0.2-6 67.10 OK
r-release-linux-x86_64 0.2-6 1.75 27.42 29.17 OK
r-release-osx-x86_64-mavericks 0.2-6 OK
r-release-windows-ix86+x86_64 0.2-6 12.00 57.00 69.00 OK
r-oldrel-windows-ix86+x86_64 0.2-6 14.00 53.00 67.00 OK

Check Details

Version: 0.2-6
Check: R code for possible problems
Result: NOTE
    assert_engine: no visible global function definition for ‘head’
    coerce_to: no visible global function definition for ‘as’
    has_arg: no visible global function definition for ‘formalArgs’
    is2: no visible global function definition for ‘is’
    is_binding_locked: no visible global function definition for ‘find’
    is_empty_model: no visible global function definition for ‘terms’
    is_non_empty_model: no visible global function definition for ‘terms’
    is_stepfun: no visible global function definition for ‘is.stepfun’
    print_and_capture: no visible global function definition for
     ‘capture.output’
Flavors: r-devel-linux-x86_64-debian-clang, r-devel-linux-x86_64-debian-gcc, r-devel-windows-ix86+x86_64