CRAN Package Check Results for Package assertive

Last updated on 2015-03-06 06:46:49.

Flavor Version Tinstall Tcheck Ttotal Status Flags
r-devel-linux-x86_64-debian-clang 0.2-1 1.53 22.19 23.72 OK
r-devel-linux-x86_64-debian-gcc 0.2-1 1.54 22.48 24.02 OK
r-devel-linux-x86_64-fedora-clang 0.2-1 45.59 OK
r-devel-linux-x86_64-fedora-gcc 0.2-1 43.19 OK
r-devel-osx-x86_64-clang 0.2-1 47.72 OK
r-devel-windows-ix86+x86_64 0.2-1 8.00 38.00 46.00 OK
r-patched-linux-x86_64 0.2-1 1.54 17.26 18.81 ERROR
r-patched-solaris-sparc 0.2-1 217.60 ERROR
r-patched-solaris-x86 0.2-1 45.00 ERROR
r-release-linux-ix86 0.2-1 1.99 31.84 33.83 OK
r-release-linux-x86_64 0.2-1 1.54 23.10 24.64 OK
r-release-osx-x86_64-mavericks 0.2-1 ERROR
r-release-osx-x86_64-snowleopard 0.2-1 ERROR
r-release-windows-ix86+x86_64 0.2-1 5.00 36.00 41.00 OK
r-oldrel-windows-ix86+x86_64 0.2-1 5.00 43.00 48.00 OK

Check Details

Version: 0.2-1
Check: examples
Result: ERROR
    Running examples in ‘assertive-Ex.R’ failed
    The error most likely occurred in:
    
    > ### Name: assert_is_architect
    > ### Title: Are you running R?
    > ### Aliases: assert_is_architect assert_is_r assert_is_r_devel
    > ### assert_is_r_patched assert_is_r_stable assert_is_revo_r
    > ### assert_is_rstudio assert_is_slave_r is_architect is_r is_r_devel
    > ### is_r_patched is_r_stable is_revo_r is_rstudio is_slave_r
    >
    > ### ** Examples
    >
    > is_r()
    [1] TRUE
    > is_r_stable()
    [1] FALSE
    attr(,"cause")
    [1] You are not running a stable build of R.
    > is_r_patched()
    [1] FALSE
    attr(,"cause")
    [1] You are not running a patched build of R.
    > is_r_devel()
    [1] FALSE
    attr(,"cause")
    [1] You are not running a development build of R.
    > is_architect()
    [1] FALSE
    attr(,"cause")
    [1] You are not running Architect/StatET.
    > is_revo_r()
    [1] FALSE
    attr(,"cause")
    [1] You are not running Revolution R.
    > is_rstudio()
    [1] FALSE
    attr(,"cause")
    [1] You are not running RStudio.
    > is_slave_r()
    [1] FALSE
    attr(,"cause")
    [1] You are not running a slave instance of R.
    > switch(
    + version$status,
    + "Patched" = assert_is_r_patched(),
    + "Under development (unstable)" = assert_is_r_devel(),
    + assert_is_r_stable()
    + )
    Error: You are not running a stable build of R.
    Execution halted
Flavors: r-patched-linux-x86_64, r-patched-solaris-sparc, r-patched-solaris-x86, r-release-osx-x86_64-mavericks, r-release-osx-x86_64-snowleopard