CRAN Package Check Results for Package assertive.matrices

Last updated on 2021-04-23 00:48:40 CEST.

Flavor Version Tinstall Tcheck Ttotal Status Flags
r-devel-linux-x86_64-debian-clang 0.0-2 1.95 24.35 26.30 NOTE
r-devel-linux-x86_64-debian-gcc 0.0-2 1.61 19.17 20.78 NOTE
r-devel-linux-x86_64-fedora-clang 0.0-2 42.74 NOTE
r-devel-linux-x86_64-fedora-gcc 0.0-2 32.10 NOTE
r-devel-windows-ix86+x86_64 0.0-2 5.00 48.00 53.00 NOTE
r-devel-windows-x86_64-gcc10-UCRT 0.0-2 NOTE
r-patched-linux-x86_64 0.0-2 2.08 23.44 25.52 OK
r-patched-solaris-x86 0.0-2 50.60 OK
r-release-linux-x86_64 0.0-2 2.03 23.89 25.92 OK
r-release-macos-x86_64 0.0-2 OK
r-release-windows-ix86+x86_64 0.0-2 5.00 34.00 39.00 OK
r-oldrel-macos-x86_64 0.0-2 OK
r-oldrel-windows-ix86+x86_64 0.0-2 3.00 44.00 47.00 OK

Check Details

Version: 0.0-2
Check: LazyData
Result: NOTE
     'LazyData' is specified without a 'data' directory
Flavors: r-devel-linux-x86_64-debian-clang, r-devel-linux-x86_64-debian-gcc, r-devel-linux-x86_64-fedora-clang, r-devel-linux-x86_64-fedora-gcc, r-devel-windows-ix86+x86_64, r-devel-windows-x86_64-gcc10-UCRT