CRAN Package Check Results for Package assertive.models

Last updated on 2024-03-02 13:50:14 CET.

Flavor Version Tinstall Tcheck Ttotal Status Flags
r-devel-linux-x86_64-debian-clang 0.0-2 2.19 24.54 26.73 NOTE
r-devel-linux-x86_64-debian-gcc 0.0-2 1.61 19.06 20.67 NOTE
r-devel-linux-x86_64-fedora-clang 0.0-2 32.35 NOTE
r-devel-linux-x86_64-fedora-gcc 0.0-2 30.82 NOTE
r-devel-windows-x86_64 0.0-2 2.00 41.00 43.00 NOTE
r-patched-linux-x86_64 0.0-2 1.73 23.86 25.59 NOTE
r-release-linux-x86_64 0.0-2 2.12 23.77 25.89 NOTE
r-release-macos-arm64 0.0-2 21.00 NOTE
r-release-macos-x86_64 0.0-2 21.00 NOTE
r-release-windows-x86_64 0.0-2 2.00 40.00 42.00 NOTE
r-oldrel-macos-arm64 0.0-2 18.00 NOTE
r-oldrel-windows-x86_64 0.0-2 3.00 46.00 49.00 NOTE

Check Details

Version: 0.0-2
Check: LazyData
Result: NOTE 'LazyData' is specified without a 'data' directory Flavors: r-devel-linux-x86_64-debian-clang, r-devel-linux-x86_64-debian-gcc, r-devel-linux-x86_64-fedora-clang, r-devel-linux-x86_64-fedora-gcc, r-devel-windows-x86_64, r-patched-linux-x86_64, r-release-linux-x86_64, r-release-macos-arm64, r-release-macos-x86_64, r-release-windows-x86_64, r-oldrel-macos-arm64, r-oldrel-windows-x86_64