CRAN Package Check Results for Package assertive.numbers

Last updated on 2021-04-12 20:47:32 CEST.

Flavor Version Tinstall Tcheck Ttotal Status Flags
r-devel-linux-x86_64-debian-clang 0.0-2 2.77 28.29 31.06 NOTE
r-devel-linux-x86_64-debian-gcc 0.0-2 2.17 21.79 23.96 NOTE
r-devel-linux-x86_64-fedora-clang 0.0-2 47.59 NOTE
r-devel-linux-x86_64-fedora-gcc 0.0-2 36.95 NOTE
r-devel-windows-ix86+x86_64 0.0-2 5.00 43.00 48.00 NOTE
r-devel-windows-x86_64-gcc10-UCRT 0.0-2 NOTE
r-patched-linux-x86_64 0.0-2 2.68 27.15 29.83 OK
r-patched-solaris-x86 0.0-2 56.60 OK
r-release-linux-x86_64 0.0-2 2.65 27.12 29.77 OK
r-release-macos-x86_64 0.0-2 OK
r-release-windows-ix86+x86_64 0.0-2 4.00 43.00 47.00 OK
r-oldrel-macos-x86_64 0.0-2 OK
r-oldrel-windows-ix86+x86_64 0.0-2 5.00 34.00 39.00 OK

Check Details

Version: 0.0-2
Check: LazyData
Result: NOTE
     'LazyData' is specified without a 'data' directory
Flavors: r-devel-linux-x86_64-debian-clang, r-devel-linux-x86_64-debian-gcc, r-devel-linux-x86_64-fedora-clang, r-devel-linux-x86_64-fedora-gcc, r-devel-windows-ix86+x86_64, r-devel-windows-x86_64-gcc10-UCRT