CRAN Package Check Results for Package assertive.numbers

Last updated on 2022-12-09 02:51:32 CET.

Flavor Version Tinstall Tcheck Ttotal Status Flags
r-devel-linux-x86_64-debian-clang 0.0-2 3.37 29.44 32.81 NOTE
r-devel-linux-x86_64-debian-gcc 0.0-2 2.16 25.06 27.22 NOTE
r-devel-linux-x86_64-fedora-clang 0.0-2 51.30 NOTE
r-devel-linux-x86_64-fedora-gcc 0.0-2 49.67 NOTE
r-devel-windows-x86_64 0.0-2 77.00 63.00 140.00 NOTE
r-patched-linux-x86_64 0.0-2 3.01 28.28 31.29 NOTE
r-release-linux-x86_64 0.0-2 1.85 28.73 30.58 NOTE
r-release-macos-arm64 0.0-2 17.00 NOTE
r-release-macos-x86_64 0.0-2 23.00 NOTE
r-release-windows-x86_64 0.0-2 74.00 55.00 129.00 NOTE
r-oldrel-macos-arm64 0.0-2 22.00 NOTE
r-oldrel-macos-x86_64 0.0-2 30.00 NOTE
r-oldrel-windows-ix86+x86_64 0.0-2 5.00 53.00 58.00 NOTE

Check Details

Version: 0.0-2
Check: LazyData
Result: NOTE
     'LazyData' is specified without a 'data' directory
Flavors: r-devel-linux-x86_64-debian-clang, r-devel-linux-x86_64-debian-gcc, r-devel-linux-x86_64-fedora-clang, r-devel-linux-x86_64-fedora-gcc, r-devel-windows-x86_64, r-patched-linux-x86_64, r-release-linux-x86_64, r-release-macos-arm64, r-release-macos-x86_64, r-release-windows-x86_64, r-oldrel-macos-arm64, r-oldrel-macos-x86_64, r-oldrel-windows-ix86+x86_64