CRAN Package Check Results for Package assertive.properties

Last updated on 2021-04-11 22:47:03 CEST.

Flavor Version Tinstall Tcheck Ttotal Status Flags
r-devel-linux-x86_64-debian-clang 0.0-4 2.51 31.33 33.84 NOTE
r-devel-linux-x86_64-debian-gcc 0.0-4 2.14 24.11 26.25 NOTE
r-devel-linux-x86_64-fedora-clang 0.0-4 50.52 NOTE
r-devel-linux-x86_64-fedora-gcc 0.0-4 35.53 NOTE
r-devel-windows-ix86+x86_64 0.0-4 5.00 47.00 52.00 NOTE
r-devel-windows-x86_64-gcc10-UCRT 0.0-4 NOTE
r-patched-linux-x86_64 0.0-4 2.88 29.74 32.62 OK
r-patched-solaris-x86 0.0-4 61.60 OK
r-release-linux-x86_64 0.0-4 2.26 29.80 32.06 OK
r-release-macos-x86_64 0.0-4 OK
r-release-windows-ix86+x86_64 0.0-4 4.00 47.00 51.00 OK
r-oldrel-macos-x86_64 0.0-4 OK
r-oldrel-windows-ix86+x86_64 0.0-4 4.00 39.00 43.00 OK

Check Details

Version: 0.0-4
Check: LazyData
Result: NOTE
     'LazyData' is specified without a 'data' directory
Flavors: r-devel-linux-x86_64-debian-clang, r-devel-linux-x86_64-debian-gcc, r-devel-linux-x86_64-fedora-clang, r-devel-linux-x86_64-fedora-gcc, r-devel-windows-ix86+x86_64, r-devel-windows-x86_64-gcc10-UCRT