CRAN Package Check Results for Package assertive.reflection

Last updated on 2021-04-19 03:49:06 CEST.

Flavor Version Tinstall Tcheck Ttotal Status Flags
r-devel-linux-x86_64-debian-clang 0.0-5 3.30 29.48 32.78 NOTE
r-devel-linux-x86_64-debian-gcc 0.0-5 2.38 23.08 25.46 NOTE
r-devel-linux-x86_64-fedora-clang 0.0-5 49.14 NOTE
r-devel-linux-x86_64-fedora-gcc 0.0-5 38.68 NOTE
r-devel-windows-ix86+x86_64 0.0-5 7.00 38.00 45.00 NOTE
r-devel-windows-x86_64-gcc10-UCRT 0.0-5 NOTE
r-patched-linux-x86_64 0.0-5 2.89 28.10 30.99 OK
r-patched-solaris-x86 0.0-5 59.30 OK
r-release-linux-x86_64 0.0-5 3.25 28.34 31.59 OK
r-release-macos-x86_64 0.0-5 OK
r-release-windows-ix86+x86_64 0.0-5 7.00 40.00 47.00 OK
r-oldrel-macos-x86_64 0.0-5 OK
r-oldrel-windows-ix86+x86_64 0.0-5 4.00 47.00 51.00 OK

Check Details

Version: 0.0-5
Check: LazyData
Result: NOTE
     'LazyData' is specified without a 'data' directory
Flavors: r-devel-linux-x86_64-debian-clang, r-devel-linux-x86_64-debian-gcc, r-devel-linux-x86_64-fedora-clang, r-devel-linux-x86_64-fedora-gcc, r-devel-windows-ix86+x86_64, r-devel-windows-x86_64-gcc10-UCRT

Version: 0.0-5
Check: Rd cross-references
Result: NOTE
    Undeclared package ‘rstudioapi’ in Rd xrefs
Flavor: r-devel-linux-x86_64-fedora-clang